{"id":18333,"date":"2025-07-16T10:47:57","date_gmt":"2025-07-16T08:47:57","guid":{"rendered":"https:\/\/uj.adatbank.ro\/lexikon\/termek\/poenaru-emil-mesaros\/"},"modified":"2025-07-16T10:47:57","modified_gmt":"2025-07-16T08:47:57","slug":"poenaru-emil-mesaros","status":"publish","type":"product","link":"https:\/\/uj.adatbank.ro\/lexikon\/termek\/poenaru-emil-mesaros\/","title":{"rendered":"POENARU, Emil, Mesaro\u015f"},"content":{"rendered":"<p>Harangl\u00e1b, 1902. okt. 10., \u2020 Brass\u00f3, 1993. m\u00e1j. 6.: tan\u00e1r, g. kat. pap. \u2013 Dics\u0151szentm\u00e1rtonban, Bal\u00e1zsfalv\u00e1n tanult (1925), majd a kv.-i egyetem f\u00f6ldrajz-term\u00e9szetrajz szak\u00e1n v\u00e9gzett (1929). Gyakornokk\u00e9nt m\u00e1r egyetemista kor\u00e1ban Al. Borza tud\u00f3s prof. mellett tev\u00e9kenykedett a kv.-i Botanikus Kertben. Bal\u00e1zsfalv\u00e1n tan\u00edtott f\u00f6ldrajzot a Sf. Vasile Liceumban valamint a tan\u00edt\u00f3k\u00e9pz\u0151ben. Teol\u00f3gi\u00e1t v\u00e9gzett, g. kat. papp\u00e1 szentelt\u00e9k (1935). P\u00e1r \u00e9vig a bal\u00e1zsfalvi inasiskola igazgat\u00f3ja volt. Brass\u00f3ba telepedett (1948\u2013). Cikkeit a bal\u00e1zsfalvi lapok Unirea, Unirea poporului k\u00f6z\u00f6lt\u00e9k. A Kisk\u00fck\u00fcll\u0151 megye monogr\u00e1fi\u00e1j\u00e1ban a fizikai f\u00f6ldraz fejezetet \u00edrta. \u2013 <strong>F. m.:<\/strong> <strong>t\u00e1rssz.:<\/strong> Jude\u0163ul T\u00e2rnava-Mic\u0103: schi\u0163\u0103 monografic\u0103 (1943). <br \/><strong>Irod.:<\/strong> Com\u015fa\u2013Seiceanu; \u015eerban 2006; Todea 2013<\/br><\/p>\n","protected":false},"excerpt":{"rendered":"<p>Harangl\u00e1b, 1902. okt. 10., \u2020 Brass\u00f3, 1993. m\u00e1j. 6.: tan\u00e1r, g. kat. pap. \u2013 Dics\u0151szentm\u00e1rtonban, Bal\u00e1zsfalv\u00e1n tanult (1925), majd a kv.-i egyetem f\u00f6ldrajz-term\u00e9szetrajz szak\u00e1n v\u00e9gzett (1929). Gyakornokk\u00e9nt m\u00e1r egyetemista kor\u00e1ban Al. Borza tud\u00f3s prof. mellett tev\u00e9kenykedett a kv.-i Botanikus Kertben. Bal\u00e1zsfalv\u00e1n tan\u00edtott f\u00f6ldrajzot a Sf. Vasile Liceumban valamint a tan\u00edt\u00f3k\u00e9pz\u0151ben. Teol\u00f3gi\u00e1t v\u00e9gzett, g. kat. papp\u00e1 [&hellip;]<\/p>\n","protected":false},"featured_media":0,"comment_status":"open","ping_status":"closed","template":"","meta":[],"product_brand":[],"product_cat":[137],"product_tag":[],"class_list":{"0":"post-18333","1":"product","2":"type-product","3":"status-publish","5":"product_cat-maros-megyei-eletrajzi-lexikon","7":"first","8":"instock","9":"shipping-taxable","10":"product-type-simple"},"_links":{"self":[{"href":"https:\/\/uj.adatbank.ro\/lexikon\/wp-json\/wp\/v2\/product\/18333","targetHints":{"allow":["GET"]}}],"collection":[{"href":"https:\/\/uj.adatbank.ro\/lexikon\/wp-json\/wp\/v2\/product"}],"about":[{"href":"https:\/\/uj.adatbank.ro\/lexikon\/wp-json\/wp\/v2\/types\/product"}],"replies":[{"embeddable":true,"href":"https:\/\/uj.adatbank.ro\/lexikon\/wp-json\/wp\/v2\/comments?post=18333"}],"wp:attachment":[{"href":"https:\/\/uj.adatbank.ro\/lexikon\/wp-json\/wp\/v2\/media?parent=18333"}],"wp:term":[{"taxonomy":"product_brand","embeddable":true,"href":"https:\/\/uj.adatbank.ro\/lexikon\/wp-json\/wp\/v2\/product_brand?post=18333"},{"taxonomy":"product_cat","embeddable":true,"href":"https:\/\/uj.adatbank.ro\/lexikon\/wp-json\/wp\/v2\/product_cat?post=18333"},{"taxonomy":"product_tag","embeddable":true,"href":"https:\/\/uj.adatbank.ro\/lexikon\/wp-json\/wp\/v2\/product_tag?post=18333"}],"curies":[{"name":"wp","href":"https:\/\/api.w.org\/{rel}","templated":true}]}}