{"id":1834,"date":"2025-06-28T11:54:43","date_gmt":"2025-06-28T09:54:43","guid":{"rendered":"https:\/\/uj.adatbank.ro\/lexikon\/termek\/bagoly-boldizsar-babolyi-babonyi-boldizsar\/"},"modified":"2025-06-28T11:54:43","modified_gmt":"2025-06-28T09:54:43","slug":"bagoly-boldizsar-babolyi-babonyi-boldizsar","status":"publish","type":"product","link":"https:\/\/uj.adatbank.ro\/lexikon\/termek\/bagoly-boldizsar-babolyi-babonyi-boldizsar\/","title":{"rendered":"BAGOLY Boldizs\u00e1r, Babolyi (B\u00e1bonyi?) Boldizs\u00e1r"},"content":{"rendered":"<p>? \u2020\u00a0? : iskolamester. \u2013 Baranyai Decsi Czimor J\u00e1nos rektor munkat\u00e1rsa Mv.-en, a m\u00e1sodik iskolamester (1598), aki bek\u00f6sz\u00f6nt\u0151 besz\u00e9d\u00e9t a v\u00e9gzetr\u0151l tartotta. <br \/><strong>Irod.:<\/strong> Kozma B\u00e9la<\/br><\/p>\n","protected":false},"excerpt":{"rendered":"<p>? \u2020\u00a0? : iskolamester. \u2013 Baranyai Decsi Czimor J\u00e1nos rektor munkat\u00e1rsa Mv.-en, a m\u00e1sodik iskolamester (1598), aki bek\u00f6sz\u00f6nt\u0151 besz\u00e9d\u00e9t a v\u00e9gzetr\u0151l tartotta. Irod.: Kozma B\u00e9la<\/p>\n","protected":false},"featured_media":0,"comment_status":"open","ping_status":"closed","template":"","meta":[],"product_brand":[],"product_cat":[137],"product_tag":[],"class_list":{"0":"post-1834","1":"product","2":"type-product","3":"status-publish","5":"product_cat-maros-megyei-eletrajzi-lexikon","7":"first","8":"instock","9":"shipping-taxable","10":"product-type-simple"},"_links":{"self":[{"href":"https:\/\/uj.adatbank.ro\/lexikon\/wp-json\/wp\/v2\/product\/1834","targetHints":{"allow":["GET"]}}],"collection":[{"href":"https:\/\/uj.adatbank.ro\/lexikon\/wp-json\/wp\/v2\/product"}],"about":[{"href":"https:\/\/uj.adatbank.ro\/lexikon\/wp-json\/wp\/v2\/types\/product"}],"replies":[{"embeddable":true,"href":"https:\/\/uj.adatbank.ro\/lexikon\/wp-json\/wp\/v2\/comments?post=1834"}],"wp:attachment":[{"href":"https:\/\/uj.adatbank.ro\/lexikon\/wp-json\/wp\/v2\/media?parent=1834"}],"wp:term":[{"taxonomy":"product_brand","embeddable":true,"href":"https:\/\/uj.adatbank.ro\/lexikon\/wp-json\/wp\/v2\/product_brand?post=1834"},{"taxonomy":"product_cat","embeddable":true,"href":"https:\/\/uj.adatbank.ro\/lexikon\/wp-json\/wp\/v2\/product_cat?post=1834"},{"taxonomy":"product_tag","embeddable":true,"href":"https:\/\/uj.adatbank.ro\/lexikon\/wp-json\/wp\/v2\/product_tag?post=1834"}],"curies":[{"name":"wp","href":"https:\/\/api.w.org\/{rel}","templated":true}]}}