{"id":18346,"date":"2025-07-16T10:48:24","date_gmt":"2025-07-16T08:48:24","guid":{"rendered":"https:\/\/uj.adatbank.ro\/lexikon\/termek\/pokai-pokai-es-szentmiklosi\/"},"modified":"2025-07-16T10:48:24","modified_gmt":"2025-07-16T08:48:24","slug":"pokai-pokai-es-szentmiklosi","status":"publish","type":"product","link":"https:\/\/uj.adatbank.ro\/lexikon\/termek\/pokai-pokai-es-szentmiklosi\/","title":{"rendered":"P\u00d3KAI, p\u00f3kai \u00e9s szentmikl\u00f3si"},"content":{"rendered":"<p>\u0150si sz\u00e9kely csal\u00e1d, melyb\u0151l P. P\u00e9ter a vajda emberek\u00e9nt ismert (1414); P. Mih\u00e1ly vajdai ember (1416); P. Andr\u00e1s Tordav\u00e1rmegye alisp\u00e1nja (1448); P. Jakab elkis\u00e9ri T\u00f6r\u00f6ko.-ba J\u00e1nos Zsigmond fejedelmet (1566); P. J\u00e1nost (\u2020\u00a01575) \u00e9s P\u00e9tert (\u2020\u00a01589), a szentp\u00e1li csat\u00e1ban (1575), mint B\u00e9k\u00e9s G\u00e1sp\u00e1rnak h\u00edveit elfogatta B\u00e1thory Istv\u00e1n \u00e9s J\u00e1nost kiv\u00e9geztette; P. Bal\u00e1zs \u00e9s Istv\u00e1n K\u00e1poszt\u00e1sszentmikl\u00f3sr\u00f3l \u00faj adom\u00e1nylevelet nyertek B\u00e1thory Zsigmondt\u00f3l (1591. m\u00e1j. 12.); P. Gy\u00f6rgy, mint primor lustr\u00e1lt (1614). <br \/><strong>Irod.:<\/strong> P\u00e1lmay; P\u00f3ka<\/br><\/p>\n","protected":false},"excerpt":{"rendered":"<p>\u0150si sz\u00e9kely csal\u00e1d, melyb\u0151l P. P\u00e9ter a vajda emberek\u00e9nt ismert (1414); P. Mih\u00e1ly vajdai ember (1416); P. Andr\u00e1s Tordav\u00e1rmegye alisp\u00e1nja (1448); P. Jakab elkis\u00e9ri T\u00f6r\u00f6ko.-ba J\u00e1nos Zsigmond fejedelmet (1566); P. J\u00e1nost (\u2020\u00a01575) \u00e9s P\u00e9tert (\u2020\u00a01589), a szentp\u00e1li csat\u00e1ban (1575), mint B\u00e9k\u00e9s G\u00e1sp\u00e1rnak h\u00edveit elfogatta B\u00e1thory Istv\u00e1n \u00e9s J\u00e1nost kiv\u00e9geztette; P. Bal\u00e1zs \u00e9s Istv\u00e1n K\u00e1poszt\u00e1sszentmikl\u00f3sr\u00f3l \u00faj [&hellip;]<\/p>\n","protected":false},"featured_media":0,"comment_status":"open","ping_status":"closed","template":"","meta":[],"product_brand":[],"product_cat":[137],"product_tag":[],"class_list":{"0":"post-18346","1":"product","2":"type-product","3":"status-publish","5":"product_cat-maros-megyei-eletrajzi-lexikon","7":"first","8":"instock","9":"shipping-taxable","10":"product-type-simple"},"_links":{"self":[{"href":"https:\/\/uj.adatbank.ro\/lexikon\/wp-json\/wp\/v2\/product\/18346","targetHints":{"allow":["GET"]}}],"collection":[{"href":"https:\/\/uj.adatbank.ro\/lexikon\/wp-json\/wp\/v2\/product"}],"about":[{"href":"https:\/\/uj.adatbank.ro\/lexikon\/wp-json\/wp\/v2\/types\/product"}],"replies":[{"embeddable":true,"href":"https:\/\/uj.adatbank.ro\/lexikon\/wp-json\/wp\/v2\/comments?post=18346"}],"wp:attachment":[{"href":"https:\/\/uj.adatbank.ro\/lexikon\/wp-json\/wp\/v2\/media?parent=18346"}],"wp:term":[{"taxonomy":"product_brand","embeddable":true,"href":"https:\/\/uj.adatbank.ro\/lexikon\/wp-json\/wp\/v2\/product_brand?post=18346"},{"taxonomy":"product_cat","embeddable":true,"href":"https:\/\/uj.adatbank.ro\/lexikon\/wp-json\/wp\/v2\/product_cat?post=18346"},{"taxonomy":"product_tag","embeddable":true,"href":"https:\/\/uj.adatbank.ro\/lexikon\/wp-json\/wp\/v2\/product_tag?post=18346"}],"curies":[{"name":"wp","href":"https:\/\/api.w.org\/{rel}","templated":true}]}}