{"id":18379,"date":"2025-07-16T10:49:39","date_gmt":"2025-07-16T08:49:39","guid":{"rendered":"https:\/\/uj.adatbank.ro\/lexikon\/termek\/pollacsek-g-vilmos\/"},"modified":"2025-07-16T10:49:39","modified_gmt":"2025-07-16T08:49:39","slug":"pollacsek-g-vilmos","status":"publish","type":"product","link":"https:\/\/uj.adatbank.ro\/lexikon\/termek\/pollacsek-g-vilmos\/","title":{"rendered":"POLLACSEK G. Vilmos"},"content":{"rendered":"<p>Nyitra-Iv\u00e1nka, 1860. febr. 20., \u2020\u00a0?: tan\u00edt\u00f3. \u2013 Megn\u0151s\u00fclt (18961). Tan\u00edt\u00f3k\u00e9pezd\u00e9t Nagyszombaton v\u00e9gzett, ahol kezdte a tan\u00edt\u00f3i p\u00e1ly\u00e1t is, majd Hunfalv\u00e1n tan\u00edtott. Mv.-en az izr. hitk\u00f6zs\u00e9g iskol\u00e1j\u00e1nak tan\u00edt\u00f3j\u00e1v\u00e1 v\u00e1lasztott\u00e1k (1891\u2013).<br \/><strong>Irod.:<\/strong> Vaday<\/br><\/p>\n","protected":false},"excerpt":{"rendered":"<p>Nyitra-Iv\u00e1nka, 1860. febr. 20., \u2020\u00a0?: tan\u00edt\u00f3. \u2013 Megn\u0151s\u00fclt (18961). Tan\u00edt\u00f3k\u00e9pezd\u00e9t Nagyszombaton v\u00e9gzett, ahol kezdte a tan\u00edt\u00f3i p\u00e1ly\u00e1t is, majd Hunfalv\u00e1n tan\u00edtott. Mv.-en az izr. hitk\u00f6zs\u00e9g iskol\u00e1j\u00e1nak tan\u00edt\u00f3j\u00e1v\u00e1 v\u00e1lasztott\u00e1k (1891\u2013).Irod.: Vaday<\/p>\n","protected":false},"featured_media":0,"comment_status":"open","ping_status":"closed","template":"","meta":[],"product_brand":[],"product_cat":[137],"product_tag":[],"class_list":{"0":"post-18379","1":"product","2":"type-product","3":"status-publish","5":"product_cat-maros-megyei-eletrajzi-lexikon","7":"first","8":"instock","9":"shipping-taxable","10":"product-type-simple"},"_links":{"self":[{"href":"https:\/\/uj.adatbank.ro\/lexikon\/wp-json\/wp\/v2\/product\/18379","targetHints":{"allow":["GET"]}}],"collection":[{"href":"https:\/\/uj.adatbank.ro\/lexikon\/wp-json\/wp\/v2\/product"}],"about":[{"href":"https:\/\/uj.adatbank.ro\/lexikon\/wp-json\/wp\/v2\/types\/product"}],"replies":[{"embeddable":true,"href":"https:\/\/uj.adatbank.ro\/lexikon\/wp-json\/wp\/v2\/comments?post=18379"}],"wp:attachment":[{"href":"https:\/\/uj.adatbank.ro\/lexikon\/wp-json\/wp\/v2\/media?parent=18379"}],"wp:term":[{"taxonomy":"product_brand","embeddable":true,"href":"https:\/\/uj.adatbank.ro\/lexikon\/wp-json\/wp\/v2\/product_brand?post=18379"},{"taxonomy":"product_cat","embeddable":true,"href":"https:\/\/uj.adatbank.ro\/lexikon\/wp-json\/wp\/v2\/product_cat?post=18379"},{"taxonomy":"product_tag","embeddable":true,"href":"https:\/\/uj.adatbank.ro\/lexikon\/wp-json\/wp\/v2\/product_tag?post=18379"}],"curies":[{"name":"wp","href":"https:\/\/api.w.org\/{rel}","templated":true}]}}