{"id":18384,"date":"2025-07-16T10:49:50","date_gmt":"2025-07-16T08:49:50","guid":{"rendered":"https:\/\/uj.adatbank.ro\/lexikon\/termek\/polnar-janos-johannes-polnar\/"},"modified":"2025-07-16T10:49:50","modified_gmt":"2025-07-16T08:49:50","slug":"polnar-janos-johannes-polnar","status":"publish","type":"product","link":"https:\/\/uj.adatbank.ro\/lexikon\/termek\/polnar-janos-johannes-polnar\/","title":{"rendered":"POLNAR J\u00e1nos, Johannes Polnar"},"content":{"rendered":"<p>Segesv\u00e1r, ? \u2020 ?: r. k. pap. \u2013 P. Mih\u00e1ly polg\u00e1rmester fia. P\u00e1rizsban tanult (1489). Hazat\u00e9r\u00e9se ut\u00e1n k\u00e1ntor-kanonok, ennek j\u00f6vedelm\u00e9b\u0151l Bologn\u00e1ban folytatta tanulm\u00e1ny\u00e1t (1495). P\u00e1pai tizedszed\u0151 Erd\u00e9lyben (1502), kir\u00e1lyi titk\u00e1r \u00e9s tolm\u00e1cs, v\u00e1radi kanonok, nyitrai v\u00e1lasztott p\u00fcsp\u00f6k (1504), de hal\u00e1la megakad\u00e1lyozta a p\u00fcsp\u00f6ki sz\u00e9k elfoglal\u00e1s\u00e1t. <br \/><strong>Irod.:<\/strong> Ferenczi S\u00e1ndor 2009; Tonk 1979<\/br><\/p>\n","protected":false},"excerpt":{"rendered":"<p>Segesv\u00e1r, ? \u2020 ?: r. k. pap. \u2013 P. Mih\u00e1ly polg\u00e1rmester fia. P\u00e1rizsban tanult (1489). Hazat\u00e9r\u00e9se ut\u00e1n k\u00e1ntor-kanonok, ennek j\u00f6vedelm\u00e9b\u0151l Bologn\u00e1ban folytatta tanulm\u00e1ny\u00e1t (1495). P\u00e1pai tizedszed\u0151 Erd\u00e9lyben (1502), kir\u00e1lyi titk\u00e1r \u00e9s tolm\u00e1cs, v\u00e1radi kanonok, nyitrai v\u00e1lasztott p\u00fcsp\u00f6k (1504), de hal\u00e1la megakad\u00e1lyozta a p\u00fcsp\u00f6ki sz\u00e9k elfoglal\u00e1s\u00e1t. Irod.: Ferenczi S\u00e1ndor 2009; Tonk 1979<\/p>\n","protected":false},"featured_media":0,"comment_status":"open","ping_status":"closed","template":"","meta":[],"product_brand":[],"product_cat":[137],"product_tag":[],"class_list":{"0":"post-18384","1":"product","2":"type-product","3":"status-publish","5":"product_cat-maros-megyei-eletrajzi-lexikon","7":"first","8":"instock","9":"shipping-taxable","10":"product-type-simple"},"_links":{"self":[{"href":"https:\/\/uj.adatbank.ro\/lexikon\/wp-json\/wp\/v2\/product\/18384","targetHints":{"allow":["GET"]}}],"collection":[{"href":"https:\/\/uj.adatbank.ro\/lexikon\/wp-json\/wp\/v2\/product"}],"about":[{"href":"https:\/\/uj.adatbank.ro\/lexikon\/wp-json\/wp\/v2\/types\/product"}],"replies":[{"embeddable":true,"href":"https:\/\/uj.adatbank.ro\/lexikon\/wp-json\/wp\/v2\/comments?post=18384"}],"wp:attachment":[{"href":"https:\/\/uj.adatbank.ro\/lexikon\/wp-json\/wp\/v2\/media?parent=18384"}],"wp:term":[{"taxonomy":"product_brand","embeddable":true,"href":"https:\/\/uj.adatbank.ro\/lexikon\/wp-json\/wp\/v2\/product_brand?post=18384"},{"taxonomy":"product_cat","embeddable":true,"href":"https:\/\/uj.adatbank.ro\/lexikon\/wp-json\/wp\/v2\/product_cat?post=18384"},{"taxonomy":"product_tag","embeddable":true,"href":"https:\/\/uj.adatbank.ro\/lexikon\/wp-json\/wp\/v2\/product_tag?post=18384"}],"curies":[{"name":"wp","href":"https:\/\/api.w.org\/{rel}","templated":true}]}}