{"id":18388,"date":"2025-07-16T10:49:58","date_gmt":"2025-07-16T08:49:58","guid":{"rendered":"https:\/\/uj.adatbank.ro\/lexikon\/termek\/polonyi-nora-toth-andrasne\/"},"modified":"2025-07-16T10:49:58","modified_gmt":"2025-07-16T08:49:58","slug":"polonyi-nora-toth-andrasne","status":"publish","type":"product","link":"https:\/\/uj.adatbank.ro\/lexikon\/termek\/polonyi-nora-toth-andrasne\/","title":{"rendered":"POLONYI N\u00f3ra; T\u00f3th Andr\u00e1sn\u00e9"},"content":{"rendered":"<p>Mv., 1915. \u00e1pr. 30., \u2020 Bp., 1985. szept. 15.: t\u00f6rt\u00e9n\u00e9sz. \u2013 A bp.-i egy.-en t\u00f6rt\u00e9nelem-f\u00f6ldrajz szakos tan\u00e1ri (1938), b\u00f6lcs\u00e9szdoktori oklevelet szerzett (1939). A bp.-i F\u0151v\u00e1rosi Statisztikai Hivatal munkat\u00e1rsa (1940\u2013), a kv.-i egy. m. t\u00f6rt. int\u00e9zet\u00e9ben gyakornok (1941\u201345), majd tan\u00e1rseg\u00e9d volt. Bp.-en a K-eur\u00f3pai Tud. Int.-ben int. tan\u00e1r (1945\u201349), a M. Orsz. Lev\u00e9lt\u00e1rban lev\u00e9lt\u00e1ros (1949\u2013), ut\u00f3bb a t\u00e9rk\u00e9pt\u00e1r kezel\u0151je. A KSH T\u00f6rt. Statisztikai Csoportj\u00e1nak munkat\u00e1rsa nyugd\u00edjaz\u00e1s\u00e1ig (1965\u201377). P\u00e1ly\u00e1ja elej\u00e9n a 19. sz.-i mo.-i rom\u00e1n nemzetis\u00e9gi t\u00f6rekv\u00e9sek t\u00f6rt\u00e9net\u00e9vel, ut\u00f3bb a 18. sz.-i Pest m\u0171szaki fejl\u0151d\u00e9s\u00e9nek k\u00e9rd\u00e9seivel \u00e9s addig felt\u00e1ratlan le\u00adv\u00e9lt\u00e1ri forr\u00e1sok alapj\u00e1n oktat\u00e1st\u00f6rt.-statiszti\u00adkai k\u00e9rd\u00e9sekkel foglalkozott. \u2013 <strong>F. m.:<\/strong> A Liga Cultural\u0103 \u00e9s az erd\u00e9lyi rom\u00e1n nemzetis\u00e9gi t\u00f6\u00adrekv\u00e9sek (Bp., 1939); Nagy-Rom\u00e1nia megalakul\u00e1sa :A rom\u00e1nok t\u00f6rt\u00e9nete, k\u00fcl\u00f6n\u00f6s tekintet\u00adtel az erd\u00e9lyi rom\u00e1nokra. (Bp., 1941; n\u00e9met\u00fcl, 1942); A rom\u00e1n propaganda hat\u00e1sa Nyugat-Eur\u00f3pa k\u00f6zv\u00e9lem\u00e9ny\u00e9re (Kv., 1943); A hazai rom\u00e1ns\u00e1g kultur\u00e1lis, szoci\u00e1lis \u00e9s politikai felfog\u00e1sa a XX. sz\u00e1zad elej\u00e9n (Kv., 1944); A m\u0171szaki tudom\u00e1nyok hazai fejl\u0151d\u00e9st\u00f6rt\u00e9net\u00e9nek lev\u00e9lt\u00e1ri forr\u00e1sai (Bp., 1954); A m\u00e9rn\u00f6ki szervezet kialakul\u00e1s\u00e1nak el\u0151zm\u00e9nyi Bud\u00e1n \u00e9s Pesten (Tan.; Bp., 1956); M\u0171szaki munk\u00e1latok Pest v\u00e1ros\u00e1ban a XVIII. sz\u00e1zadban (Tan.; Bp., 1961); A magyar \u00e1llami m\u0171szaki szervezet kezdetei (Bp., 1964); Egy tolnai t\u00e1j a XVIII. sz\u00e1zadban (Bp., 1966); A magyarorsz\u00e1gi n\u00e9piskolai oktat\u00e1s statisztikai forr\u00e1sai (1777\u20131848) (Bp 1971); A reform\u00e1tus egyh\u00e1z k\u00fczdelme \u00f6n\u00e1ll\u00f3 iskola\u00fcgye v\u00e9delm\u00e9ben (1790\u20131848) (Bp., 1982); <strong>t\u00e1rssz.:<\/strong> Az els\u0151 magyarnyelv\u0171 le\u00edr\u00f3 statisztika. (Bp., 1980) ). <br \/><strong>Irod.:<\/strong> M\u00c9L; \u00daM\u00c9L<\/p>\n","protected":false},"excerpt":{"rendered":"<p>Mv., 1915. \u00e1pr. 30., \u2020 Bp., 1985. szept. 15.: t\u00f6rt\u00e9n\u00e9sz. \u2013 A bp.-i egy.-en t\u00f6rt\u00e9nelem-f\u00f6ldrajz szakos tan\u00e1ri (1938), b\u00f6lcs\u00e9szdoktori oklevelet szerzett (1939). A bp.-i F\u0151v\u00e1rosi Statisztikai Hivatal munkat\u00e1rsa (1940\u2013), a kv.-i egy. m. t\u00f6rt. int\u00e9zet\u00e9ben gyakornok (1941\u201345), majd tan\u00e1rseg\u00e9d volt. Bp.-en a K-eur\u00f3pai Tud. Int.-ben int. tan\u00e1r (1945\u201349), a M. Orsz. Lev\u00e9lt\u00e1rban lev\u00e9lt\u00e1ros (1949\u2013), ut\u00f3bb [&hellip;]<\/p>\n","protected":false},"featured_media":0,"comment_status":"open","ping_status":"closed","template":"","meta":[],"product_brand":[],"product_cat":[137],"product_tag":[],"class_list":{"0":"post-18388","1":"product","2":"type-product","3":"status-publish","5":"product_cat-maros-megyei-eletrajzi-lexikon","7":"first","8":"instock","9":"shipping-taxable","10":"product-type-simple"},"_links":{"self":[{"href":"https:\/\/uj.adatbank.ro\/lexikon\/wp-json\/wp\/v2\/product\/18388","targetHints":{"allow":["GET"]}}],"collection":[{"href":"https:\/\/uj.adatbank.ro\/lexikon\/wp-json\/wp\/v2\/product"}],"about":[{"href":"https:\/\/uj.adatbank.ro\/lexikon\/wp-json\/wp\/v2\/types\/product"}],"replies":[{"embeddable":true,"href":"https:\/\/uj.adatbank.ro\/lexikon\/wp-json\/wp\/v2\/comments?post=18388"}],"wp:attachment":[{"href":"https:\/\/uj.adatbank.ro\/lexikon\/wp-json\/wp\/v2\/media?parent=18388"}],"wp:term":[{"taxonomy":"product_brand","embeddable":true,"href":"https:\/\/uj.adatbank.ro\/lexikon\/wp-json\/wp\/v2\/product_brand?post=18388"},{"taxonomy":"product_cat","embeddable":true,"href":"https:\/\/uj.adatbank.ro\/lexikon\/wp-json\/wp\/v2\/product_cat?post=18388"},{"taxonomy":"product_tag","embeddable":true,"href":"https:\/\/uj.adatbank.ro\/lexikon\/wp-json\/wp\/v2\/product_tag?post=18388"}],"curies":[{"name":"wp","href":"https:\/\/api.w.org\/{rel}","templated":true}]}}