{"id":18392,"date":"2025-07-16T10:50:07","date_gmt":"2025-07-16T08:50:07","guid":{"rendered":"https:\/\/uj.adatbank.ro\/lexikon\/termek\/pompery-elemer\/"},"modified":"2025-07-16T10:50:07","modified_gmt":"2025-07-16T08:50:07","slug":"pompery-elemer","status":"publish","type":"product","link":"https:\/\/uj.adatbank.ro\/lexikon\/termek\/pompery-elemer\/","title":{"rendered":"POMP\u00c9RY Elem\u00e9r"},"content":{"rendered":"<p>? \u2020\u00a0?: v\u00e1rosi f\u0151m\u00e9rn\u00f6k. \u2013 A v\u00e1ros szerz\u0151d\u00e9st k\u00f6t\u00f6tt vele hogy elk\u00e9sz\u00edtse a telep\u00fcl\u00e9s topogr\u00e1fiai felm\u00e9r\u00e9s\u00e9t \u00e9s a t\u00e9rk\u00e9p\u00e9t. El is k\u00e9sz\u00fclt Mv. szabad kir. v\u00e1ros utcza h\u00e1l\u00f3zat\u00e1nak \u00e1tn\u00e9zeti t\u00e9rk\u00e9pe (1896\u201399) Ugyancsak klefektett\u00e9k Mv. sz. Kir. v\u00e1ros belter\u00fcleteinek t\u00f6rzsk\u00f6nyv\u00e9t (1898).. <br \/><strong>Irod.:<\/strong> Id\u0151t\u00e1r 2<\/br><\/p>\n","protected":false},"excerpt":{"rendered":"<p>? \u2020\u00a0?: v\u00e1rosi f\u0151m\u00e9rn\u00f6k. \u2013 A v\u00e1ros szerz\u0151d\u00e9st k\u00f6t\u00f6tt vele hogy elk\u00e9sz\u00edtse a telep\u00fcl\u00e9s topogr\u00e1fiai felm\u00e9r\u00e9s\u00e9t \u00e9s a t\u00e9rk\u00e9p\u00e9t. El is k\u00e9sz\u00fclt Mv. szabad kir. v\u00e1ros utcza h\u00e1l\u00f3zat\u00e1nak \u00e1tn\u00e9zeti t\u00e9rk\u00e9pe (1896\u201399) Ugyancsak klefektett\u00e9k Mv. sz. Kir. v\u00e1ros belter\u00fcleteinek t\u00f6rzsk\u00f6nyv\u00e9t (1898).. Irod.: Id\u0151t\u00e1r 2<\/p>\n","protected":false},"featured_media":0,"comment_status":"open","ping_status":"closed","template":"","meta":[],"product_brand":[],"product_cat":[137],"product_tag":[],"class_list":{"0":"post-18392","1":"product","2":"type-product","3":"status-publish","5":"product_cat-maros-megyei-eletrajzi-lexikon","7":"first","8":"instock","9":"shipping-taxable","10":"product-type-simple"},"_links":{"self":[{"href":"https:\/\/uj.adatbank.ro\/lexikon\/wp-json\/wp\/v2\/product\/18392","targetHints":{"allow":["GET"]}}],"collection":[{"href":"https:\/\/uj.adatbank.ro\/lexikon\/wp-json\/wp\/v2\/product"}],"about":[{"href":"https:\/\/uj.adatbank.ro\/lexikon\/wp-json\/wp\/v2\/types\/product"}],"replies":[{"embeddable":true,"href":"https:\/\/uj.adatbank.ro\/lexikon\/wp-json\/wp\/v2\/comments?post=18392"}],"wp:attachment":[{"href":"https:\/\/uj.adatbank.ro\/lexikon\/wp-json\/wp\/v2\/media?parent=18392"}],"wp:term":[{"taxonomy":"product_brand","embeddable":true,"href":"https:\/\/uj.adatbank.ro\/lexikon\/wp-json\/wp\/v2\/product_brand?post=18392"},{"taxonomy":"product_cat","embeddable":true,"href":"https:\/\/uj.adatbank.ro\/lexikon\/wp-json\/wp\/v2\/product_cat?post=18392"},{"taxonomy":"product_tag","embeddable":true,"href":"https:\/\/uj.adatbank.ro\/lexikon\/wp-json\/wp\/v2\/product_tag?post=18392"}],"curies":[{"name":"wp","href":"https:\/\/api.w.org\/{rel}","templated":true}]}}