{"id":18394,"date":"2025-07-16T10:50:10","date_gmt":"2025-07-16T08:50:10","guid":{"rendered":"https:\/\/uj.adatbank.ro\/lexikon\/termek\/pongracz-janos-dengelegi\/"},"modified":"2025-07-16T10:50:10","modified_gmt":"2025-07-16T08:50:10","slug":"pongracz-janos-dengelegi","status":"publish","type":"product","link":"https:\/\/uj.adatbank.ro\/lexikon\/termek\/pongracz-janos-dengelegi\/","title":{"rendered":"PONGR\u00c1CZ J\u00e1nos, dengelegi"},"content":{"rendered":"<p>? \u2020\u00a0?: erd\u00e9lyi vajda, sz\u00e9kely isp\u00e1n. \u2013 M\u00e1ty\u00e1s kir\u00e1lyt\u00f3l kapott birtokot. Bog\u00e1thi L\u00e1szl\u00f3 elz\u00e1logos\u00edtott ludasi birtokait b\u00edrta (1476\u20131486). Rendelet\u00e9re a (magyar)p\u00e9terlaki pl\u00e9b\u00e1nosnak a g\u00f6rg\u00e9nyi v\u00e1r jav\u00e1ra a p\u00e9terlaki d\u00e9zsm\u00e1t fenn kell tartania. <br \/><strong>Irod.:<\/strong> L\u00e9sty\u00e1n \u2013 templomok; Sz\u00e9kelyf\u00f6ld t\u00f6rt.1.; Szekeres Ad\u00e9l: Ludas a XV \u2013 XVIII. sz\u00e1zad k\u00f6z\u00f6tt (N\u00fa., 1996. m\u00e1rc. 13.); SzOkl.3; Vajdaszentiv\u00e1ny<\/br><\/p>\n","protected":false},"excerpt":{"rendered":"<p>? \u2020\u00a0?: erd\u00e9lyi vajda, sz\u00e9kely isp\u00e1n. \u2013 M\u00e1ty\u00e1s kir\u00e1lyt\u00f3l kapott birtokot. Bog\u00e1thi L\u00e1szl\u00f3 elz\u00e1logos\u00edtott ludasi birtokait b\u00edrta (1476\u20131486). Rendelet\u00e9re a (magyar)p\u00e9terlaki pl\u00e9b\u00e1nosnak a g\u00f6rg\u00e9nyi v\u00e1r jav\u00e1ra a p\u00e9terlaki d\u00e9zsm\u00e1t fenn kell tartania. Irod.: L\u00e9sty\u00e1n \u2013 templomok; Sz\u00e9kelyf\u00f6ld t\u00f6rt.1.; Szekeres Ad\u00e9l: Ludas a XV \u2013 XVIII. sz\u00e1zad k\u00f6z\u00f6tt (N\u00fa., 1996. m\u00e1rc. 13.); SzOkl.3; Vajdaszentiv\u00e1ny<\/p>\n","protected":false},"featured_media":0,"comment_status":"open","ping_status":"closed","template":"","meta":[],"product_brand":[],"product_cat":[137],"product_tag":[],"class_list":{"0":"post-18394","1":"product","2":"type-product","3":"status-publish","5":"product_cat-maros-megyei-eletrajzi-lexikon","7":"first","8":"instock","9":"shipping-taxable","10":"product-type-simple"},"_links":{"self":[{"href":"https:\/\/uj.adatbank.ro\/lexikon\/wp-json\/wp\/v2\/product\/18394","targetHints":{"allow":["GET"]}}],"collection":[{"href":"https:\/\/uj.adatbank.ro\/lexikon\/wp-json\/wp\/v2\/product"}],"about":[{"href":"https:\/\/uj.adatbank.ro\/lexikon\/wp-json\/wp\/v2\/types\/product"}],"replies":[{"embeddable":true,"href":"https:\/\/uj.adatbank.ro\/lexikon\/wp-json\/wp\/v2\/comments?post=18394"}],"wp:attachment":[{"href":"https:\/\/uj.adatbank.ro\/lexikon\/wp-json\/wp\/v2\/media?parent=18394"}],"wp:term":[{"taxonomy":"product_brand","embeddable":true,"href":"https:\/\/uj.adatbank.ro\/lexikon\/wp-json\/wp\/v2\/product_brand?post=18394"},{"taxonomy":"product_cat","embeddable":true,"href":"https:\/\/uj.adatbank.ro\/lexikon\/wp-json\/wp\/v2\/product_cat?post=18394"},{"taxonomy":"product_tag","embeddable":true,"href":"https:\/\/uj.adatbank.ro\/lexikon\/wp-json\/wp\/v2\/product_tag?post=18394"}],"curies":[{"name":"wp","href":"https:\/\/api.w.org\/{rel}","templated":true}]}}