{"id":18397,"date":"2025-07-16T10:50:15","date_gmt":"2025-07-16T08:50:15","guid":{"rendered":"https:\/\/uj.adatbank.ro\/lexikon\/termek\/pongracz-laszlo-dengelegi\/"},"modified":"2025-07-16T10:50:15","modified_gmt":"2025-07-16T08:50:15","slug":"pongracz-laszlo-dengelegi","status":"publish","type":"product","link":"https:\/\/uj.adatbank.ro\/lexikon\/termek\/pongracz-laszlo-dengelegi\/","title":{"rendered":"PONGR\u00c1CZ L\u00e1szl\u00f3, dengelegi"},"content":{"rendered":"<p>? \u2020\u00a0? 1477., : birtokos. \u2013 Erd\u00e9lyi L\u00e1szl\u00f3 birtokait a kir\u00e1ly P. L.-nak aj\u00e1nd\u00e9kozta (1468. dec. 28.). A birtok a gernyeszegi kast\u00e9lyhoz tartoz\u00f3 Maross\u00e1rpatak \u00e9s Vajdaszentiv\u00e1ny, \u00e1tment az \u00f6zvegye, Jusztina asszony tulajdon\u00e1ba (1477. dec. 2.), ezt M\u00e1ty\u00e1s kir\u00e1ly meger\u0151s\u00edtette (1478. aug. 13.). <br \/><strong>Irod.:<\/strong> Vajdaszentiv\u00e1ny<\/br><\/p>\n","protected":false},"excerpt":{"rendered":"<p>? \u2020\u00a0? 1477., : birtokos. \u2013 Erd\u00e9lyi L\u00e1szl\u00f3 birtokait a kir\u00e1ly P. L.-nak aj\u00e1nd\u00e9kozta (1468. dec. 28.). A birtok a gernyeszegi kast\u00e9lyhoz tartoz\u00f3 Maross\u00e1rpatak \u00e9s Vajdaszentiv\u00e1ny, \u00e1tment az \u00f6zvegye, Jusztina asszony tulajdon\u00e1ba (1477. dec. 2.), ezt M\u00e1ty\u00e1s kir\u00e1ly meger\u0151s\u00edtette (1478. aug. 13.). Irod.: Vajdaszentiv\u00e1ny<\/p>\n","protected":false},"featured_media":0,"comment_status":"open","ping_status":"closed","template":"","meta":[],"product_brand":[],"product_cat":[137],"product_tag":[],"class_list":{"0":"post-18397","1":"product","2":"type-product","3":"status-publish","5":"product_cat-maros-megyei-eletrajzi-lexikon","7":"first","8":"instock","9":"shipping-taxable","10":"product-type-simple"},"_links":{"self":[{"href":"https:\/\/uj.adatbank.ro\/lexikon\/wp-json\/wp\/v2\/product\/18397","targetHints":{"allow":["GET"]}}],"collection":[{"href":"https:\/\/uj.adatbank.ro\/lexikon\/wp-json\/wp\/v2\/product"}],"about":[{"href":"https:\/\/uj.adatbank.ro\/lexikon\/wp-json\/wp\/v2\/types\/product"}],"replies":[{"embeddable":true,"href":"https:\/\/uj.adatbank.ro\/lexikon\/wp-json\/wp\/v2\/comments?post=18397"}],"wp:attachment":[{"href":"https:\/\/uj.adatbank.ro\/lexikon\/wp-json\/wp\/v2\/media?parent=18397"}],"wp:term":[{"taxonomy":"product_brand","embeddable":true,"href":"https:\/\/uj.adatbank.ro\/lexikon\/wp-json\/wp\/v2\/product_brand?post=18397"},{"taxonomy":"product_cat","embeddable":true,"href":"https:\/\/uj.adatbank.ro\/lexikon\/wp-json\/wp\/v2\/product_cat?post=18397"},{"taxonomy":"product_tag","embeddable":true,"href":"https:\/\/uj.adatbank.ro\/lexikon\/wp-json\/wp\/v2\/product_tag?post=18397"}],"curies":[{"name":"wp","href":"https:\/\/api.w.org\/{rel}","templated":true}]}}