{"id":18404,"date":"2025-07-16T10:50:35","date_gmt":"2025-07-16T08:50:35","guid":{"rendered":"https:\/\/uj.adatbank.ro\/lexikon\/termek\/ponyori-jozsef\/"},"modified":"2025-07-16T10:50:35","modified_gmt":"2025-07-16T08:50:35","slug":"ponyori-jozsef","status":"publish","type":"product","link":"https:\/\/uj.adatbank.ro\/lexikon\/termek\/ponyori-jozsef\/","title":{"rendered":"PONYORI J\u00f3zsef"},"content":{"rendered":"<p>1940., \u2020 2000., j\u00fal. 11. H\u00e1rmasfalun temett\u00e9k\u00a0: \u00e1llatorvos. \u2013 Erd\u0151szentgy\u00f6rgy\u00f6n volt \u00e1llatorvos. <br \/><strong>Irod.:<\/strong> [Nekrol\u00f3g] (N\u00fa., 2000., j\u00fal. 13.)<\/br><\/p>\n","protected":false},"excerpt":{"rendered":"<p>1940., \u2020 2000., j\u00fal. 11. H\u00e1rmasfalun temett\u00e9k\u00a0: \u00e1llatorvos. \u2013 Erd\u0151szentgy\u00f6rgy\u00f6n volt \u00e1llatorvos. Irod.: [Nekrol\u00f3g] (N\u00fa., 2000., j\u00fal. 13.)<\/p>\n","protected":false},"featured_media":0,"comment_status":"open","ping_status":"closed","template":"","meta":[],"product_brand":[],"product_cat":[137],"product_tag":[],"class_list":{"0":"post-18404","1":"product","2":"type-product","3":"status-publish","5":"product_cat-maros-megyei-eletrajzi-lexikon","7":"first","8":"instock","9":"shipping-taxable","10":"product-type-simple"},"_links":{"self":[{"href":"https:\/\/uj.adatbank.ro\/lexikon\/wp-json\/wp\/v2\/product\/18404","targetHints":{"allow":["GET"]}}],"collection":[{"href":"https:\/\/uj.adatbank.ro\/lexikon\/wp-json\/wp\/v2\/product"}],"about":[{"href":"https:\/\/uj.adatbank.ro\/lexikon\/wp-json\/wp\/v2\/types\/product"}],"replies":[{"embeddable":true,"href":"https:\/\/uj.adatbank.ro\/lexikon\/wp-json\/wp\/v2\/comments?post=18404"}],"wp:attachment":[{"href":"https:\/\/uj.adatbank.ro\/lexikon\/wp-json\/wp\/v2\/media?parent=18404"}],"wp:term":[{"taxonomy":"product_brand","embeddable":true,"href":"https:\/\/uj.adatbank.ro\/lexikon\/wp-json\/wp\/v2\/product_brand?post=18404"},{"taxonomy":"product_cat","embeddable":true,"href":"https:\/\/uj.adatbank.ro\/lexikon\/wp-json\/wp\/v2\/product_cat?post=18404"},{"taxonomy":"product_tag","embeddable":true,"href":"https:\/\/uj.adatbank.ro\/lexikon\/wp-json\/wp\/v2\/product_tag?post=18404"}],"curies":[{"name":"wp","href":"https:\/\/api.w.org\/{rel}","templated":true}]}}