{"id":18442,"date":"2025-07-16T10:51:59","date_gmt":"2025-07-16T08:51:59","guid":{"rendered":"https:\/\/uj.adatbank.ro\/lexikon\/termek\/pop-georgina\/"},"modified":"2025-07-16T10:51:59","modified_gmt":"2025-07-16T08:51:59","slug":"pop-georgina","status":"publish","type":"product","link":"https:\/\/uj.adatbank.ro\/lexikon\/termek\/pop-georgina\/","title":{"rendered":"POP, Georgina"},"content":{"rendered":"<p>? \u2020\u00a0?: tan\u00edt\u00f3, igazgat\u00f3. \u2013 A mv.-i 6. sz. vagy 11 Remeteszegi iskola igazgat\u00f3-tan\u00edt\u00f3ja (1953\u201354). <br \/><strong>Irod.:<\/strong> Gimnaziul Al. I. Cuza; Remeteszeg<\/br><\/p>\n","protected":false},"excerpt":{"rendered":"<p>? \u2020\u00a0?: tan\u00edt\u00f3, igazgat\u00f3. \u2013 A mv.-i 6. sz. vagy 11 Remeteszegi iskola igazgat\u00f3-tan\u00edt\u00f3ja (1953\u201354). Irod.: Gimnaziul Al. I. Cuza; Remeteszeg<\/p>\n","protected":false},"featured_media":0,"comment_status":"open","ping_status":"closed","template":"","meta":[],"product_brand":[],"product_cat":[137],"product_tag":[],"class_list":{"0":"post-18442","1":"product","2":"type-product","3":"status-publish","5":"product_cat-maros-megyei-eletrajzi-lexikon","7":"first","8":"instock","9":"shipping-taxable","10":"product-type-simple"},"_links":{"self":[{"href":"https:\/\/uj.adatbank.ro\/lexikon\/wp-json\/wp\/v2\/product\/18442","targetHints":{"allow":["GET"]}}],"collection":[{"href":"https:\/\/uj.adatbank.ro\/lexikon\/wp-json\/wp\/v2\/product"}],"about":[{"href":"https:\/\/uj.adatbank.ro\/lexikon\/wp-json\/wp\/v2\/types\/product"}],"replies":[{"embeddable":true,"href":"https:\/\/uj.adatbank.ro\/lexikon\/wp-json\/wp\/v2\/comments?post=18442"}],"wp:attachment":[{"href":"https:\/\/uj.adatbank.ro\/lexikon\/wp-json\/wp\/v2\/media?parent=18442"}],"wp:term":[{"taxonomy":"product_brand","embeddable":true,"href":"https:\/\/uj.adatbank.ro\/lexikon\/wp-json\/wp\/v2\/product_brand?post=18442"},{"taxonomy":"product_cat","embeddable":true,"href":"https:\/\/uj.adatbank.ro\/lexikon\/wp-json\/wp\/v2\/product_cat?post=18442"},{"taxonomy":"product_tag","embeddable":true,"href":"https:\/\/uj.adatbank.ro\/lexikon\/wp-json\/wp\/v2\/product_tag?post=18442"}],"curies":[{"name":"wp","href":"https:\/\/api.w.org\/{rel}","templated":true}]}}