{"id":18446,"date":"2025-07-16T10:52:07","date_gmt":"2025-07-16T08:52:07","guid":{"rendered":"https:\/\/uj.adatbank.ro\/lexikon\/termek\/pop-gheorghe-3\/"},"modified":"2025-07-16T10:52:07","modified_gmt":"2025-07-16T08:52:07","slug":"pop-gheorghe-3","status":"publish","type":"product","link":"https:\/\/uj.adatbank.ro\/lexikon\/termek\/pop-gheorghe-3\/","title":{"rendered":"POP, Gheorghe"},"content":{"rendered":"<p>Malomfalva, 1918. m\u00e1rc. 26., \u2020 Mv., 1987. aug. 20.: tan\u00e1r. \u2013 Az els\u0151 \u00f6t oszt\u00e1ly a sz\u00fcl\u0151faluban v\u00e9gezte (1924\u201328), Mv.-en a Papiu Ilarian L\u00edc.-ban tanult (1929\u201337), Kv.-on b\u00f6lcs\u00e9sz \u00e9s filoz\u00f3fia szakot hallgatott az egyetemen, amelyet Szebenben fejezett be (1941). Francia, olasz \u00e9s r\u00f3mai filol\u00f3gi\u00e1t tan\u00edtott. Els\u0151 kinevez\u00e9se a kv.-i egyetem szebeni fiokj\u00e1n\u00e1l volt, k\u00f6zben elv\u00e9gezte a szebeni Egyetemi Pedag\u00f3giai Szemin\u00e1riumot is, ahol oklevelet szerzett (1942). Beiratkozott a doktor\u00e1tusra is, de a h\u00e1bor\u00fa miatt azt abbahagyta.Tan\u00e1r a Ploie\u015fti-i Spiru Haret Kereskedelmi Lic.-ban (1943). Sz\u00e1szv\u00e1rosba menek\u00fclt. Mv.-re k\u00f6lt\u00f6z\u00f6tt, ahol az Al. Papiu Ilarian L\u00edc. tan\u00e1ra volt (1947\u201361), az Unirea Le\u00e1nyl\u00edc.-ban is tan\u00edtott (1948\u201352) \u00e9s a Bolyai L\u00edc.-ban is (1960\u201361). Kinevezt\u00e9k a mv.-i 3 \u00e9ves Pedag\u00f3giai F\u0151iskola lektor\u00e1v\u00e1, ahol nyugd\u00edjaz\u00e1s\u00e1ig (1961. szept. 1.\u20131978), a francia, olasz \u00e9s a latin katedr\u00e1n (1966\u2013) is m\u0171k\u0151d\u00f6tt. <strong>Kit\u00fcntet\u00e9sei:<\/strong> a Tan\u00fcgyi Miniszt\u00e9rium Jutalom diplom\u00e1val III. (Premiul III cu Diplom\u0103) (1954), \u00c9l Tan\u00e1r (Profesor Frunta\u015f) (1956), Munka \u00c9rdemrend III. oszt. (Ordinul Muncii ) \u00e9s m\u00e1sok. \u2013 <strong>F. m.:<\/strong> Folosirea cuno\u015ftin\u0163elor de limba matern\u0103 in predarea limbilor str\u0103ine (Kv., 1956). <br \/><strong>Irod.:<\/strong> Dasc\u0103li mure\u015feni, 1.; Dasc\u0103lii Papiului<\/br><\/p>\n","protected":false},"excerpt":{"rendered":"<p>Malomfalva, 1918. m\u00e1rc. 26., \u2020 Mv., 1987. aug. 20.: tan\u00e1r. \u2013 Az els\u0151 \u00f6t oszt\u00e1ly a sz\u00fcl\u0151faluban v\u00e9gezte (1924\u201328), Mv.-en a Papiu Ilarian L\u00edc.-ban tanult (1929\u201337), Kv.-on b\u00f6lcs\u00e9sz \u00e9s filoz\u00f3fia szakot hallgatott az egyetemen, amelyet Szebenben fejezett be (1941). Francia, olasz \u00e9s r\u00f3mai filol\u00f3gi\u00e1t tan\u00edtott. Els\u0151 kinevez\u00e9se a kv.-i egyetem szebeni fiokj\u00e1n\u00e1l volt, k\u00f6zben elv\u00e9gezte [&hellip;]<\/p>\n","protected":false},"featured_media":0,"comment_status":"open","ping_status":"closed","template":"","meta":[],"product_brand":[],"product_cat":[137],"product_tag":[],"class_list":{"0":"post-18446","1":"product","2":"type-product","3":"status-publish","5":"product_cat-maros-megyei-eletrajzi-lexikon","7":"first","8":"instock","9":"shipping-taxable","10":"product-type-simple"},"_links":{"self":[{"href":"https:\/\/uj.adatbank.ro\/lexikon\/wp-json\/wp\/v2\/product\/18446","targetHints":{"allow":["GET"]}}],"collection":[{"href":"https:\/\/uj.adatbank.ro\/lexikon\/wp-json\/wp\/v2\/product"}],"about":[{"href":"https:\/\/uj.adatbank.ro\/lexikon\/wp-json\/wp\/v2\/types\/product"}],"replies":[{"embeddable":true,"href":"https:\/\/uj.adatbank.ro\/lexikon\/wp-json\/wp\/v2\/comments?post=18446"}],"wp:attachment":[{"href":"https:\/\/uj.adatbank.ro\/lexikon\/wp-json\/wp\/v2\/media?parent=18446"}],"wp:term":[{"taxonomy":"product_brand","embeddable":true,"href":"https:\/\/uj.adatbank.ro\/lexikon\/wp-json\/wp\/v2\/product_brand?post=18446"},{"taxonomy":"product_cat","embeddable":true,"href":"https:\/\/uj.adatbank.ro\/lexikon\/wp-json\/wp\/v2\/product_cat?post=18446"},{"taxonomy":"product_tag","embeddable":true,"href":"https:\/\/uj.adatbank.ro\/lexikon\/wp-json\/wp\/v2\/product_tag?post=18446"}],"curies":[{"name":"wp","href":"https:\/\/api.w.org\/{rel}","templated":true}]}}