{"id":18450,"date":"2025-07-16T10:52:18","date_gmt":"2025-07-16T08:52:18","guid":{"rendered":"https:\/\/uj.adatbank.ro\/lexikon\/termek\/pop-gligor-a-lui-sandu-anii\/"},"modified":"2025-07-16T10:52:18","modified_gmt":"2025-07-16T08:52:18","slug":"pop-gligor-a-lui-sandu-anii","status":"publish","type":"product","link":"https:\/\/uj.adatbank.ro\/lexikon\/termek\/pop-gligor-a-lui-sandu-anii\/","title":{"rendered":"POP, Gligor, a lui Sandu Anii"},"content":{"rendered":"<p>G\u00f6rg\u00e9nyhod\u00e1k (Maros), 1917., \u2020\u00a0?: furulyak\u00e9sz\u00edt\u0151. \u2013 Az apj\u00e1t\u00f3l, nagyapj\u00e1t\u00f3l tanulta a furulyak\u00e9sz\u00edt\u00e9st. Egyike a k\u00f6rny\u00e9k legh\u00edresebb mestereinek, el\u0151bb szilvaf\u00e1b\u00f3l, majd reketty\u00e9b\u0151l k\u00e9sz\u00edtette hangszereit azut\u00e1n szinezte is \u0151ket. <br \/><strong>Irod.:<\/strong> MMK<\/br><\/p>\n","protected":false},"excerpt":{"rendered":"<p>G\u00f6rg\u00e9nyhod\u00e1k (Maros), 1917., \u2020\u00a0?: furulyak\u00e9sz\u00edt\u0151. \u2013 Az apj\u00e1t\u00f3l, nagyapj\u00e1t\u00f3l tanulta a furulyak\u00e9sz\u00edt\u00e9st. Egyike a k\u00f6rny\u00e9k legh\u00edresebb mestereinek, el\u0151bb szilvaf\u00e1b\u00f3l, majd reketty\u00e9b\u0151l k\u00e9sz\u00edtette hangszereit azut\u00e1n szinezte is \u0151ket. Irod.: MMK<\/p>\n","protected":false},"featured_media":0,"comment_status":"open","ping_status":"closed","template":"","meta":[],"product_brand":[],"product_cat":[137],"product_tag":[],"class_list":{"0":"post-18450","1":"product","2":"type-product","3":"status-publish","5":"product_cat-maros-megyei-eletrajzi-lexikon","7":"first","8":"instock","9":"shipping-taxable","10":"product-type-simple"},"_links":{"self":[{"href":"https:\/\/uj.adatbank.ro\/lexikon\/wp-json\/wp\/v2\/product\/18450","targetHints":{"allow":["GET"]}}],"collection":[{"href":"https:\/\/uj.adatbank.ro\/lexikon\/wp-json\/wp\/v2\/product"}],"about":[{"href":"https:\/\/uj.adatbank.ro\/lexikon\/wp-json\/wp\/v2\/types\/product"}],"replies":[{"embeddable":true,"href":"https:\/\/uj.adatbank.ro\/lexikon\/wp-json\/wp\/v2\/comments?post=18450"}],"wp:attachment":[{"href":"https:\/\/uj.adatbank.ro\/lexikon\/wp-json\/wp\/v2\/media?parent=18450"}],"wp:term":[{"taxonomy":"product_brand","embeddable":true,"href":"https:\/\/uj.adatbank.ro\/lexikon\/wp-json\/wp\/v2\/product_brand?post=18450"},{"taxonomy":"product_cat","embeddable":true,"href":"https:\/\/uj.adatbank.ro\/lexikon\/wp-json\/wp\/v2\/product_cat?post=18450"},{"taxonomy":"product_tag","embeddable":true,"href":"https:\/\/uj.adatbank.ro\/lexikon\/wp-json\/wp\/v2\/product_tag?post=18450"}],"curies":[{"name":"wp","href":"https:\/\/api.w.org\/{rel}","templated":true}]}}