{"id":18455,"date":"2025-07-16T10:52:27","date_gmt":"2025-07-16T08:52:27","guid":{"rendered":"https:\/\/uj.adatbank.ro\/lexikon\/termek\/pop-ilona\/"},"modified":"2025-07-16T10:52:27","modified_gmt":"2025-07-16T08:52:27","slug":"pop-ilona","status":"publish","type":"product","link":"https:\/\/uj.adatbank.ro\/lexikon\/termek\/pop-ilona\/","title":{"rendered":"POP Ilona"},"content":{"rendered":"<p>? \u2020\u00a0?: koreogr\u00e1fus. \u2013 A mv.-i Sz\u00e9kely Sz\u00ednh\u00e1zn\u00e1l r\u00e9szt vett K\u00e1lm\u00e1n Imre\u00a0: Bajad\u00e9r; Huszka Jen\u0151\u00a0: G\u00fcl baba c. el\u0151ad\u00e1s\u00e1ban mint t\u00e1ncos \u00e9s koreogr\u00e1fus. <br \/><strong>Irod.:<\/strong> Horv\u00e1th Bea<\/br><\/p>\n","protected":false},"excerpt":{"rendered":"<p>? \u2020\u00a0?: koreogr\u00e1fus. \u2013 A mv.-i Sz\u00e9kely Sz\u00ednh\u00e1zn\u00e1l r\u00e9szt vett K\u00e1lm\u00e1n Imre\u00a0: Bajad\u00e9r; Huszka Jen\u0151\u00a0: G\u00fcl baba c. el\u0151ad\u00e1s\u00e1ban mint t\u00e1ncos \u00e9s koreogr\u00e1fus. Irod.: Horv\u00e1th Bea<\/p>\n","protected":false},"featured_media":0,"comment_status":"open","ping_status":"closed","template":"","meta":[],"product_brand":[],"product_cat":[137],"product_tag":[],"class_list":{"0":"post-18455","1":"product","2":"type-product","3":"status-publish","5":"product_cat-maros-megyei-eletrajzi-lexikon","7":"first","8":"instock","9":"shipping-taxable","10":"product-type-simple"},"_links":{"self":[{"href":"https:\/\/uj.adatbank.ro\/lexikon\/wp-json\/wp\/v2\/product\/18455","targetHints":{"allow":["GET"]}}],"collection":[{"href":"https:\/\/uj.adatbank.ro\/lexikon\/wp-json\/wp\/v2\/product"}],"about":[{"href":"https:\/\/uj.adatbank.ro\/lexikon\/wp-json\/wp\/v2\/types\/product"}],"replies":[{"embeddable":true,"href":"https:\/\/uj.adatbank.ro\/lexikon\/wp-json\/wp\/v2\/comments?post=18455"}],"wp:attachment":[{"href":"https:\/\/uj.adatbank.ro\/lexikon\/wp-json\/wp\/v2\/media?parent=18455"}],"wp:term":[{"taxonomy":"product_brand","embeddable":true,"href":"https:\/\/uj.adatbank.ro\/lexikon\/wp-json\/wp\/v2\/product_brand?post=18455"},{"taxonomy":"product_cat","embeddable":true,"href":"https:\/\/uj.adatbank.ro\/lexikon\/wp-json\/wp\/v2\/product_cat?post=18455"},{"taxonomy":"product_tag","embeddable":true,"href":"https:\/\/uj.adatbank.ro\/lexikon\/wp-json\/wp\/v2\/product_tag?post=18455"}],"curies":[{"name":"wp","href":"https:\/\/api.w.org\/{rel}","templated":true}]}}