{"id":18460,"date":"2025-07-16T10:52:39","date_gmt":"2025-07-16T08:52:39","guid":{"rendered":"https:\/\/uj.adatbank.ro\/lexikon\/termek\/pop-ioan-4\/"},"modified":"2025-07-16T10:52:39","modified_gmt":"2025-07-16T08:52:39","slug":"pop-ioan-4","status":"publish","type":"product","link":"https:\/\/uj.adatbank.ro\/lexikon\/termek\/pop-ioan-4\/","title":{"rendered":"POP, Ioan"},"content":{"rendered":"<p>Farag\u00f3, 1900., \u2020 Majsz\u00edn, 1944. okt. 14.: egyik \u00e1ldozata a k\u00e9nyszermunk\u00e1ra Fels\u0151vis\u00f3ba hurcolt, majd Majsz\u00ednban t\u00f6bb t\u00e1rs\u00e1val egy\u00fctt \u00e1rtatlanul lel\u0151tt embereknek. <br \/><strong>Irod.:<\/strong> F\u0103r\u0103g\u0103u<\/br><\/p>\n","protected":false},"excerpt":{"rendered":"<p>Farag\u00f3, 1900., \u2020 Majsz\u00edn, 1944. okt. 14.: egyik \u00e1ldozata a k\u00e9nyszermunk\u00e1ra Fels\u0151vis\u00f3ba hurcolt, majd Majsz\u00ednban t\u00f6bb t\u00e1rs\u00e1val egy\u00fctt \u00e1rtatlanul lel\u0151tt embereknek. Irod.: F\u0103r\u0103g\u0103u<\/p>\n","protected":false},"featured_media":0,"comment_status":"open","ping_status":"closed","template":"","meta":[],"product_brand":[],"product_cat":[137],"product_tag":[],"class_list":{"0":"post-18460","1":"product","2":"type-product","3":"status-publish","5":"product_cat-maros-megyei-eletrajzi-lexikon","7":"first","8":"instock","9":"shipping-taxable","10":"product-type-simple"},"_links":{"self":[{"href":"https:\/\/uj.adatbank.ro\/lexikon\/wp-json\/wp\/v2\/product\/18460","targetHints":{"allow":["GET"]}}],"collection":[{"href":"https:\/\/uj.adatbank.ro\/lexikon\/wp-json\/wp\/v2\/product"}],"about":[{"href":"https:\/\/uj.adatbank.ro\/lexikon\/wp-json\/wp\/v2\/types\/product"}],"replies":[{"embeddable":true,"href":"https:\/\/uj.adatbank.ro\/lexikon\/wp-json\/wp\/v2\/comments?post=18460"}],"wp:attachment":[{"href":"https:\/\/uj.adatbank.ro\/lexikon\/wp-json\/wp\/v2\/media?parent=18460"}],"wp:term":[{"taxonomy":"product_brand","embeddable":true,"href":"https:\/\/uj.adatbank.ro\/lexikon\/wp-json\/wp\/v2\/product_brand?post=18460"},{"taxonomy":"product_cat","embeddable":true,"href":"https:\/\/uj.adatbank.ro\/lexikon\/wp-json\/wp\/v2\/product_cat?post=18460"},{"taxonomy":"product_tag","embeddable":true,"href":"https:\/\/uj.adatbank.ro\/lexikon\/wp-json\/wp\/v2\/product_tag?post=18460"}],"curies":[{"name":"wp","href":"https:\/\/api.w.org\/{rel}","templated":true}]}}