{"id":1847,"date":"2025-06-28T11:55:18","date_gmt":"2025-06-28T09:55:18","guid":{"rendered":"https:\/\/uj.adatbank.ro\/lexikon\/termek\/bajko-barabas\/"},"modified":"2025-06-28T11:55:18","modified_gmt":"2025-06-28T09:55:18","slug":"bajko-barabas","status":"publish","type":"product","link":"https:\/\/uj.adatbank.ro\/lexikon\/termek\/bajko-barabas\/","title":{"rendered":"BAJK\u00d3 Barab\u00e1s"},"content":{"rendered":"<p>Nagyv\u00e1rad, 1916. dec. 28., \u2020 ? : orvos. \u2013 Gimn.-i tanulm\u00e1nyait a sepsiszentgy\u00f6rgyi Mik\u00f3 Koll.-ban v\u00e9gezte, majd a buk.-i Orvostudom\u00e1nyi Egyetemen tanult, v\u00e9g\u00fcl orvosi dipom\u00e1t a kv.-i egyetemen szerzett (1942). P\u00e1ly\u00e1j\u00e1t az \u00fajonnan megalakult MOGYI-n kezdte, egyetemi tan\u00e1rseg\u00e9d lett a mv.-i N\u0151gy\u00f3gy\u00e1szati klinik\u00e1n (1945\u201347), de egyetemi karrierje sz\u00e1rmaz\u00e1sa miatt gyorsan megszakadt. Orvos, majd f\u0151orvos a cs\u00edkszeredai k\u00f3rh\u00e1zban (1947- ). Vezet\u00e9se alatt alakult meg a modern \u00e9rtelemben vett sz\u00fcl\u00e9szet-n\u0151gy\u00f3gy\u00e1szat oszt\u00e1ly, amelynek hat\u00f3k\u00f6re az eg\u00e9sz Cs\u00edksz\u00e9kre kiterjedt. L\u00e9trehozta a b\u00e1bak\u00e9pz\u0151t, k\u00e9s\u0151bb a sz\u00fcl\u00e9szn\u0151ket k\u00e9pz\u0151 eg\u00e9szs\u00e9g\u00fcgyi technikumot. Oktat\u00e1si tev\u00e9kenys\u00e9g\u00e9hez tartozik az is, hogy szakorvosok eg\u00e9sz sor\u00e1t bocs\u00e1totta \u00fatjukra az int\u00e9zm\u00e9nyben elt\u00f6lt\u00f6tt \u00e9vek ut\u00e1n. Doktori c\u00edmet szerzett (1970). Kutat\u00e1si ter\u00fclete a korasz\u00fcl\u00e9s \u00e9s az anyam\u00e9h. Sz\u00e1mos nemzetk\u00f6zi orvoskongresszus el\u0151ad\u00f3ja volt, rendszeresen publik\u00e1lt hazai \u00e9s k\u00fclf\u00f6ldi lapokban. K\u00fcl\u00f6n\u00f6sen fontosnak tartotta a megel\u0151z\u00e9st: nev\u00e9hez f\u0171z\u0151dik a rendszeres m\u00e9hnyakr\u00e1k-sz\u0171r\u00e9s bevezet\u00e9se, fontosnak tartotta a l\u00e1nyok, fiatal n\u0151k eg\u00e9szs\u00e9g\u00fcgyi nevel\u00e9s\u00e9t. \u201eEls\u0151k\u00e9nt sz\u00e1molt be a hazai szakirodalomban falusi k\u00f6rnyezetben v\u00e9gzett n\u0151gy\u00f3gy\u00e1szati sz\u0171r\u0151vizsg\u00e1latok tanuls\u00e1gair\u00f3l. \u00c9let\u00e9nek utols\u00f3 \u00e9vtizedeiben, orvosi munk\u00e1ja mellett, a sz\u00e9kelys\u00e9g t\u00f6rt\u00e9nelme foglalkoztatta: 17\u201318. sz.-i lustr\u00e1kat kutatta, rendszerezte ezek anyag\u00e1t, seg\u00edtve Imreh Istv\u00e1n \u00e9s Pataki J\u00f3zsef t\u00f6rt\u00e9n\u00e9szek munk\u00e1j\u00e1t. \u2013 <strong>F. m.:<\/strong> N\u00e9h\u00e1ny tan\u00e1cs asszonyoknak (Cs\u00edkszereda, 1948); Mi a vet\u00e9l\u00e9s \u00e9s hogyan k\u00f6vetkezik be\u00a0? (Cs\u00edkszereda, 1981). <br \/><strong>Irod.:<\/strong> Genersich; Sz\u00e9kely Hon (2010. m\u00e1rc. 26; Wikipedia; Todea\u2013F\u00fcl\u00f6p\u2013Avram<\/br><\/p>\n","protected":false},"excerpt":{"rendered":"<p>Nagyv\u00e1rad, 1916. dec. 28., \u2020 ? : orvos. \u2013 Gimn.-i tanulm\u00e1nyait a sepsiszentgy\u00f6rgyi Mik\u00f3 Koll.-ban v\u00e9gezte, majd a buk.-i Orvostudom\u00e1nyi Egyetemen tanult, v\u00e9g\u00fcl orvosi dipom\u00e1t a kv.-i egyetemen szerzett (1942). P\u00e1ly\u00e1j\u00e1t az \u00fajonnan megalakult MOGYI-n kezdte, egyetemi tan\u00e1rseg\u00e9d lett a mv.-i N\u0151gy\u00f3gy\u00e1szati klinik\u00e1n (1945\u201347), de egyetemi karrierje sz\u00e1rmaz\u00e1sa miatt gyorsan megszakadt. Orvos, majd f\u0151orvos a [&hellip;]<\/p>\n","protected":false},"featured_media":0,"comment_status":"open","ping_status":"closed","template":"","meta":[],"product_brand":[],"product_cat":[137],"product_tag":[],"class_list":{"0":"post-1847","1":"product","2":"type-product","3":"status-publish","5":"product_cat-maros-megyei-eletrajzi-lexikon","7":"first","8":"instock","9":"shipping-taxable","10":"product-type-simple"},"_links":{"self":[{"href":"https:\/\/uj.adatbank.ro\/lexikon\/wp-json\/wp\/v2\/product\/1847","targetHints":{"allow":["GET"]}}],"collection":[{"href":"https:\/\/uj.adatbank.ro\/lexikon\/wp-json\/wp\/v2\/product"}],"about":[{"href":"https:\/\/uj.adatbank.ro\/lexikon\/wp-json\/wp\/v2\/types\/product"}],"replies":[{"embeddable":true,"href":"https:\/\/uj.adatbank.ro\/lexikon\/wp-json\/wp\/v2\/comments?post=1847"}],"wp:attachment":[{"href":"https:\/\/uj.adatbank.ro\/lexikon\/wp-json\/wp\/v2\/media?parent=1847"}],"wp:term":[{"taxonomy":"product_brand","embeddable":true,"href":"https:\/\/uj.adatbank.ro\/lexikon\/wp-json\/wp\/v2\/product_brand?post=1847"},{"taxonomy":"product_cat","embeddable":true,"href":"https:\/\/uj.adatbank.ro\/lexikon\/wp-json\/wp\/v2\/product_cat?post=1847"},{"taxonomy":"product_tag","embeddable":true,"href":"https:\/\/uj.adatbank.ro\/lexikon\/wp-json\/wp\/v2\/product_tag?post=1847"}],"curies":[{"name":"wp","href":"https:\/\/api.w.org\/{rel}","templated":true}]}}

BAJKÓ Barabás

<p>Nagyvárad, 1916. dec. 28., † ? : orvos. – Gimn.-i tanulmányait a sepsiszentgyörgyi Mikó Koll.-ban végezte, majd a buk.-i Orvostudományi Egyetemen tanult, végül orvosi dipomát a kv.-i egyetemen szerzett (1942). Pályáját az újonnan megalakult MOGYI-n kezdte, egyetemi tanársegéd lett a mv.-i Nőgyógyászati klinikán (1945–47), de egyetemi karrierje származása miatt gyorsan megszakadt. Orvos, majd főorvos a csíkszeredai kórházban (1947- ). Vezetése alatt alakult meg a modern értelemben vett szülészet-nőgyógyászat osztály, amelynek hatóköre az egész Csíkszékre kiterjedt. Létrehozta a bábaképzőt, később a szülésznőket képző egészségügyi technikumot. Oktatási tevékenységéhez tartozik az is, hogy szakorvosok egész sorát bocsátotta útjukra az intézményben eltöltött évek után. Doktori címet szerzett (1970). Kutatási területe a koraszülés és az anyaméh. Számos nemzetközi orvoskongresszus előadója volt, rendszeresen publikált hazai és külföldi lapokban. Különösen fontosnak tartotta a megelőzést: nevéhez fűződik a rendszeres méhnyakrák-szűrés bevezetése, fontosnak tartotta a lányok, fiatal nők egészségügyi nevelését. „Elsőként számolt be a hazai szakirodalomban falusi környezetben végzett nőgyógyászati szűrővizsgálatok tanulságairól. Életének utolsó évtizedeiben, orvosi munkája mellett, a székelység történelme foglalkoztatta: 17–18. sz.-i lustrákat kutatta, rendszerezte ezek anyagát, segítve Imreh István és Pataki József történészek munkáját. – <strong>F. m.:</strong> Néhány tanács asszonyoknak (Csíkszereda, 1948); Mi a vetélés és hogyan következik be ? (Csíkszereda, 1981). <br /><strong>Irod.:</strong> Genersich; Székely Hon (2010. márc. 26; Wikipedia; Todea–Fülöp–Avram</br></p>

<p>Nagyvárad, 1916. dec. 28., † ? : orvos. – Gimn.-i tanulmányait a sepsiszentgyörgyi Mikó Koll.-ban végezte, majd a buk.-i Orvostudományi Egyetemen tanult, végül orvosi dipomát a kv.-i egyetemen szerzett (1942). Pályáját az újonnan megalakult MOGYI-n kezdte, egyetemi tanársegéd lett a mv.-i Nőgyógyászati klinikán (1945–47), de egyetemi karrierje származása miatt gyorsan megszakadt. Orvos, majd főorvos a [&hellip;]</p>
