{"id":18470,"date":"2025-07-16T10:53:01","date_gmt":"2025-07-16T08:53:01","guid":{"rendered":"https:\/\/uj.adatbank.ro\/lexikon\/termek\/pop-ladislau\/"},"modified":"2025-07-16T10:53:01","modified_gmt":"2025-07-16T08:53:01","slug":"pop-ladislau","status":"publish","type":"product","link":"https:\/\/uj.adatbank.ro\/lexikon\/termek\/pop-ladislau\/","title":{"rendered":"POP, Ladislau"},"content":{"rendered":"<p>\u2020\u00a0?: ort. pap. \u2013 Mez\u0151szabad ort. papja (1841\u2013 57). Hivatalos k\u00fcld\u00f6tte a bal\u00e1zsfalvi n\u00e9pgy\u0171l\u00e9snek (1848). <br \/><strong>Irod.:<\/strong> \u015eincan 2006<\/br><\/p>\n","protected":false},"excerpt":{"rendered":"<p>\u2020\u00a0?: ort. pap. \u2013 Mez\u0151szabad ort. papja (1841\u2013 57). Hivatalos k\u00fcld\u00f6tte a bal\u00e1zsfalvi n\u00e9pgy\u0171l\u00e9snek (1848). Irod.: \u015eincan 2006<\/p>\n","protected":false},"featured_media":0,"comment_status":"open","ping_status":"closed","template":"","meta":[],"product_brand":[],"product_cat":[137],"product_tag":[],"class_list":{"0":"post-18470","1":"product","2":"type-product","3":"status-publish","5":"product_cat-maros-megyei-eletrajzi-lexikon","7":"first","8":"instock","9":"shipping-taxable","10":"product-type-simple"},"_links":{"self":[{"href":"https:\/\/uj.adatbank.ro\/lexikon\/wp-json\/wp\/v2\/product\/18470","targetHints":{"allow":["GET"]}}],"collection":[{"href":"https:\/\/uj.adatbank.ro\/lexikon\/wp-json\/wp\/v2\/product"}],"about":[{"href":"https:\/\/uj.adatbank.ro\/lexikon\/wp-json\/wp\/v2\/types\/product"}],"replies":[{"embeddable":true,"href":"https:\/\/uj.adatbank.ro\/lexikon\/wp-json\/wp\/v2\/comments?post=18470"}],"wp:attachment":[{"href":"https:\/\/uj.adatbank.ro\/lexikon\/wp-json\/wp\/v2\/media?parent=18470"}],"wp:term":[{"taxonomy":"product_brand","embeddable":true,"href":"https:\/\/uj.adatbank.ro\/lexikon\/wp-json\/wp\/v2\/product_brand?post=18470"},{"taxonomy":"product_cat","embeddable":true,"href":"https:\/\/uj.adatbank.ro\/lexikon\/wp-json\/wp\/v2\/product_cat?post=18470"},{"taxonomy":"product_tag","embeddable":true,"href":"https:\/\/uj.adatbank.ro\/lexikon\/wp-json\/wp\/v2\/product_tag?post=18470"}],"curies":[{"name":"wp","href":"https:\/\/api.w.org\/{rel}","templated":true}]}}