{"id":18481,"date":"2025-07-16T10:53:25","date_gmt":"2025-07-16T08:53:25","guid":{"rendered":"https:\/\/uj.adatbank.ro\/lexikon\/termek\/pop-mihail\/"},"modified":"2025-07-16T10:53:25","modified_gmt":"2025-07-16T08:53:25","slug":"pop-mihail","status":"publish","type":"product","link":"https:\/\/uj.adatbank.ro\/lexikon\/termek\/pop-mihail\/","title":{"rendered":"POP, Mihail"},"content":{"rendered":"<p>\u2020\u00a0?: g. kat. pap. Sz\u00e9lk\u00fatban (1946 \u2013 1948).Szolg\u00e1lata idej\u00e9ben, a kommunista hatalom bevezet\u00e9se ut\u00e1n, a g. kat. vall\u00e1st betiltott\u00e1k (1948). Ioan Suciu g.kat.p\u00fcsp\u00f6knek m\u00e1r betiltott\u00e1k, h. sz\u00f3ljon a bal\u00e1zsfalvi centen\u00e1rium alkalm\u00e1val szervezett Szabads\u00e1g Mezeji n\u00e9pgy\u0171l\u00e9sen (1948 m\u00e1j. 3\/15). Arra k\u00e9nyszer\u00fclt, h. hagyja el a n\u00e9pgy\u0171l\u00e9st. Ioan Miclea pap ezt mondta : J\u00e1nos testv\u00e9r, ett\u0151l a pillanatt\u00f3l kezdvd megkezd\u0151d\u00f6tt a G. Kat. Egyh\u00e1z Nagyp\u00e9ntekje! Bal\u00e1zsfalva megsz\u0171nt szellemi \u00e9s kultur\u00e1lis k\u00f6zpontnak lenni. Megtiltott\u00e1k az anyak\u00f6nyvi iratokban felt\u0171ntetni a g. kat. vall\u00e1st. <br \/><strong>Irod.:<\/strong> S\u0103lcud<\/br><\/p>\n","protected":false},"excerpt":{"rendered":"<p>\u2020\u00a0?: g. kat. pap. Sz\u00e9lk\u00fatban (1946 \u2013 1948).Szolg\u00e1lata idej\u00e9ben, a kommunista hatalom bevezet\u00e9se ut\u00e1n, a g. kat. vall\u00e1st betiltott\u00e1k (1948). Ioan Suciu g.kat.p\u00fcsp\u00f6knek m\u00e1r betiltott\u00e1k, h. sz\u00f3ljon a bal\u00e1zsfalvi centen\u00e1rium alkalm\u00e1val szervezett Szabads\u00e1g Mezeji n\u00e9pgy\u0171l\u00e9sen (1948 m\u00e1j. 3\/15). Arra k\u00e9nyszer\u00fclt, h. hagyja el a n\u00e9pgy\u0171l\u00e9st. Ioan Miclea pap ezt mondta : J\u00e1nos testv\u00e9r, ett\u0151l a [&hellip;]<\/p>\n","protected":false},"featured_media":0,"comment_status":"open","ping_status":"closed","template":"","meta":[],"product_brand":[],"product_cat":[137],"product_tag":[],"class_list":{"0":"post-18481","1":"product","2":"type-product","3":"status-publish","5":"product_cat-maros-megyei-eletrajzi-lexikon","7":"first","8":"instock","9":"shipping-taxable","10":"product-type-simple"},"_links":{"self":[{"href":"https:\/\/uj.adatbank.ro\/lexikon\/wp-json\/wp\/v2\/product\/18481","targetHints":{"allow":["GET"]}}],"collection":[{"href":"https:\/\/uj.adatbank.ro\/lexikon\/wp-json\/wp\/v2\/product"}],"about":[{"href":"https:\/\/uj.adatbank.ro\/lexikon\/wp-json\/wp\/v2\/types\/product"}],"replies":[{"embeddable":true,"href":"https:\/\/uj.adatbank.ro\/lexikon\/wp-json\/wp\/v2\/comments?post=18481"}],"wp:attachment":[{"href":"https:\/\/uj.adatbank.ro\/lexikon\/wp-json\/wp\/v2\/media?parent=18481"}],"wp:term":[{"taxonomy":"product_brand","embeddable":true,"href":"https:\/\/uj.adatbank.ro\/lexikon\/wp-json\/wp\/v2\/product_brand?post=18481"},{"taxonomy":"product_cat","embeddable":true,"href":"https:\/\/uj.adatbank.ro\/lexikon\/wp-json\/wp\/v2\/product_cat?post=18481"},{"taxonomy":"product_tag","embeddable":true,"href":"https:\/\/uj.adatbank.ro\/lexikon\/wp-json\/wp\/v2\/product_tag?post=18481"}],"curies":[{"name":"wp","href":"https:\/\/api.w.org\/{rel}","templated":true}]}}