{"id":18491,"date":"2025-07-16T10:53:49","date_gmt":"2025-07-16T08:53:49","guid":{"rendered":"https:\/\/uj.adatbank.ro\/lexikon\/termek\/pop-petru-3\/"},"modified":"2025-07-16T10:53:49","modified_gmt":"2025-07-16T08:53:49","slug":"pop-petru-3","status":"publish","type":"product","link":"https:\/\/uj.adatbank.ro\/lexikon\/termek\/pop-petru-3\/","title":{"rendered":"POP, Petru"},"content":{"rendered":"<p>?\u00a0\u2020\u00a0?: tan\u00edt\u00f3. \u2013 Sz\u00e9kelykereszt\u00faron szerzett tan\u00edt\u00f3i okl.-t. Erd\u0151szak\u00e1lban tan\u00edtott (1856\u201389), a templom el\u0151csarnok\u00e1ban, mert nem volt \u00e9p\u00fclet. A falu lakosai panaszt tettek ellene, mert m. nyelven tan\u00edtotta a rom\u00e1n gyermekeket (1879). Ekkor m\u00e1s tan\u00edt\u00f3t is helyeztek oda, nyugd\u00edjaz\u00e1s\u00e1ig ott is maradt. <br \/><strong>Irod.:<\/strong> S\u0103calu de P\u0103dure<\/br><\/p>\n","protected":false},"excerpt":{"rendered":"<p>?\u00a0\u2020\u00a0?: tan\u00edt\u00f3. \u2013 Sz\u00e9kelykereszt\u00faron szerzett tan\u00edt\u00f3i okl.-t. Erd\u0151szak\u00e1lban tan\u00edtott (1856\u201389), a templom el\u0151csarnok\u00e1ban, mert nem volt \u00e9p\u00fclet. A falu lakosai panaszt tettek ellene, mert m. nyelven tan\u00edtotta a rom\u00e1n gyermekeket (1879). Ekkor m\u00e1s tan\u00edt\u00f3t is helyeztek oda, nyugd\u00edjaz\u00e1s\u00e1ig ott is maradt. Irod.: S\u0103calu de P\u0103dure<\/p>\n","protected":false},"featured_media":0,"comment_status":"open","ping_status":"closed","template":"","meta":[],"product_brand":[],"product_cat":[137],"product_tag":[],"class_list":{"0":"post-18491","1":"product","2":"type-product","3":"status-publish","5":"product_cat-maros-megyei-eletrajzi-lexikon","7":"first","8":"instock","9":"shipping-taxable","10":"product-type-simple"},"_links":{"self":[{"href":"https:\/\/uj.adatbank.ro\/lexikon\/wp-json\/wp\/v2\/product\/18491","targetHints":{"allow":["GET"]}}],"collection":[{"href":"https:\/\/uj.adatbank.ro\/lexikon\/wp-json\/wp\/v2\/product"}],"about":[{"href":"https:\/\/uj.adatbank.ro\/lexikon\/wp-json\/wp\/v2\/types\/product"}],"replies":[{"embeddable":true,"href":"https:\/\/uj.adatbank.ro\/lexikon\/wp-json\/wp\/v2\/comments?post=18491"}],"wp:attachment":[{"href":"https:\/\/uj.adatbank.ro\/lexikon\/wp-json\/wp\/v2\/media?parent=18491"}],"wp:term":[{"taxonomy":"product_brand","embeddable":true,"href":"https:\/\/uj.adatbank.ro\/lexikon\/wp-json\/wp\/v2\/product_brand?post=18491"},{"taxonomy":"product_cat","embeddable":true,"href":"https:\/\/uj.adatbank.ro\/lexikon\/wp-json\/wp\/v2\/product_cat?post=18491"},{"taxonomy":"product_tag","embeddable":true,"href":"https:\/\/uj.adatbank.ro\/lexikon\/wp-json\/wp\/v2\/product_tag?post=18491"}],"curies":[{"name":"wp","href":"https:\/\/api.w.org\/{rel}","templated":true}]}}