{"id":18497,"date":"2025-07-16T10:54:02","date_gmt":"2025-07-16T08:54:02","guid":{"rendered":"https:\/\/uj.adatbank.ro\/lexikon\/termek\/pop-simion-3\/"},"modified":"2025-07-16T10:54:02","modified_gmt":"2025-07-16T08:54:02","slug":"pop-simion-3","status":"publish","type":"product","link":"https:\/\/uj.adatbank.ro\/lexikon\/termek\/pop-simion-3\/","title":{"rendered":"POP, Simion"},"content":{"rendered":"<p>Mez\u0151szokol, ? \u2020\u00a0?: pap. \u2013 Toldalagon teljes\u00edtette papi hivat\u00e1s\u00e1t amikor letart\u00f3ztatt\u00e1k \u00e9s Al Todea\u2013F\u00fcl\u00f6p\u2013Avramval egy\u00fctt el\u00edt\u00e9lt\u00e9k (1952), k\u00e9nyszermunka t\u00e1borokban raboskodott. <br \/><strong>Irod.:<\/strong> Ioni\u0163oiu<\/br><\/p>\n","protected":false},"excerpt":{"rendered":"<p>Mez\u0151szokol, ? \u2020\u00a0?: pap. \u2013 Toldalagon teljes\u00edtette papi hivat\u00e1s\u00e1t amikor letart\u00f3ztatt\u00e1k \u00e9s Al Todea\u2013F\u00fcl\u00f6p\u2013Avramval egy\u00fctt el\u00edt\u00e9lt\u00e9k (1952), k\u00e9nyszermunka t\u00e1borokban raboskodott. Irod.: Ioni\u0163oiu<\/p>\n","protected":false},"featured_media":0,"comment_status":"open","ping_status":"closed","template":"","meta":[],"product_brand":[],"product_cat":[137],"product_tag":[],"class_list":{"0":"post-18497","1":"product","2":"type-product","3":"status-publish","5":"product_cat-maros-megyei-eletrajzi-lexikon","7":"first","8":"instock","9":"shipping-taxable","10":"product-type-simple"},"_links":{"self":[{"href":"https:\/\/uj.adatbank.ro\/lexikon\/wp-json\/wp\/v2\/product\/18497","targetHints":{"allow":["GET"]}}],"collection":[{"href":"https:\/\/uj.adatbank.ro\/lexikon\/wp-json\/wp\/v2\/product"}],"about":[{"href":"https:\/\/uj.adatbank.ro\/lexikon\/wp-json\/wp\/v2\/types\/product"}],"replies":[{"embeddable":true,"href":"https:\/\/uj.adatbank.ro\/lexikon\/wp-json\/wp\/v2\/comments?post=18497"}],"wp:attachment":[{"href":"https:\/\/uj.adatbank.ro\/lexikon\/wp-json\/wp\/v2\/media?parent=18497"}],"wp:term":[{"taxonomy":"product_brand","embeddable":true,"href":"https:\/\/uj.adatbank.ro\/lexikon\/wp-json\/wp\/v2\/product_brand?post=18497"},{"taxonomy":"product_cat","embeddable":true,"href":"https:\/\/uj.adatbank.ro\/lexikon\/wp-json\/wp\/v2\/product_cat?post=18497"},{"taxonomy":"product_tag","embeddable":true,"href":"https:\/\/uj.adatbank.ro\/lexikon\/wp-json\/wp\/v2\/product_tag?post=18497"}],"curies":[{"name":"wp","href":"https:\/\/api.w.org\/{rel}","templated":true}]}}