{"id":1850,"date":"2025-06-28T11:55:24","date_gmt":"2025-06-28T09:55:24","guid":{"rendered":"https:\/\/uj.adatbank.ro\/lexikon\/termek\/bajko-mate\/"},"modified":"2025-06-28T11:55:24","modified_gmt":"2025-06-28T09:55:24","slug":"bajko-mate","status":"publish","type":"product","link":"https:\/\/uj.adatbank.ro\/lexikon\/termek\/bajko-mate\/","title":{"rendered":"BAJK\u00d3 M\u00e1t\u00e9"},"content":{"rendered":"<p>Felfalu, 1878 dec. 30., \u2020\u00a0Szenth\u00e1roms\u00e1g, 1933. okt. 17.: tan\u00edt\u00f3. \u2013 Szenth\u00e1roms\u00e1gon tan\u00edtott (1895\u2013). Tev\u00e9kenys\u00e9g\u00e9vel a kat. felekezeti oktat\u00e1s min\u0151s\u00e9g\u00e9ben gy\u00f6keres v\u00e1ltoz\u00e1st hozott. Nem egyszer \u00f6ssze\u00fctk\u00f6z\u00e9sbe ker\u00fclt a k\u00f6zs\u00e9g pl\u00e9b\u00e1nos\u00e1val k\u00fcl\u00f6nv\u00e9lem\u00e9nye miatt. A szenth\u00e1roms\u00e1gi r. k. iskola els\u0151 civil igazgat\u00f3ja (1933-ig). L\u00e9trehozta Maros megye m\u00e1sodik fogyaszt\u00e1si \u00e9s hitelsz\u00f6vetkezet\u00e9t (1907\u2013). Ez s\u00e9rtette a falu tejhatalm\u00fa ura S\u00e1nta Albert \u00e9rdekeit, aki kieszk\u00f6z\u00f6lte hogy beh\u00edvj\u00e1k katon\u00e1nak (1918). M\u00edg katona volt a sz\u00f6vetkezetet t\u00f6nkre tette. Leszerel\u00e9se ut\u00e1n a falu \u00f6nk\u00e9ntes vezet\u0151j\u00e9v\u00e9 v\u00e1lt tekint\u00e9lye \u00e9s munk\u00e1ss\u00e1ga r\u00e9v\u00e9n. A gazdagabbak hat\u00f3s\u00e1g elleni propaganda v\u00e1dj\u00e1val hadb\u00edr\u00f3s\u00e1g el\u00e9 \u00e1ll\u00edtott\u00e1k (1931), a falu mell\u00e9 \u00e1lt 52-en tan\u00faskodtak mellette, felmentett\u00e9k. A fiataloknak n\u00e9psz\u00ednm\u0171veket tan\u00edtott, az iskol\u00e1t felszerelte szeml\u00e9ltet\u0151 eszk\u00f6z\u00f6kkel, 68 k\u00f6tetes iskolak\u00f6nyvt\u00e1rat \u00e9s faiskol\u00e1t l\u00e9tes\u00edtett. <br \/><strong>Irod.:<\/strong> Maros-k\u00fck\u00fcll\u0151i f\u0151esp.<\/br><\/p>\n","protected":false},"excerpt":{"rendered":"<p>Felfalu, 1878 dec. 30., \u2020\u00a0Szenth\u00e1roms\u00e1g, 1933. okt. 17.: tan\u00edt\u00f3. \u2013 Szenth\u00e1roms\u00e1gon tan\u00edtott (1895\u2013). Tev\u00e9kenys\u00e9g\u00e9vel a kat. felekezeti oktat\u00e1s min\u0151s\u00e9g\u00e9ben gy\u00f6keres v\u00e1ltoz\u00e1st hozott. Nem egyszer \u00f6ssze\u00fctk\u00f6z\u00e9sbe ker\u00fclt a k\u00f6zs\u00e9g pl\u00e9b\u00e1nos\u00e1val k\u00fcl\u00f6nv\u00e9lem\u00e9nye miatt. A szenth\u00e1roms\u00e1gi r. k. iskola els\u0151 civil igazgat\u00f3ja (1933-ig). L\u00e9trehozta Maros megye m\u00e1sodik fogyaszt\u00e1si \u00e9s hitelsz\u00f6vetkezet\u00e9t (1907\u2013). Ez s\u00e9rtette a falu tejhatalm\u00fa ura S\u00e1nta [&hellip;]<\/p>\n","protected":false},"featured_media":0,"comment_status":"open","ping_status":"closed","template":"","meta":[],"product_brand":[],"product_cat":[137],"product_tag":[],"class_list":{"0":"post-1850","1":"product","2":"type-product","3":"status-publish","5":"product_cat-maros-megyei-eletrajzi-lexikon","7":"first","8":"instock","9":"shipping-taxable","10":"product-type-simple"},"_links":{"self":[{"href":"https:\/\/uj.adatbank.ro\/lexikon\/wp-json\/wp\/v2\/product\/1850","targetHints":{"allow":["GET"]}}],"collection":[{"href":"https:\/\/uj.adatbank.ro\/lexikon\/wp-json\/wp\/v2\/product"}],"about":[{"href":"https:\/\/uj.adatbank.ro\/lexikon\/wp-json\/wp\/v2\/types\/product"}],"replies":[{"embeddable":true,"href":"https:\/\/uj.adatbank.ro\/lexikon\/wp-json\/wp\/v2\/comments?post=1850"}],"wp:attachment":[{"href":"https:\/\/uj.adatbank.ro\/lexikon\/wp-json\/wp\/v2\/media?parent=1850"}],"wp:term":[{"taxonomy":"product_brand","embeddable":true,"href":"https:\/\/uj.adatbank.ro\/lexikon\/wp-json\/wp\/v2\/product_brand?post=1850"},{"taxonomy":"product_cat","embeddable":true,"href":"https:\/\/uj.adatbank.ro\/lexikon\/wp-json\/wp\/v2\/product_cat?post=1850"},{"taxonomy":"product_tag","embeddable":true,"href":"https:\/\/uj.adatbank.ro\/lexikon\/wp-json\/wp\/v2\/product_tag?post=1850"}],"curies":[{"name":"wp","href":"https:\/\/api.w.org\/{rel}","templated":true}]}}

BAJKÓ Máté

<p>Felfalu, 1878 dec. 30., † Szentháromság, 1933. okt. 17.: tanító. – Szentháromságon tanított (1895–). Tevékenységével a kat. felekezeti oktatás minőségében gyökeres változást hozott. Nem egyszer összeütközésbe került a község plébánosával különvéleménye miatt. A szentháromsági r. k. iskola első civil igazgatója (1933-ig). Létrehozta Maros megye második fogyasztási és hitelszövetkezetét (1907–). Ez sértette a falu tejhatalmú ura Sánta Albert érdekeit, aki kieszközölte hogy behívják katonának (1918). Míg katona volt a szövetkezetet tönkre tette. Leszerelése után a falu önkéntes vezetőjévé vált tekintélye és munkássága révén. A gazdagabbak hatóság elleni propaganda vádjával hadbíróság elé állították (1931), a falu mellé ált 52-en tanúskodtak mellette, felmentették. A fiataloknak népszínműveket tanított, az iskolát felszerelte szemléltető eszközökkel, 68 kötetes iskolakönyvtárat és faiskolát létesített. <br /><strong>Irod.:</strong> Maros-küküllői főesp.</br></p>

<p>Felfalu, 1878 dec. 30., † Szentháromság, 1933. okt. 17.: tanító. – Szentháromságon tanított (1895–). Tevékenységével a kat. felekezeti oktatás minőségében gyökeres változást hozott. Nem egyszer összeütközésbe került a község plébánosával különvéleménye miatt. A szentháromsági r. k. iskola első civil igazgatója (1933-ig). Létrehozta Maros megye második fogyasztási és hitelszövetkezetét (1907–). Ez sértette a falu tejhatalmú ura Sánta [&hellip;]</p>
