{"id":18501,"date":"2025-07-16T10:54:10","date_gmt":"2025-07-16T08:54:10","guid":{"rendered":"https:\/\/uj.adatbank.ro\/lexikon\/termek\/pop-teodor-2\/"},"modified":"2025-07-16T10:54:10","modified_gmt":"2025-07-16T08:54:10","slug":"pop-teodor-2","status":"publish","type":"product","link":"https:\/\/uj.adatbank.ro\/lexikon\/termek\/pop-teodor-2\/","title":{"rendered":"POP, Teodor"},"content":{"rendered":"<p>? \u2020\u00a0?: tiszt. \u2013 Szekurit\u00e1t\u00e9n tiszt Ludas v\u00e1rosban, akit kirendeltek Sz\u00e9lk\u00fatba, az\u00e9rt, h. letart\u00f3ztassa azokat a f\u00f6ldm\u0171veseket, akik nem akartak be\u00e1llni a kollekt\u00edv gazdas\u00e1gba (1953). Hat f\u00f6ldtulajdonost k\u00eds\u00e9rtek be Ludasra, majd egy kv.-i sz\u00ednlelt politikai per ut\u00e1n, ahol 15 \u00e9s 6 \u00e9v k\u00f6z\u00f6tti b\u00f6rt\u00f6nb\u00fcntet\u00e9sre \u00e9s teljes vagyonelkobz\u00e1sra \u00edt\u00e9lt\u00e9k \u0151ket, a szamos\u00fajv\u00e1ri b\u00f6rt\u00f6nbe k\u00fcldt\u00e9k \u0151ket (Pop Teodor, Grindean Nicolae, Tru\u0163\u0103 Tiberiu, Balea T\u0103n\u0103sie, Marian Gheorghe \u00e9s Tru\u0163\u0103 Ioan (1958). <br \/><strong>Irod.:<\/strong> Bartos 2012; S\u0103lcud<\/br><\/p>\n","protected":false},"excerpt":{"rendered":"<p>? \u2020\u00a0?: tiszt. \u2013 Szekurit\u00e1t\u00e9n tiszt Ludas v\u00e1rosban, akit kirendeltek Sz\u00e9lk\u00fatba, az\u00e9rt, h. letart\u00f3ztassa azokat a f\u00f6ldm\u0171veseket, akik nem akartak be\u00e1llni a kollekt\u00edv gazdas\u00e1gba (1953). Hat f\u00f6ldtulajdonost k\u00eds\u00e9rtek be Ludasra, majd egy kv.-i sz\u00ednlelt politikai per ut\u00e1n, ahol 15 \u00e9s 6 \u00e9v k\u00f6z\u00f6tti b\u00f6rt\u00f6nb\u00fcntet\u00e9sre \u00e9s teljes vagyonelkobz\u00e1sra \u00edt\u00e9lt\u00e9k \u0151ket, a szamos\u00fajv\u00e1ri b\u00f6rt\u00f6nbe k\u00fcldt\u00e9k \u0151ket (Pop [&hellip;]<\/p>\n","protected":false},"featured_media":0,"comment_status":"open","ping_status":"closed","template":"","meta":[],"product_brand":[],"product_cat":[137],"product_tag":[],"class_list":{"0":"post-18501","1":"product","2":"type-product","3":"status-publish","5":"product_cat-maros-megyei-eletrajzi-lexikon","7":"first","8":"instock","9":"shipping-taxable","10":"product-type-simple"},"_links":{"self":[{"href":"https:\/\/uj.adatbank.ro\/lexikon\/wp-json\/wp\/v2\/product\/18501","targetHints":{"allow":["GET"]}}],"collection":[{"href":"https:\/\/uj.adatbank.ro\/lexikon\/wp-json\/wp\/v2\/product"}],"about":[{"href":"https:\/\/uj.adatbank.ro\/lexikon\/wp-json\/wp\/v2\/types\/product"}],"replies":[{"embeddable":true,"href":"https:\/\/uj.adatbank.ro\/lexikon\/wp-json\/wp\/v2\/comments?post=18501"}],"wp:attachment":[{"href":"https:\/\/uj.adatbank.ro\/lexikon\/wp-json\/wp\/v2\/media?parent=18501"}],"wp:term":[{"taxonomy":"product_brand","embeddable":true,"href":"https:\/\/uj.adatbank.ro\/lexikon\/wp-json\/wp\/v2\/product_brand?post=18501"},{"taxonomy":"product_cat","embeddable":true,"href":"https:\/\/uj.adatbank.ro\/lexikon\/wp-json\/wp\/v2\/product_cat?post=18501"},{"taxonomy":"product_tag","embeddable":true,"href":"https:\/\/uj.adatbank.ro\/lexikon\/wp-json\/wp\/v2\/product_tag?post=18501"}],"curies":[{"name":"wp","href":"https:\/\/api.w.org\/{rel}","templated":true}]}}