{"id":18508,"date":"2025-07-16T10:54:23","date_gmt":"2025-07-16T08:54:23","guid":{"rendered":"https:\/\/uj.adatbank.ro\/lexikon\/termek\/pop-vasile-2\/"},"modified":"2025-07-16T10:54:23","modified_gmt":"2025-07-16T08:54:23","slug":"pop-vasile-2","status":"publish","type":"product","link":"https:\/\/uj.adatbank.ro\/lexikon\/termek\/pop-vasile-2\/","title":{"rendered":"POP, Vasile"},"content":{"rendered":"<p>N\u00e1zn\u00e1nfalva, 1825 v. 27, \u2020\u00a0Meggyesfalva, 1848. okt. 12., N\u00e1zn\u00e1nfalv\u00e1n temett\u00e9k el: ort. pap, teol\u00f3gus, szabads\u00e1gharcos. \u2013 A n\u00e1znafalvi ort. lelk\u00e9sz fia. Szebenben v\u00e9gezte a teol\u00f3gi\u00e1t. R\u00e9szt vett az 1848. \u00e9vi bal\u00e1zsfalvi nemzetgy\u00fcl\u00e9sen (1848. szept. 15\u201325.), ahol a rom\u00e1ns\u00e1g elhat\u00e1rozta a fegyveres f\u00f6lkel\u00e9st. A gy\u0171l\u00e9s ut\u00e1n megb\u00edz\u00e1st kapott a N\u00e1zn\u00e1nfalu k\u00f6rzet\u00e9ben l\u00e9v\u0151 10 k\u00f6zs\u00e9g megszervez\u00e9s\u00e9re \u00e9s vezet\u00e9s\u00e9re, a rom\u00e1n n\u00e9pess\u00e9g mozg\u00f3s\u00edt\u00e1s\u00e1ra. A k\u00f6zs\u00e9gek vezet\u0151it lev\u00e9lben \u00e9rtes\u00edtette a falusi n\u00e9p esk\u00fct\u00e9tel\u00e9nek d\u00e1tum\u00e1r\u00f3l. \u0150 mag\u00e1t szolgab\u00edr\u00f3nak tekintette, pedig val\u00f3j\u00e1ban ifj. Jenei J\u00f3zsef volt a kinevezett szolgab\u00edr\u00f3. Tev\u00e9kenys\u00e9g\u00e9t a hat\u00f3s\u00e1gok nem n\u00e9zt\u00e9k j\u00f3 szemmel, fel is jelentett\u00e9k \u0151t, ez\u00e9rt elmenek\u00fclt a Kerel\u0151n bujk\u00e1l\u00f3 Vasile Moldovan l\u00e9gi\u00f3parancsnokhoz, de visszat\u00e9rt. Jenei szorgalmazta a stat\u00e1ri\u00e1lis t\u00f6rv\u00e9nysz\u00e9k fel\u00e1ll\u00edt\u00e1s\u00e1t, ahol a bujtogat\u00f3kat \u00edt\u00e9lt\u00e9k el. Ez meg is t\u00f6rt\u00e9nt (1848. okt. 5.). Mivel a papn\u00e1l t\u00f6bb bujtogat\u00f3 levelet tal\u00e1ltak, Jenei letart\u00f3ztatta (1848. okt. 10). A vid\u00e9k rom\u00e1n lakoss\u00e1ga forrongani kezdett, Ioan Oros \u00e9s Vasile Moldovan mozg\u00f3s\u00edtotta a rom\u00e1n k\u00f6zs\u00e9geket \u00e9s Ny\u00e1r\u00e1dt\u0151n 6000 felfegyverzett rom\u00e1n harcos gy\u00fclekezett \u00e9s tiltakozott letart\u00f3ztat\u00e1sa ellen (1848. okt. 12.) tiltakoz\u00f3 ki\u00e1ltv\u00e1nyt k\u00fcldtek Toldalagi f\u0151isp\u00e1nhoz, k\u00f6vetelve Pop szadon bocs\u00e1t\u00e1s\u00e1t. A r\u00f6gt\u00f6n\u00edt\u00e9l\u0151 bir\u00f3s\u00e1g k\u00f6t\u00e9l \u00e1ltali hal\u00e1lra \u00edt\u00e9lte, amely \u00edt\u00e9letet v\u00e9gre is hajtott\u00e1k (1848. okt. 12.). Tisztelet\u00e9re \u00e1ll\u00edtott eml\u00e9km\u0171ve a n\u00e1zn\u00e1nfalvi ortodox templom kertj\u00e9ben \u00e1ll (1935. dec. 1.-\u00e9n leplezt\u00e9k le), nev\u00e9t viseli a rom\u00e1n iskola is. <br \/><strong>Irod.:<\/strong> 1848\u20131849 Transilvania; 1848\u20131849 Marossz\u00e9k , Csepreghy 2010; Popa, Traian: Tg.M.; Profiluri mure\u015fene. 2.; Sepsisz\u00e9ki; , \u015eincan 2006, Theodorian-Carada, M.: Din fr\u0103m\u00e2nt\u0103rile trecutului (Buc., 1920)<\/br><\/p>\n","protected":false},"excerpt":{"rendered":"<p>N\u00e1zn\u00e1nfalva, 1825 v. 27, \u2020\u00a0Meggyesfalva, 1848. okt. 12., N\u00e1zn\u00e1nfalv\u00e1n temett\u00e9k el: ort. pap, teol\u00f3gus, szabads\u00e1gharcos. \u2013 A n\u00e1znafalvi ort. lelk\u00e9sz fia. Szebenben v\u00e9gezte a teol\u00f3gi\u00e1t. R\u00e9szt vett az 1848. \u00e9vi bal\u00e1zsfalvi nemzetgy\u00fcl\u00e9sen (1848. szept. 15\u201325.), ahol a rom\u00e1ns\u00e1g elhat\u00e1rozta a fegyveres f\u00f6lkel\u00e9st. A gy\u0171l\u00e9s ut\u00e1n megb\u00edz\u00e1st kapott a N\u00e1zn\u00e1nfalu k\u00f6rzet\u00e9ben l\u00e9v\u0151 10 k\u00f6zs\u00e9g megszervez\u00e9s\u00e9re \u00e9s [&hellip;]<\/p>\n","protected":false},"featured_media":0,"comment_status":"open","ping_status":"closed","template":"","meta":[],"product_brand":[],"product_cat":[137],"product_tag":[],"class_list":{"0":"post-18508","1":"product","2":"type-product","3":"status-publish","5":"product_cat-maros-megyei-eletrajzi-lexikon","7":"first","8":"instock","9":"shipping-taxable","10":"product-type-simple"},"_links":{"self":[{"href":"https:\/\/uj.adatbank.ro\/lexikon\/wp-json\/wp\/v2\/product\/18508","targetHints":{"allow":["GET"]}}],"collection":[{"href":"https:\/\/uj.adatbank.ro\/lexikon\/wp-json\/wp\/v2\/product"}],"about":[{"href":"https:\/\/uj.adatbank.ro\/lexikon\/wp-json\/wp\/v2\/types\/product"}],"replies":[{"embeddable":true,"href":"https:\/\/uj.adatbank.ro\/lexikon\/wp-json\/wp\/v2\/comments?post=18508"}],"wp:attachment":[{"href":"https:\/\/uj.adatbank.ro\/lexikon\/wp-json\/wp\/v2\/media?parent=18508"}],"wp:term":[{"taxonomy":"product_brand","embeddable":true,"href":"https:\/\/uj.adatbank.ro\/lexikon\/wp-json\/wp\/v2\/product_brand?post=18508"},{"taxonomy":"product_cat","embeddable":true,"href":"https:\/\/uj.adatbank.ro\/lexikon\/wp-json\/wp\/v2\/product_cat?post=18508"},{"taxonomy":"product_tag","embeddable":true,"href":"https:\/\/uj.adatbank.ro\/lexikon\/wp-json\/wp\/v2\/product_tag?post=18508"}],"curies":[{"name":"wp","href":"https:\/\/api.w.org\/{rel}","templated":true}]}}