{"id":18512,"date":"2025-07-16T10:54:34","date_gmt":"2025-07-16T08:54:34","guid":{"rendered":"https:\/\/uj.adatbank.ro\/lexikon\/termek\/pop-vasile-laszlo\/"},"modified":"2025-07-16T10:54:34","modified_gmt":"2025-07-16T08:54:34","slug":"pop-vasile-laszlo","status":"publish","type":"product","link":"https:\/\/uj.adatbank.ro\/lexikon\/termek\/pop-vasile-laszlo\/","title":{"rendered":"POP, Vasile, L\u00e1szl\u00f3"},"content":{"rendered":"<p>G\u00f6rg\u00e9nyhodak, 1892. dec. 21., \u2020\u00a0?: orvos, fogorvos.- Tanult a mv.-i Ref. Koll.-ban, orvosi egyetemi tanulm\u00e1nyokat a kv.- i FJTE folytatott (1913\u201315), majd Bp.-en (1915\u201318), doktor\u00e1tust tett (1918. febr. 1.). Sikeres fogorvosi szakk\u00e9pes\u00edt\u0151 vizsg\u00e1t tett a kv.-i BTE, mv.-i Orvostudom\u00e1nyi Kar\u00e1n (1948). <br \/><strong>Irod.:<\/strong> P\u00e9ter Mih\u00e1ly 2006; Sigmirean<\/br><\/p>\n","protected":false},"excerpt":{"rendered":"<p>G\u00f6rg\u00e9nyhodak, 1892. dec. 21., \u2020\u00a0?: orvos, fogorvos.- Tanult a mv.-i Ref. Koll.-ban, orvosi egyetemi tanulm\u00e1nyokat a kv.- i FJTE folytatott (1913\u201315), majd Bp.-en (1915\u201318), doktor\u00e1tust tett (1918. febr. 1.). Sikeres fogorvosi szakk\u00e9pes\u00edt\u0151 vizsg\u00e1t tett a kv.-i BTE, mv.-i Orvostudom\u00e1nyi Kar\u00e1n (1948). Irod.: P\u00e9ter Mih\u00e1ly 2006; Sigmirean<\/p>\n","protected":false},"featured_media":0,"comment_status":"open","ping_status":"closed","template":"","meta":[],"product_brand":[],"product_cat":[137],"product_tag":[],"class_list":{"0":"post-18512","1":"product","2":"type-product","3":"status-publish","5":"product_cat-maros-megyei-eletrajzi-lexikon","7":"first","8":"instock","9":"shipping-taxable","10":"product-type-simple"},"_links":{"self":[{"href":"https:\/\/uj.adatbank.ro\/lexikon\/wp-json\/wp\/v2\/product\/18512","targetHints":{"allow":["GET"]}}],"collection":[{"href":"https:\/\/uj.adatbank.ro\/lexikon\/wp-json\/wp\/v2\/product"}],"about":[{"href":"https:\/\/uj.adatbank.ro\/lexikon\/wp-json\/wp\/v2\/types\/product"}],"replies":[{"embeddable":true,"href":"https:\/\/uj.adatbank.ro\/lexikon\/wp-json\/wp\/v2\/comments?post=18512"}],"wp:attachment":[{"href":"https:\/\/uj.adatbank.ro\/lexikon\/wp-json\/wp\/v2\/media?parent=18512"}],"wp:term":[{"taxonomy":"product_brand","embeddable":true,"href":"https:\/\/uj.adatbank.ro\/lexikon\/wp-json\/wp\/v2\/product_brand?post=18512"},{"taxonomy":"product_cat","embeddable":true,"href":"https:\/\/uj.adatbank.ro\/lexikon\/wp-json\/wp\/v2\/product_cat?post=18512"},{"taxonomy":"product_tag","embeddable":true,"href":"https:\/\/uj.adatbank.ro\/lexikon\/wp-json\/wp\/v2\/product_tag?post=18512"}],"curies":[{"name":"wp","href":"https:\/\/api.w.org\/{rel}","templated":true}]}}