{"id":18513,"date":"2025-07-16T10:54:37","date_gmt":"2025-07-16T08:54:37","guid":{"rendered":"https:\/\/uj.adatbank.ro\/lexikon\/termek\/pop-vasile-pop-ladislau-basilu-papp-basilius\/"},"modified":"2025-07-16T10:54:37","modified_gmt":"2025-07-16T08:54:37","slug":"pop-vasile-pop-ladislau-basilu-papp-basilius","status":"publish","type":"product","link":"https:\/\/uj.adatbank.ro\/lexikon\/termek\/pop-vasile-pop-ladislau-basilu-papp-basilius\/","title":{"rendered":"POP, Vasile, Pop, Ladislau Basilu, Papp Basilius"},"content":{"rendered":"<p>Kem\u00e9nytelke, 1789., \u2020 Zalatna, 1842. m\u00e1rc. 6.: orvos. \u2013 B\u00e9csben filoz\u00f3fi\u00e1t \u00e9s orvostudom\u00e1nyokat tanult (1811\u201317), mindkett\u0151b\u0151l doktor\u00e1lt. A rom\u00e1nok orvosak\u00e9nt gy\u00f3gy\u00edtott Scheii Brasovuluiban (1817\u201320). Azut\u00e1n szabadfoglalkoz\u00e1s\u00fa orvosk\u00e9nt egy \u00e9vtizeden \u00e1t Brass\u00f3ban tev\u00e9kenykedett, majd egy \u00e9vig Iasiban tov\u00e1bb k\u00e9pezte mag\u00e1t, ahonnan visszat\u00e9rt Brass\u00f3ba. Onnan azonban gazdag boj\u00e1r kliensei visszat\u00e9rtek Havasalf\u00f6ldre, j\u00f6vedelme megcsappant (1821). \u00c1ttelepedett Fogarasba (1828\u2013). Versenyvizsg\u00e1val Zalatna dom\u00e9niumba helyezt\u00e9k kamarai orvosnak, ahol t\u00f6bb mint 13 \u00e9ven kereszt\u00fcl a b\u00e1ny\u00e1szok betegs\u00e9gei ellen k\u00fczd\u00f6tt \u00e9s gy\u00f3gy\u00edtotta \u0151ket. Bevezette a k\u00f6rzeti rendel\u0151k m\u0171k\u00f6d\u00e9s\u00e9t, \u00e9vente ellen\u0151rz\u00e9seket tartott a b\u00e1nyaorvosokn\u00e1l. \u00cdr\u00e1sba foglalta a b\u00e1nyaorvosok tennival\u00f3it a Topografii medicale \u00e9s az Istruc\u0163iune c. tanulm\u00e1nyaiban (1831). S\u00fcrgette a gy\u00f3gyszert\u00e1rak megnyit\u00e1s\u00e1t ezeken a b\u00e1nyahelyeken, jobb munkak\u00f6r\u00fcrm\u00e9nyeket k\u00f6vetelt a b\u00e1ny\u00e1szoknak. Ezen k\u00edv\u00fcl harcolt az \u00e1llatok k\u00f6r\u00e9ben terjed\u0151 sz\u00e1j- \u00e9s k\u00f6r\u00f6mf\u00e1j\u00e1s \u00e9s m\u00e1s emberre is k\u00e1ros \u00e1llatbetegs\u00e9gek ellen is. Zalatn\u00e1n \u00e9lt csal\u00e1dj\u00e1val, sz\u00e9p k\u00f6nyvt\u00e1rat gy\u0171jt\u00f6tt \u00f6ssze, sok \u00e9rt\u00e9kes szakk\u00f6nyvet szerzett be k\u00fclf\u00f6ldr\u0151l, amelynek nagy r\u00e9sze hal\u00e1la ut\u00e1n sz\u00e9tsz\u00f3r\u00f3dott. Tanulm\u00e1nyozta az \u00e1sv\u00e1nyvizek gy\u00f3gyhat\u00e1s\u00e1t. \u2013 <strong>F. m.:<\/strong> \u00c1rapatak, Bodok \u00e9s Kov\u00e1szna \u00e1sv\u00e1nyvizei (1821). <br \/><strong>Irod.:<\/strong> Chiorean 2008<\/br><\/p>\n","protected":false},"excerpt":{"rendered":"<p>Kem\u00e9nytelke, 1789., \u2020 Zalatna, 1842. m\u00e1rc. 6.: orvos. \u2013 B\u00e9csben filoz\u00f3fi\u00e1t \u00e9s orvostudom\u00e1nyokat tanult (1811\u201317), mindkett\u0151b\u0151l doktor\u00e1lt. A rom\u00e1nok orvosak\u00e9nt gy\u00f3gy\u00edtott Scheii Brasovuluiban (1817\u201320). Azut\u00e1n szabadfoglalkoz\u00e1s\u00fa orvosk\u00e9nt egy \u00e9vtizeden \u00e1t Brass\u00f3ban tev\u00e9kenykedett, majd egy \u00e9vig Iasiban tov\u00e1bb k\u00e9pezte mag\u00e1t, ahonnan visszat\u00e9rt Brass\u00f3ba. Onnan azonban gazdag boj\u00e1r kliensei visszat\u00e9rtek Havasalf\u00f6ldre, j\u00f6vedelme megcsappant (1821). \u00c1ttelepedett Fogarasba (1828\u2013). [&hellip;]<\/p>\n","protected":false},"featured_media":0,"comment_status":"open","ping_status":"closed","template":"","meta":[],"product_brand":[],"product_cat":[137],"product_tag":[],"class_list":{"0":"post-18513","1":"product","2":"type-product","3":"status-publish","5":"product_cat-maros-megyei-eletrajzi-lexikon","7":"first","8":"instock","9":"shipping-taxable","10":"product-type-simple"},"_links":{"self":[{"href":"https:\/\/uj.adatbank.ro\/lexikon\/wp-json\/wp\/v2\/product\/18513","targetHints":{"allow":["GET"]}}],"collection":[{"href":"https:\/\/uj.adatbank.ro\/lexikon\/wp-json\/wp\/v2\/product"}],"about":[{"href":"https:\/\/uj.adatbank.ro\/lexikon\/wp-json\/wp\/v2\/types\/product"}],"replies":[{"embeddable":true,"href":"https:\/\/uj.adatbank.ro\/lexikon\/wp-json\/wp\/v2\/comments?post=18513"}],"wp:attachment":[{"href":"https:\/\/uj.adatbank.ro\/lexikon\/wp-json\/wp\/v2\/media?parent=18513"}],"wp:term":[{"taxonomy":"product_brand","embeddable":true,"href":"https:\/\/uj.adatbank.ro\/lexikon\/wp-json\/wp\/v2\/product_brand?post=18513"},{"taxonomy":"product_cat","embeddable":true,"href":"https:\/\/uj.adatbank.ro\/lexikon\/wp-json\/wp\/v2\/product_cat?post=18513"},{"taxonomy":"product_tag","embeddable":true,"href":"https:\/\/uj.adatbank.ro\/lexikon\/wp-json\/wp\/v2\/product_tag?post=18513"}],"curies":[{"name":"wp","href":"https:\/\/api.w.org\/{rel}","templated":true}]}}