{"id":18514,"date":"2025-07-16T10:54:40","date_gmt":"2025-07-16T08:54:40","guid":{"rendered":"https:\/\/uj.adatbank.ro\/lexikon\/termek\/pop-vasile-ladislau-popu-pop-basiliu-ladislau-pop-baziliu-pop-ladislau-basiliu-pop-ladislau-vasile-pop-laszlo-br\/"},"modified":"2025-07-16T10:54:40","modified_gmt":"2025-07-16T08:54:40","slug":"pop-vasile-ladislau-popu-pop-basiliu-ladislau-pop-baziliu-pop-ladislau-basiliu-pop-ladislau-vasile-pop-laszlo-br","status":"publish","type":"product","link":"https:\/\/uj.adatbank.ro\/lexikon\/termek\/pop-vasile-ladislau-popu-pop-basiliu-ladislau-pop-baziliu-pop-ladislau-basiliu-pop-ladislau-vasile-pop-laszlo-br\/","title":{"rendered":"POP, Vasile Ladislau; Popu; Pop Basiliu Ladislau, Pop, Baziliu, Pop Ladislau Basiliu, Pop Ladislau Vasile, Pop L\u00e1szl\u00f3, br."},"content":{"rendered":"<p>N\u00e1dasberend , 1819. jan. 6., \u2020 Bp., 1875. febr. 17., Sz\u00e1szr\u00e9genben temett\u00e9k el, a csal\u00e1di kript\u00e1ba helyezt\u00e9k (1875. febr. 27.) : \u00fcgyv\u00e9d, politikus, g. kat. pap. \u2013 Kv.-on a piarist\u00e1kn\u00e1l (1825\u2013), B\u00e9csben a Szt. Borb\u00e1la papneveld\u00e9ben tanult. Bal\u00e1zsfalv\u00e1n az els\u0151 rom\u00e1n nyelven tan\u00edt\u00f3 matematikatan\u00e1r, aki els\u0151k\u00e9nt javasolta a gyakorlati m\u00e9rtan tan\u00edt\u00e1st (1842\u2013). Konfliktusba ker\u00fclt Lem\u00e9nyi p\u00fcsp\u00f6kkel, elhagyta Bal\u00e1zsfalv\u00e1t \u00e9s Mv.-en lett kancellista a kir. t\u00e1bl\u00e1n\u00e1l, majd \u00fcgyv\u00e9di oklevelet szerzett (1845\u20131848) \u00e9s Sz\u00e1szr\u00e9genben telepedett le, ahol Bornemissza b\u00e1r\u00f3 jog\u00e1sza lett. R\u00e9szt vett a bal\u00e1zsfalvi nagy nemzetgy\u0171l\u00e9sen (1848. m\u00e1j.), tagja volt a b\u00e9csi k\u00fcld\u00f6tts\u00e9gnek. A sz\u00e9kely t\u00e1mad\u00e1s miatt Beszterc\u00e9re menek\u00fclt, h\u00e1z\u00e1t kifosztott\u00e1k, r\u00f6vid id\u0151re Mv.-en volt bez\u00e1rva. A jogi p\u00e1lya legmagasabb fok\u00e1ig is eljutott. A forradalom lever\u00e9se ut\u00e1n kinevezt\u00e9k k\u00f6rzeti fel\u00fcgyel\u0151nek Rettegre (1849. okt. 5.); tan\u00e1csos Beszterc\u00e9n a t\u00f6rv\u00e9nysz\u00e9ken a kriminalisztikai b\u00edr\u00f3s\u00e1gon (1850\u2013), ugyan abban az \u00e9vben Szebenben a feljebbviteli b\u00edr\u00f3s\u00e1g tagja, tan\u00e1csos a felebez\u00e9si t\u00f6rv\u00e9nysz\u00e9ken (1852\u2013), a szebeni Erd\u00e9lyi Fellebbez\u00e9si Hat\u00f3s\u00e1gn\u00e1l (1857); a b\u00e9csi Igazs\u00e1g\u00fcgyi Miniszt\u00e9riumban (1859\u2013), B\u00e9csben az Erd\u00e9lyi Cs\u00e1sz\u00e1ri Kancell\u00e1ri\u00e1n\u00e1l (1860). Aleln\u00f6ke az Erd\u00e9lyi Guberniumnak (1861\u2013), eln\u00f6ke volt a B\u00edr\u00f3i Szen\u00e1tusnak, az erd\u00e9lyi b\u00edr\u00f3s\u00e1goknak, a cs\u00e1sz\u00e1r szem\u00e9lyes tan\u00e1csosa (1863\u2013) \u00e9s megkapta a b\u00e1r\u00f3i c\u00edmet (1864). Egyed\u00fcli rom\u00e1n volt aki abban az id\u0151ben ilyen f\u00e9nyes karriert futott be ezt arra haszn\u00e1lta, hogy a rom\u00e1ns\u00e1g nemzeti jogait kiharcolja: v\u00e1laszt\u00f3jogot k\u00e9rt \u00e9s r\u00e9szt vett a szebeni ogy.-en (1863\u201364), amely a rom\u00e1n nemzet egyenjog\u00fas\u00edt\u00e1s\u00e1t megszavazta. B\u00edzott a b\u00e9csi udvar politik\u00e1j\u00e1ban \u00e9s t\u00e1mogatta azt, k\u00e9pvisel\u0151v\u00e9 v\u00e1lasztott\u00e1k a cs\u00e1sz\u00e1ri szen\u00e1tusba \u00e9s kinevezt\u00e9k bels\u0151 \u00e1llami tan\u00e1csosnak, de mindig a rom\u00e1n nemzeti \u00e9rdekeket tartotta szem el\u0151tt. Az erd\u00e9lyi Legfels\u0151bb T\u00f6rv\u00e9nysz\u00e9k megalakul\u00e1sa ut\u00e1n (1865) annak vezet\u0151je lett; eln\u00f6ke a b\u00e9csi legfels\u0151bb t\u00f6rv\u00e9nysz\u00e9knek Erd\u00e9ly r\u00e9sz\u00e9re (1865\u2013), eln\u00f6ke az erd\u00e9lyi szen\u00e1tusnak a pesti K\u00fari\u00e1n (1867\u2013). A kiegyez\u00e9s ut\u00e1n csal\u00f3dottan vonult vissza a politik\u00e1t\u00f3l, publicisztik\u00e1val foglalkozott. \u00d6sszeh\u00edvta Gyulafeh\u00e9rv\u00e1rra a g\u00f6r\u00f6g-kat. \u00e9rtelmis\u00e9get (1871), akik az egyh\u00e1z f\u00fcggetlens\u00e9g\u00e9t akart\u00e1k megv\u00e9deni. Eln\u00f6ke \u00e9s tev\u00e9keny tagja volt az Astra-nak (1867\u201375), harcolt a rom\u00e1ns\u00e1g nemzeti identit\u00e1sa meg\u0151rz\u00e9s\u00e9\u00e9rt, a m\u0171vel\u0151d\u00e9si \u00e9let fejleszt\u00e9s\u00e9\u00e9rt, t\u00e1mogata a Transilvania c. foly\u00f3irat l\u00e9tes\u00edt\u00e9s\u00e9t; tiszteletbeli eln\u00f6ke volt a Societatea Transilvania-nak Buk.-ben (1868). Munkat\u00e1rsa volt a Gazeta Transilvaniei, Concordia \u00e9s m\u00e1s lapoknak. T\u00f6bb helyes\u00edr\u00e1si valamint, a rom\u00e1n nemzeti viseletr\u0151l sz\u00f3l\u00f3 \u00e9rtekez\u00e9st \u00edrt. A Vaskorona lovagrend II. fokozat\u00e1nak kit\u00fcntetettje volt. S\u00edreml\u00e9ke a sz\u00e1szr\u00e9geni ortodox temet\u0151ben (1875), \u201eB\u201d kateg\u00f3ri\u00e1j\u00fa m\u0171eml\u00e9k. Hal\u00e1l\u00e1nak 50. \u00e9vfordul\u00f3j\u00e1n eml\u00e9kgy\u0171l\u00e9st szerveztek, amely alkalomb\u00f3l a kript\u00e1j\u00e1ra eml\u00e9kt\u00e1bl\u00e1t helyeztek el (1925. aug. 29.). \u2013 <strong>F. m.:<\/strong> Indreptariu \u00een cauzele urbariale compus pentru poporul rom\u00e2n din Ardeal \u015fi Ungaria (Sibiu, 1859). <br \/><strong>Irod.:<\/strong> Adamescu; Albu, N.: Istoria \u00eenv\u0103\u0163\u0103m\u00e2ntului rom\u00e2nesc din Transilvania p\u00e2n\u0103 \u00een 1800 (Blaj, 1944); ASTRA reghinean\u0103; Breazu, Ion : Lupta rom\u00e2nilor din Transilvania pentru limb\u0103 (Sibiu, 1943); Chiorean 2008; Com\u015fa; Com\u015fa \u2013 Seiceanu; Costea 1999; D\u0103ianu, Ilie: Al doilea pre\u015fedinte al Asocia\u0163iunii Vasile L. Bar. Pop 1819\u20131875 (Sibiu, 1925); Fornade; Netea: Figuri mure\u015fene (Tg.M., 1933); Pascu, \u015etefan: Transilvania \u00een lumina datelor geopolitice, istorice \u015fi statistice (Blaj, 1944); P\u0103c\u0103\u0163ian; Personalit\u0103\u0163i mure\u015fene. 1.; Predescu; Regh. Cult. 2; Marin \u015eara: V. L. P. \u015fi Reghinul (C. L., 13. mai. 1999); \u015eerban 2006; Todea 2013; Valori mure\u015fene de patrimoniu<\/br><\/p>\n","protected":false},"excerpt":{"rendered":"<p>N\u00e1dasberend , 1819. jan. 6., \u2020 Bp., 1875. febr. 17., Sz\u00e1szr\u00e9genben temett\u00e9k el, a csal\u00e1di kript\u00e1ba helyezt\u00e9k (1875. febr. 27.) : \u00fcgyv\u00e9d, politikus, g. kat. pap. \u2013 Kv.-on a piarist\u00e1kn\u00e1l (1825\u2013), B\u00e9csben a Szt. Borb\u00e1la papneveld\u00e9ben tanult. Bal\u00e1zsfalv\u00e1n az els\u0151 rom\u00e1n nyelven tan\u00edt\u00f3 matematikatan\u00e1r, aki els\u0151k\u00e9nt javasolta a gyakorlati m\u00e9rtan tan\u00edt\u00e1st (1842\u2013). Konfliktusba ker\u00fclt Lem\u00e9nyi [&hellip;]<\/p>\n","protected":false},"featured_media":0,"comment_status":"open","ping_status":"closed","template":"","meta":[],"product_brand":[],"product_cat":[137],"product_tag":[],"class_list":{"0":"post-18514","1":"product","2":"type-product","3":"status-publish","5":"product_cat-maros-megyei-eletrajzi-lexikon","7":"first","8":"instock","9":"shipping-taxable","10":"product-type-simple"},"_links":{"self":[{"href":"https:\/\/uj.adatbank.ro\/lexikon\/wp-json\/wp\/v2\/product\/18514","targetHints":{"allow":["GET"]}}],"collection":[{"href":"https:\/\/uj.adatbank.ro\/lexikon\/wp-json\/wp\/v2\/product"}],"about":[{"href":"https:\/\/uj.adatbank.ro\/lexikon\/wp-json\/wp\/v2\/types\/product"}],"replies":[{"embeddable":true,"href":"https:\/\/uj.adatbank.ro\/lexikon\/wp-json\/wp\/v2\/comments?post=18514"}],"wp:attachment":[{"href":"https:\/\/uj.adatbank.ro\/lexikon\/wp-json\/wp\/v2\/media?parent=18514"}],"wp:term":[{"taxonomy":"product_brand","embeddable":true,"href":"https:\/\/uj.adatbank.ro\/lexikon\/wp-json\/wp\/v2\/product_brand?post=18514"},{"taxonomy":"product_cat","embeddable":true,"href":"https:\/\/uj.adatbank.ro\/lexikon\/wp-json\/wp\/v2\/product_cat?post=18514"},{"taxonomy":"product_tag","embeddable":true,"href":"https:\/\/uj.adatbank.ro\/lexikon\/wp-json\/wp\/v2\/product_tag?post=18514"}],"curies":[{"name":"wp","href":"https:\/\/api.w.org\/{rel}","templated":true}]}}