{"id":18524,"date":"2025-07-16T10:55:09","date_gmt":"2025-07-16T08:55:09","guid":{"rendered":"https:\/\/uj.adatbank.ro\/lexikon\/termek\/popa-arion\/"},"modified":"2025-07-16T10:55:09","modified_gmt":"2025-07-16T08:55:09","slug":"popa-arion","status":"publish","type":"product","link":"https:\/\/uj.adatbank.ro\/lexikon\/termek\/popa-arion\/","title":{"rendered":"POPA Arion"},"content":{"rendered":"<p>? \u2020 ?: g. kat. pap. \u2013 Galambodon (Maros, 16. sz), s\u00f3goraival, Ion \u00e9s Arionnal, \u00e9p\u00edtett\u00e9k a r\u00e9gi, de m\u00e9g jelenleg is \u00e1ll\u00f3, templomot. Ezt egy szl\u00e1v nyelv\u0171 felirat igazolja a gerend\u00e1n. Mivel az a templom rombad\u0151lt, \u00fajj\u00e1\u00e9p\u00edtett\u00e9k (1744\u201349), jav\u00edtott\u00e1k (1841). Toader Zugravul v\u00e1szonra festett ikonjai d\u00edsz\u00edtett\u00e9k, amelyek szint\u00e9n megrong\u00e1l\u00f3dtak. A templom egy hegy tetej\u00e9n \u00e1ll \u00e9s harangja is van. K\u00f6r\u00fcl\u00f6tte tal\u00e1lhat\u00f3 az ort. temet\u0151. A Maros Megyei M\u00fazeum elkezdte a m\u0171eml\u00e9k \u00e9rt\u00e9k\u0171 templom jav\u00edt\u00e1si munk\u00e1it. <br \/><strong>Irod.:<\/strong> \u015eincan 2006<\/br><\/p>\n","protected":false},"excerpt":{"rendered":"<p>? \u2020 ?: g. kat. pap. \u2013 Galambodon (Maros, 16. sz), s\u00f3goraival, Ion \u00e9s Arionnal, \u00e9p\u00edtett\u00e9k a r\u00e9gi, de m\u00e9g jelenleg is \u00e1ll\u00f3, templomot. Ezt egy szl\u00e1v nyelv\u0171 felirat igazolja a gerend\u00e1n. Mivel az a templom rombad\u0151lt, \u00fajj\u00e1\u00e9p\u00edtett\u00e9k (1744\u201349), jav\u00edtott\u00e1k (1841). Toader Zugravul v\u00e1szonra festett ikonjai d\u00edsz\u00edtett\u00e9k, amelyek szint\u00e9n megrong\u00e1l\u00f3dtak. A templom egy hegy tetej\u00e9n [&hellip;]<\/p>\n","protected":false},"featured_media":0,"comment_status":"open","ping_status":"closed","template":"","meta":[],"product_brand":[],"product_cat":[137],"product_tag":[],"class_list":{"0":"post-18524","1":"product","2":"type-product","3":"status-publish","5":"product_cat-maros-megyei-eletrajzi-lexikon","7":"first","8":"instock","9":"shipping-taxable","10":"product-type-simple"},"_links":{"self":[{"href":"https:\/\/uj.adatbank.ro\/lexikon\/wp-json\/wp\/v2\/product\/18524","targetHints":{"allow":["GET"]}}],"collection":[{"href":"https:\/\/uj.adatbank.ro\/lexikon\/wp-json\/wp\/v2\/product"}],"about":[{"href":"https:\/\/uj.adatbank.ro\/lexikon\/wp-json\/wp\/v2\/types\/product"}],"replies":[{"embeddable":true,"href":"https:\/\/uj.adatbank.ro\/lexikon\/wp-json\/wp\/v2\/comments?post=18524"}],"wp:attachment":[{"href":"https:\/\/uj.adatbank.ro\/lexikon\/wp-json\/wp\/v2\/media?parent=18524"}],"wp:term":[{"taxonomy":"product_brand","embeddable":true,"href":"https:\/\/uj.adatbank.ro\/lexikon\/wp-json\/wp\/v2\/product_brand?post=18524"},{"taxonomy":"product_cat","embeddable":true,"href":"https:\/\/uj.adatbank.ro\/lexikon\/wp-json\/wp\/v2\/product_cat?post=18524"},{"taxonomy":"product_tag","embeddable":true,"href":"https:\/\/uj.adatbank.ro\/lexikon\/wp-json\/wp\/v2\/product_tag?post=18524"}],"curies":[{"name":"wp","href":"https:\/\/api.w.org\/{rel}","templated":true}]}}