{"id":18540,"date":"2025-07-16T10:55:47","date_gmt":"2025-07-16T08:55:47","guid":{"rendered":"https:\/\/uj.adatbank.ro\/lexikon\/termek\/popa-gheorghe-popa-gyorgy\/"},"modified":"2025-07-16T10:55:47","modified_gmt":"2025-07-16T08:55:47","slug":"popa-gheorghe-popa-gyorgy","status":"publish","type":"product","link":"https:\/\/uj.adatbank.ro\/lexikon\/termek\/popa-gheorghe-popa-gyorgy\/","title":{"rendered":"POPA, Gheorghe, Popa Gy\u00f6rgy"},"content":{"rendered":"<p>? \u2020 ?: gr. kat. lelk\u00e9sz. \u2013 Csejden szolg\u00e1lt (1780). T\u00f3falv\u00e1n (Marosszentgy\u00f6rgy fili\u00e1ja), 25 \u2013 30 rom\u00e1n nemzetis\u00e9g\u0171 jobb\u00e1gycsal\u00e1d lakott, akik Apor gr.szolg\u00e1lat\u00e1ban \u00e1lltak, de papjuk is volt. Onnan elkergett\u00e9k \u0151ket, mert a gr. birtok\u00e1n \u00e9p\u00edtettek maguknak h\u00e1zat, \u00e9s egy dombos helyre telepedtek meg. Falub\u00edr\u00f3 abban az id\u0151ben egy L\u0103d\u0103\u015fan nev\u0171, j\u00f3m\u00f3d\u00fa helyb\u00e9li volt, aki k\u00e9nyszer\u00edtette a rom\u00e1nokat, h. \u00e1rend\u00e1t fizessenek a gr.-nak, de mivel azok ellenszeg\u00fcltek, katonai er\u0151vel elkergette \u0151ket. A k\u00f6rnyez\u0151 falvakban tal\u00e1ltak mened\u00e9ket, de minden j\u00f3sz\u00e1guk \u00e9s f\u00f6ldj\u00fck odaveszett. A gr. ut\u00f3dai, minden f\u00f6ldet a maguk nev\u00e9re telekk\u00f6nyveztettek.Ma T\u00f3fal\u00e1n csak a rom\u00e1n temet\u0151 \u00e9s egy kis harang l\u00e9tezik m\u00e9g, semmif\u00e9le okm\u00e1ny nem igazolja az egykori jobb\u00e1gyok birtokait. <br \/><strong>Irod.:<\/strong> Csejd \u2013T\u00f3falva; \u015eincan 2006<\/br><\/p>\n","protected":false},"excerpt":{"rendered":"<p>? \u2020 ?: gr. kat. lelk\u00e9sz. \u2013 Csejden szolg\u00e1lt (1780). T\u00f3falv\u00e1n (Marosszentgy\u00f6rgy fili\u00e1ja), 25 \u2013 30 rom\u00e1n nemzetis\u00e9g\u0171 jobb\u00e1gycsal\u00e1d lakott, akik Apor gr.szolg\u00e1lat\u00e1ban \u00e1lltak, de papjuk is volt. Onnan elkergett\u00e9k \u0151ket, mert a gr. birtok\u00e1n \u00e9p\u00edtettek maguknak h\u00e1zat, \u00e9s egy dombos helyre telepedtek meg. Falub\u00edr\u00f3 abban az id\u0151ben egy L\u0103d\u0103\u015fan nev\u0171, j\u00f3m\u00f3d\u00fa helyb\u00e9li volt, aki [&hellip;]<\/p>\n","protected":false},"featured_media":0,"comment_status":"open","ping_status":"closed","template":"","meta":[],"product_brand":[],"product_cat":[137],"product_tag":[],"class_list":{"0":"post-18540","1":"product","2":"type-product","3":"status-publish","5":"product_cat-maros-megyei-eletrajzi-lexikon","7":"first","8":"instock","9":"shipping-taxable","10":"product-type-simple"},"_links":{"self":[{"href":"https:\/\/uj.adatbank.ro\/lexikon\/wp-json\/wp\/v2\/product\/18540","targetHints":{"allow":["GET"]}}],"collection":[{"href":"https:\/\/uj.adatbank.ro\/lexikon\/wp-json\/wp\/v2\/product"}],"about":[{"href":"https:\/\/uj.adatbank.ro\/lexikon\/wp-json\/wp\/v2\/types\/product"}],"replies":[{"embeddable":true,"href":"https:\/\/uj.adatbank.ro\/lexikon\/wp-json\/wp\/v2\/comments?post=18540"}],"wp:attachment":[{"href":"https:\/\/uj.adatbank.ro\/lexikon\/wp-json\/wp\/v2\/media?parent=18540"}],"wp:term":[{"taxonomy":"product_brand","embeddable":true,"href":"https:\/\/uj.adatbank.ro\/lexikon\/wp-json\/wp\/v2\/product_brand?post=18540"},{"taxonomy":"product_cat","embeddable":true,"href":"https:\/\/uj.adatbank.ro\/lexikon\/wp-json\/wp\/v2\/product_cat?post=18540"},{"taxonomy":"product_tag","embeddable":true,"href":"https:\/\/uj.adatbank.ro\/lexikon\/wp-json\/wp\/v2\/product_tag?post=18540"}],"curies":[{"name":"wp","href":"https:\/\/api.w.org\/{rel}","templated":true}]}}