{"id":18541,"date":"2025-07-16T10:55:51","date_gmt":"2025-07-16T08:55:51","guid":{"rendered":"https:\/\/uj.adatbank.ro\/lexikon\/termek\/popa-gheorghe-din-serbeni-din-iernuteni\/"},"modified":"2025-07-16T10:55:51","modified_gmt":"2025-07-16T08:55:51","slug":"popa-gheorghe-din-serbeni-din-iernuteni","status":"publish","type":"product","link":"https:\/\/uj.adatbank.ro\/lexikon\/termek\/popa-gheorghe-din-serbeni-din-iernuteni\/","title":{"rendered":"POPA, Gheorghe din \u015eerbeni, din Iernu\u0163eni"},"content":{"rendered":"<p>Sopoph\u0163za,; \u2020\u00a0?: g.kat. pap, ikon- \u00e9s templomfest\u0151. \u2013 Soroph\u00e1z\u00e1n lelk\u00e9sz (1842), fafarag\u00f3, fest\u0151, m\u00e1sol\u00f3, v\u00e9sn\u00f6k, k\u00f6nyvk\u00f6t\u0151. Kifestette a templomot Soroph\u00e1z\u00e1n. A r\u00e9gi Szentdemeter fatemplomb\u00f3l, amelyet lebontottak \u00e9s az \u00faj 1925-ben \u00e9p\u00fcltbe ker\u00fclt k\u00e9p\u00e1lv\u00e1nya amelyen az 2828-as d\u00e1tum szerepel. Munk\u00e1i, falfestm\u00e9nyek \u00e9s ikonok, megtal\u00e1lhat\u00f3k a lib\u00e1nfalvi, g\u00f6rg\u00e9nyhod\u00e1ki, g\u00f6rg\u00e9nys\u00f3aknai, g\u00f6rg\u00e9nyn\u00e1dasi, mez\u0151szentm\u00e1rtoni, szentmih\u00e1lyi, als\u00f3- \u00e9s fels\u0151oroszi, n\u00e1dasi fatemplomokban (1847\u201365 k.). A fels\u0151oroszi g. kat. templomot Toder Zugravuval egy\u00fctt festette ki (1856), amely ma m\u0171eml\u00e9k. Ma Soroph\u00e1za falum\u00fazeuma viseli a nev\u00e9t. <br \/><strong>Irod.:<\/strong> Man; Reghin, Protopopiat; \u015eerbeni; Todea 2013<\/br><\/p>\n","protected":false},"excerpt":{"rendered":"<p>Sopoph\u0163za,; \u2020\u00a0?: g.kat. pap, ikon- \u00e9s templomfest\u0151. \u2013 Soroph\u00e1z\u00e1n lelk\u00e9sz (1842), fafarag\u00f3, fest\u0151, m\u00e1sol\u00f3, v\u00e9sn\u00f6k, k\u00f6nyvk\u00f6t\u0151. Kifestette a templomot Soroph\u00e1z\u00e1n. A r\u00e9gi Szentdemeter fatemplomb\u00f3l, amelyet lebontottak \u00e9s az \u00faj 1925-ben \u00e9p\u00fcltbe ker\u00fclt k\u00e9p\u00e1lv\u00e1nya amelyen az 2828-as d\u00e1tum szerepel. Munk\u00e1i, falfestm\u00e9nyek \u00e9s ikonok, megtal\u00e1lhat\u00f3k a lib\u00e1nfalvi, g\u00f6rg\u00e9nyhod\u00e1ki, g\u00f6rg\u00e9nys\u00f3aknai, g\u00f6rg\u00e9nyn\u00e1dasi, mez\u0151szentm\u00e1rtoni, szentmih\u00e1lyi, als\u00f3- \u00e9s fels\u0151oroszi, n\u00e1dasi fatemplomokban [&hellip;]<\/p>\n","protected":false},"featured_media":0,"comment_status":"open","ping_status":"closed","template":"","meta":[],"product_brand":[],"product_cat":[137],"product_tag":[],"class_list":{"0":"post-18541","1":"product","2":"type-product","3":"status-publish","5":"product_cat-maros-megyei-eletrajzi-lexikon","7":"first","8":"instock","9":"shipping-taxable","10":"product-type-simple"},"_links":{"self":[{"href":"https:\/\/uj.adatbank.ro\/lexikon\/wp-json\/wp\/v2\/product\/18541","targetHints":{"allow":["GET"]}}],"collection":[{"href":"https:\/\/uj.adatbank.ro\/lexikon\/wp-json\/wp\/v2\/product"}],"about":[{"href":"https:\/\/uj.adatbank.ro\/lexikon\/wp-json\/wp\/v2\/types\/product"}],"replies":[{"embeddable":true,"href":"https:\/\/uj.adatbank.ro\/lexikon\/wp-json\/wp\/v2\/comments?post=18541"}],"wp:attachment":[{"href":"https:\/\/uj.adatbank.ro\/lexikon\/wp-json\/wp\/v2\/media?parent=18541"}],"wp:term":[{"taxonomy":"product_brand","embeddable":true,"href":"https:\/\/uj.adatbank.ro\/lexikon\/wp-json\/wp\/v2\/product_brand?post=18541"},{"taxonomy":"product_cat","embeddable":true,"href":"https:\/\/uj.adatbank.ro\/lexikon\/wp-json\/wp\/v2\/product_cat?post=18541"},{"taxonomy":"product_tag","embeddable":true,"href":"https:\/\/uj.adatbank.ro\/lexikon\/wp-json\/wp\/v2\/product_tag?post=18541"}],"curies":[{"name":"wp","href":"https:\/\/api.w.org\/{rel}","templated":true}]}}