{"id":18558,"date":"2025-07-16T10:56:31","date_gmt":"2025-07-16T08:56:31","guid":{"rendered":"https:\/\/uj.adatbank.ro\/lexikon\/termek\/popa-oanea\/"},"modified":"2025-07-16T10:56:31","modified_gmt":"2025-07-16T08:56:31","slug":"popa-oanea","status":"publish","type":"product","link":"https:\/\/uj.adatbank.ro\/lexikon\/termek\/popa-oanea\/","title":{"rendered":"POPA Oanea"},"content":{"rendered":"<p>? \u2020 ?: g. kat. pap. \u2013 Mez\u0151kir\u00e1lyfalv\u00e1n szolg\u00e1lt. H\u00edvei a Teleki, Toldalaghy \u00e9s B\u00e1nffy gr\u00f3fok jobb\u00e1gyaihoz tartoztak, volt templomuk (1748\u2013), amely romba d\u0151lt. \u00daj templomot \u00e9p\u00edtettek (1937). Iskola is volt (1880\u2013). M\u00e9g szolg\u00e1lt Nagy\u00f6lyvesben (1822\u201325). <br \/><strong>Irod.:<\/strong> \u015eincan 2006<\/br><\/p>\n","protected":false},"excerpt":{"rendered":"<p>? \u2020 ?: g. kat. pap. \u2013 Mez\u0151kir\u00e1lyfalv\u00e1n szolg\u00e1lt. H\u00edvei a Teleki, Toldalaghy \u00e9s B\u00e1nffy gr\u00f3fok jobb\u00e1gyaihoz tartoztak, volt templomuk (1748\u2013), amely romba d\u0151lt. \u00daj templomot \u00e9p\u00edtettek (1937). Iskola is volt (1880\u2013). M\u00e9g szolg\u00e1lt Nagy\u00f6lyvesben (1822\u201325). Irod.: \u015eincan 2006<\/p>\n","protected":false},"featured_media":0,"comment_status":"open","ping_status":"closed","template":"","meta":[],"product_brand":[],"product_cat":[137],"product_tag":[],"class_list":{"0":"post-18558","1":"product","2":"type-product","3":"status-publish","5":"product_cat-maros-megyei-eletrajzi-lexikon","7":"first","8":"instock","9":"shipping-taxable","10":"product-type-simple"},"_links":{"self":[{"href":"https:\/\/uj.adatbank.ro\/lexikon\/wp-json\/wp\/v2\/product\/18558","targetHints":{"allow":["GET"]}}],"collection":[{"href":"https:\/\/uj.adatbank.ro\/lexikon\/wp-json\/wp\/v2\/product"}],"about":[{"href":"https:\/\/uj.adatbank.ro\/lexikon\/wp-json\/wp\/v2\/types\/product"}],"replies":[{"embeddable":true,"href":"https:\/\/uj.adatbank.ro\/lexikon\/wp-json\/wp\/v2\/comments?post=18558"}],"wp:attachment":[{"href":"https:\/\/uj.adatbank.ro\/lexikon\/wp-json\/wp\/v2\/media?parent=18558"}],"wp:term":[{"taxonomy":"product_brand","embeddable":true,"href":"https:\/\/uj.adatbank.ro\/lexikon\/wp-json\/wp\/v2\/product_brand?post=18558"},{"taxonomy":"product_cat","embeddable":true,"href":"https:\/\/uj.adatbank.ro\/lexikon\/wp-json\/wp\/v2\/product_cat?post=18558"},{"taxonomy":"product_tag","embeddable":true,"href":"https:\/\/uj.adatbank.ro\/lexikon\/wp-json\/wp\/v2\/product_tag?post=18558"}],"curies":[{"name":"wp","href":"https:\/\/api.w.org\/{rel}","templated":true}]}}