{"id":1856,"date":"2025-06-28T11:55:32","date_gmt":"2025-06-28T09:55:32","guid":{"rendered":"https:\/\/uj.adatbank.ro\/lexikon\/termek\/bajzath-karoly\/"},"modified":"2025-06-28T11:55:32","modified_gmt":"2025-06-28T09:55:32","slug":"bajzath-karoly","status":"publish","type":"product","link":"https:\/\/uj.adatbank.ro\/lexikon\/termek\/bajzath-karoly\/","title":{"rendered":"BAJZ\u00c1TH K\u00e1roly"},"content":{"rendered":"<p>Brass\u00f3, 1936. aug. 15., \u2020\u00a0Ny\u00e1r\u00e1dk\u00f6szv\u00e9nyes, 1996. dec. 16.: r. k. pap. \u2013 Papp\u00e1 szentelt\u00e9k Gyulafeh\u00e9rv\u00e1ron (1961. dec. 8.). Lelkip\u00e1sztor volt Mikl\u00f3sv\u00e1ron (1962\u2013), Szentiv\u00e1nlaborfalv\u00e1n (1978\u2013), Mez\u0151s\u00e1msondon (1981\u2013), Ny\u00e1r\u00e1dk\u00f6szv\u00e9nyesen (1986\u2013). <br \/><strong>Irod.:<\/strong> Ferenczi S\u00e1ndor 2009<\/br><\/p>\n","protected":false},"excerpt":{"rendered":"<p>Brass\u00f3, 1936. aug. 15., \u2020\u00a0Ny\u00e1r\u00e1dk\u00f6szv\u00e9nyes, 1996. dec. 16.: r. k. pap. \u2013 Papp\u00e1 szentelt\u00e9k Gyulafeh\u00e9rv\u00e1ron (1961. dec. 8.). Lelkip\u00e1sztor volt Mikl\u00f3sv\u00e1ron (1962\u2013), Szentiv\u00e1nlaborfalv\u00e1n (1978\u2013), Mez\u0151s\u00e1msondon (1981\u2013), Ny\u00e1r\u00e1dk\u00f6szv\u00e9nyesen (1986\u2013). Irod.: Ferenczi S\u00e1ndor 2009<\/p>\n","protected":false},"featured_media":0,"comment_status":"open","ping_status":"closed","template":"","meta":[],"product_brand":[],"product_cat":[137],"product_tag":[],"class_list":{"0":"post-1856","1":"product","2":"type-product","3":"status-publish","5":"product_cat-maros-megyei-eletrajzi-lexikon","7":"first","8":"instock","9":"shipping-taxable","10":"product-type-simple"},"_links":{"self":[{"href":"https:\/\/uj.adatbank.ro\/lexikon\/wp-json\/wp\/v2\/product\/1856","targetHints":{"allow":["GET"]}}],"collection":[{"href":"https:\/\/uj.adatbank.ro\/lexikon\/wp-json\/wp\/v2\/product"}],"about":[{"href":"https:\/\/uj.adatbank.ro\/lexikon\/wp-json\/wp\/v2\/types\/product"}],"replies":[{"embeddable":true,"href":"https:\/\/uj.adatbank.ro\/lexikon\/wp-json\/wp\/v2\/comments?post=1856"}],"wp:attachment":[{"href":"https:\/\/uj.adatbank.ro\/lexikon\/wp-json\/wp\/v2\/media?parent=1856"}],"wp:term":[{"taxonomy":"product_brand","embeddable":true,"href":"https:\/\/uj.adatbank.ro\/lexikon\/wp-json\/wp\/v2\/product_brand?post=1856"},{"taxonomy":"product_cat","embeddable":true,"href":"https:\/\/uj.adatbank.ro\/lexikon\/wp-json\/wp\/v2\/product_cat?post=1856"},{"taxonomy":"product_tag","embeddable":true,"href":"https:\/\/uj.adatbank.ro\/lexikon\/wp-json\/wp\/v2\/product_tag?post=1856"}],"curies":[{"name":"wp","href":"https:\/\/api.w.org\/{rel}","templated":true}]}}