{"id":18573,"date":"2025-07-16T10:57:07","date_gmt":"2025-07-16T08:57:07","guid":{"rendered":"https:\/\/uj.adatbank.ro\/lexikon\/termek\/popa-stan\/"},"modified":"2025-07-16T10:57:07","modified_gmt":"2025-07-16T08:57:07","slug":"popa-stan","status":"publish","type":"product","link":"https:\/\/uj.adatbank.ro\/lexikon\/termek\/popa-stan\/","title":{"rendered":"POPA Stan"},"content":{"rendered":"<p>? \u2020 ?: ort. pap. \u2013 Koronk\u00e1ban szolg\u00e1lt. Micu Klein az I.\u00f6ssze\u00edr\u00e1s\u00e1ban 250 rom. nemzetis\u00e9g\u0171 lakost eml\u00edt, akiknek templomuk \u00e9s papjuk is volt. T\u00f6bbnyire jobb\u00e1gyokk\u00e9nt doplgoztak Toldalaghy gr. birtokain (1733). <br \/><strong>Irod.:<\/strong> \u015eincan 2006<\/br><\/p>\n","protected":false},"excerpt":{"rendered":"<p>? \u2020 ?: ort. pap. \u2013 Koronk\u00e1ban szolg\u00e1lt. Micu Klein az I.\u00f6ssze\u00edr\u00e1s\u00e1ban 250 rom. nemzetis\u00e9g\u0171 lakost eml\u00edt, akiknek templomuk \u00e9s papjuk is volt. T\u00f6bbnyire jobb\u00e1gyokk\u00e9nt doplgoztak Toldalaghy gr. birtokain (1733). Irod.: \u015eincan 2006<\/p>\n","protected":false},"featured_media":0,"comment_status":"open","ping_status":"closed","template":"","meta":[],"product_brand":[],"product_cat":[137],"product_tag":[],"class_list":{"0":"post-18573","1":"product","2":"type-product","3":"status-publish","5":"product_cat-maros-megyei-eletrajzi-lexikon","7":"first","8":"instock","9":"shipping-taxable","10":"product-type-simple"},"_links":{"self":[{"href":"https:\/\/uj.adatbank.ro\/lexikon\/wp-json\/wp\/v2\/product\/18573","targetHints":{"allow":["GET"]}}],"collection":[{"href":"https:\/\/uj.adatbank.ro\/lexikon\/wp-json\/wp\/v2\/product"}],"about":[{"href":"https:\/\/uj.adatbank.ro\/lexikon\/wp-json\/wp\/v2\/types\/product"}],"replies":[{"embeddable":true,"href":"https:\/\/uj.adatbank.ro\/lexikon\/wp-json\/wp\/v2\/comments?post=18573"}],"wp:attachment":[{"href":"https:\/\/uj.adatbank.ro\/lexikon\/wp-json\/wp\/v2\/media?parent=18573"}],"wp:term":[{"taxonomy":"product_brand","embeddable":true,"href":"https:\/\/uj.adatbank.ro\/lexikon\/wp-json\/wp\/v2\/product_brand?post=18573"},{"taxonomy":"product_cat","embeddable":true,"href":"https:\/\/uj.adatbank.ro\/lexikon\/wp-json\/wp\/v2\/product_cat?post=18573"},{"taxonomy":"product_tag","embeddable":true,"href":"https:\/\/uj.adatbank.ro\/lexikon\/wp-json\/wp\/v2\/product_tag?post=18573"}],"curies":[{"name":"wp","href":"https:\/\/api.w.org\/{rel}","templated":true}]}}