{"id":18575,"date":"2025-07-16T10:57:11","date_gmt":"2025-07-16T08:57:11","guid":{"rendered":"https:\/\/uj.adatbank.ro\/lexikon\/termek\/popa-teodor\/"},"modified":"2025-07-16T10:57:11","modified_gmt":"2025-07-16T08:57:11","slug":"popa-teodor","status":"publish","type":"product","link":"https:\/\/uj.adatbank.ro\/lexikon\/termek\/popa-teodor\/","title":{"rendered":"POPA, Teodor"},"content":{"rendered":"<p>Sz\u00e9kelyhidas, 1929. m\u00e1j. 24., \u2020 Dics\u0151szentm\u00e1rton, 2003.: hegeszt\u0151, szobr\u00e1sz. \u2013 A szakiskola befejez\u00e9se ut\u00e1n, hegeszt\u0151 szakmunk\u00e1s a dics\u0151szentm\u00e1rtoni K\u00e9miai Kombin\u00e1tban nyugd\u00edjaz\u00e1s\u00e1ig, majd nyugd\u00edjask\u00e9nt D\u00e9sfalv\u00e1ra k\u00f6lt\u00f6z\u00f6tt. Iskolai v\u00e9gz\u00e9s ut\u00e1n kezdett hegesztett szobrokat k\u00e9sz\u00edteni. Megyei, orsz\u00e1gos ki\u00e1ll\u00edt\u00e1sokon szerepelt (1976\u201385). Alap\u00edt\u00f3 tagja a Maros megyei Amat\u0151r K\u00e9pz\u0151m\u0171v\u00e9szek Sz\u00f6vets\u00e9g\u00e9nek (1977. jan. 30.). A hazai gy\u0171jt\u0151k\u00f6n k\u00edv\u00fcl Ausztri\u00e1ban, N\u00e9meto.-ban, Belgiumban, Franciao.-ban tal\u00e1lhat\u00f3k munk\u00e1i.- <strong>F. ki\u00e1ll.:<\/strong> csoportos: Orsz\u00e1gos k\u00e9pz\u0151m\u0171v. ki\u00e1ll Buk. (1977), Mv., Gyulafeh\u00e9rv\u00e1r, Kv., Buk. (1979\u201389). <br \/><strong>Irod.:<\/strong> Expozi\u0163ia republican\u0103 de art\u0103 plastic\u0103: Catalog, (Buc., 1977); Iftinchi Costel: 50 de ani de art\u0103 naiv\u0103 \u00een Rom\u00e2nia. Enciclopedie (Ia\u015fi, 2010); Ma\u015fek, V. E.: Arta Naiv\u0103 (Buc., 1989); Moldovan, Iuliu: Art\u0103 plastic\u0103 t\u00e2rn\u0103vean\u0103: repere culturale (Tg. M., 2008); Opri\u015f 2018; Opri\u015f-Mure\u015fan; Savonea, Vasile: Arta Naiv\u0103 \u00een Rom\u00e2nia (Buc., 1980); Todea 2013; Wiesner, Herbert:Arta naiv\u0103 din Rom\u00e2nia \u0219i \u00eent\u00e2mpl\u0103ri de c\u0103l\u0103torie (Austria, 2002).<\/br><\/p>\n","protected":false},"excerpt":{"rendered":"<p>Sz\u00e9kelyhidas, 1929. m\u00e1j. 24., \u2020 Dics\u0151szentm\u00e1rton, 2003.: hegeszt\u0151, szobr\u00e1sz. \u2013 A szakiskola befejez\u00e9se ut\u00e1n, hegeszt\u0151 szakmunk\u00e1s a dics\u0151szentm\u00e1rtoni K\u00e9miai Kombin\u00e1tban nyugd\u00edjaz\u00e1s\u00e1ig, majd nyugd\u00edjask\u00e9nt D\u00e9sfalv\u00e1ra k\u00f6lt\u00f6z\u00f6tt. Iskolai v\u00e9gz\u00e9s ut\u00e1n kezdett hegesztett szobrokat k\u00e9sz\u00edteni. Megyei, orsz\u00e1gos ki\u00e1ll\u00edt\u00e1sokon szerepelt (1976\u201385). Alap\u00edt\u00f3 tagja a Maros megyei Amat\u0151r K\u00e9pz\u0151m\u0171v\u00e9szek Sz\u00f6vets\u00e9g\u00e9nek (1977. jan. 30.). A hazai gy\u0171jt\u0151k\u00f6n k\u00edv\u00fcl Ausztri\u00e1ban, N\u00e9meto.-ban, Belgiumban, [&hellip;]<\/p>\n","protected":false},"featured_media":0,"comment_status":"open","ping_status":"closed","template":"","meta":[],"product_brand":[],"product_cat":[137],"product_tag":[],"class_list":{"0":"post-18575","1":"product","2":"type-product","3":"status-publish","5":"product_cat-maros-megyei-eletrajzi-lexikon","7":"first","8":"instock","9":"shipping-taxable","10":"product-type-simple"},"_links":{"self":[{"href":"https:\/\/uj.adatbank.ro\/lexikon\/wp-json\/wp\/v2\/product\/18575","targetHints":{"allow":["GET"]}}],"collection":[{"href":"https:\/\/uj.adatbank.ro\/lexikon\/wp-json\/wp\/v2\/product"}],"about":[{"href":"https:\/\/uj.adatbank.ro\/lexikon\/wp-json\/wp\/v2\/types\/product"}],"replies":[{"embeddable":true,"href":"https:\/\/uj.adatbank.ro\/lexikon\/wp-json\/wp\/v2\/comments?post=18575"}],"wp:attachment":[{"href":"https:\/\/uj.adatbank.ro\/lexikon\/wp-json\/wp\/v2\/media?parent=18575"}],"wp:term":[{"taxonomy":"product_brand","embeddable":true,"href":"https:\/\/uj.adatbank.ro\/lexikon\/wp-json\/wp\/v2\/product_brand?post=18575"},{"taxonomy":"product_cat","embeddable":true,"href":"https:\/\/uj.adatbank.ro\/lexikon\/wp-json\/wp\/v2\/product_cat?post=18575"},{"taxonomy":"product_tag","embeddable":true,"href":"https:\/\/uj.adatbank.ro\/lexikon\/wp-json\/wp\/v2\/product_tag?post=18575"}],"curies":[{"name":"wp","href":"https:\/\/api.w.org\/{rel}","templated":true}]}}