{"id":1858,"date":"2025-06-28T11:55:34","date_gmt":"2025-06-28T09:55:34","guid":{"rendered":"https:\/\/uj.adatbank.ro\/lexikon\/termek\/baka-bela-%c2%a7\/"},"modified":"2025-06-28T11:55:34","modified_gmt":"2025-06-28T09:55:34","slug":"baka-bela-%c2%a7","status":"publish","type":"product","link":"https:\/\/uj.adatbank.ro\/lexikon\/termek\/baka-bela-%c2%a7\/","title":{"rendered":"BAKA B\u00e9la, \u00a7"},"content":{"rendered":"<p>Mv., 1922. m\u00e1j. 5.: tan\u00edt\u00f3, iskolai ig., h\u00edrlap\u00edr\u00f3, sportember. \u2013 Feles\u00e9ge: Guttmann Janka (\u2020 1919. dec. 4.). \u2013 A mv-i iparostanonciskola igazgat\u00f3ja, k\u00f6zs\u00e9gi iskolai tan\u00edt\u00f3. A MT megyei \u00c1ltal\u00e1nos Tan\u00edt\u00f3test\u00fclet vezet\u0151s\u00e9gi tiszts\u00e9gvisel\u0151je, aljegyz\u0151je, hajlamai a k\u00f6z\u00e9let, a t\u00e1rsadalmi mozgalmak fel\u00e9 terelt\u00e9k. Er\u0151teljes tev\u00e9kenys\u00e9get fejtett ki a sportok megkedveltet\u00e9se \u00e9s terjeszt\u00e9se \u00e9rdek\u00e9ben. 25 \u00e9ven \u00e1t hirdette, hogy a testi nevel\u00e9ssel kell az ifj\u00fas\u00e1g szellemi nevel\u00e9s\u00e9t megalapozni. Az MSE alap\u00edt\u00f3 tagja (1899), els\u0151 f\u0151titk\u00e1ra, aleln\u00f6ke (1909\u2013), \u00fcgyvezet\u0151 eln\u00f6ke (1911\u2013). A mv.-i labdar\u00fag\u00e1s egyik megteremt\u0151je (1902), a Ker\u00e9kp\u00e1roz\u00f3k Egyes\u00fclet\u00e9nek els\u0151 titk\u00e1ra (1899). \u00dajs\u00e1g\u00edr\u00f3 is volt, a Sz\u00e9kely Lapok munkat\u00e1rsa. \u2013 <strong>F. m.:<\/strong> <strong>t\u00e1rssz.:<\/strong> Maros-V\u00e1s\u00e1rhelyi lexikon (Mv., 1912); Maros-V\u00e1s\u00e1rhelyi lexikon (Mv., 1912); <br \/><strong>Irod.:<\/strong> Eml\u00e9kk\u00f6nyv; Gy\u00e1szjelent\u0151; Illy\u00e9s; Kl\u00f3sz-Tolok\u00e1n; Kl\u00f3sz 2005; Mv.-i labdar\u00fag\u00e1s; \u00d6kr\u00f6s<\/br><\/p>\n","protected":false},"excerpt":{"rendered":"<p>Mv., 1922. m\u00e1j. 5.: tan\u00edt\u00f3, iskolai ig., h\u00edrlap\u00edr\u00f3, sportember. \u2013 Feles\u00e9ge: Guttmann Janka (\u2020 1919. dec. 4.). \u2013 A mv-i iparostanonciskola igazgat\u00f3ja, k\u00f6zs\u00e9gi iskolai tan\u00edt\u00f3. A MT megyei \u00c1ltal\u00e1nos Tan\u00edt\u00f3test\u00fclet vezet\u0151s\u00e9gi tiszts\u00e9gvisel\u0151je, aljegyz\u0151je, hajlamai a k\u00f6z\u00e9let, a t\u00e1rsadalmi mozgalmak fel\u00e9 terelt\u00e9k. Er\u0151teljes tev\u00e9kenys\u00e9get fejtett ki a sportok megkedveltet\u00e9se \u00e9s terjeszt\u00e9se \u00e9rdek\u00e9ben. 25 \u00e9ven \u00e1t hirdette, [&hellip;]<\/p>\n","protected":false},"featured_media":0,"comment_status":"open","ping_status":"closed","template":"","meta":[],"product_brand":[],"product_cat":[137],"product_tag":[],"class_list":{"0":"post-1858","1":"product","2":"type-product","3":"status-publish","5":"product_cat-maros-megyei-eletrajzi-lexikon","7":"first","8":"instock","9":"shipping-taxable","10":"product-type-simple"},"_links":{"self":[{"href":"https:\/\/uj.adatbank.ro\/lexikon\/wp-json\/wp\/v2\/product\/1858","targetHints":{"allow":["GET"]}}],"collection":[{"href":"https:\/\/uj.adatbank.ro\/lexikon\/wp-json\/wp\/v2\/product"}],"about":[{"href":"https:\/\/uj.adatbank.ro\/lexikon\/wp-json\/wp\/v2\/types\/product"}],"replies":[{"embeddable":true,"href":"https:\/\/uj.adatbank.ro\/lexikon\/wp-json\/wp\/v2\/comments?post=1858"}],"wp:attachment":[{"href":"https:\/\/uj.adatbank.ro\/lexikon\/wp-json\/wp\/v2\/media?parent=1858"}],"wp:term":[{"taxonomy":"product_brand","embeddable":true,"href":"https:\/\/uj.adatbank.ro\/lexikon\/wp-json\/wp\/v2\/product_brand?post=1858"},{"taxonomy":"product_cat","embeddable":true,"href":"https:\/\/uj.adatbank.ro\/lexikon\/wp-json\/wp\/v2\/product_cat?post=1858"},{"taxonomy":"product_tag","embeddable":true,"href":"https:\/\/uj.adatbank.ro\/lexikon\/wp-json\/wp\/v2\/product_tag?post=1858"}],"curies":[{"name":"wp","href":"https:\/\/api.w.org\/{rel}","templated":true}]}}

BAKA Béla, §

<p>Mv., 1922. máj. 5.: tanító, iskolai ig., hírlapíró, sportember. – Felesége: Guttmann Janka († 1919. dec. 4.). – A mv-i iparostanonciskola igazgatója, községi iskolai tanító. A MT megyei Általános Tanítótestület vezetőségi tisztségviselője, aljegyzője, hajlamai a közélet, a társadalmi mozgalmak felé terelték. Erőteljes tevékenységet fejtett ki a sportok megkedveltetése és terjesztése érdekében. 25 éven át hirdette, hogy a testi neveléssel kell az ifjúság szellemi nevelését megalapozni. Az MSE alapító tagja (1899), első főtitkára, alelnöke (1909–), ügyvezető elnöke (1911–). A mv.-i labdarúgás egyik megteremtője (1902), a Kerékpározók Egyesületének első titkára (1899). Újságíró is volt, a Székely Lapok munkatársa. – <strong>F. m.:</strong> <strong>társsz.:</strong> Maros-Vásárhelyi lexikon (Mv., 1912); Maros-Vásárhelyi lexikon (Mv., 1912); <br /><strong>Irod.:</strong> Emlékkönyv; Gyászjelentő; Illyés; Klósz-Tolokán; Klósz 2005; Mv.-i labdarúgás; Ökrös</br></p>

<p>Mv., 1922. máj. 5.: tanító, iskolai ig., hírlapíró, sportember. – Felesége: Guttmann Janka († 1919. dec. 4.). – A mv-i iparostanonciskola igazgatója, községi iskolai tanító. A MT megyei Általános Tanítótestület vezetőségi tisztségviselője, aljegyzője, hajlamai a közélet, a társadalmi mozgalmak felé terelték. Erőteljes tevékenységet fejtett ki a sportok megkedveltetése és terjesztése érdekében. 25 éven át hirdette, [&hellip;]</p>
