{"id":18580,"date":"2025-07-16T10:57:27","date_gmt":"2025-07-16T08:57:27","guid":{"rendered":"https:\/\/uj.adatbank.ro\/lexikon\/termek\/popa-todea\/"},"modified":"2025-07-16T10:57:27","modified_gmt":"2025-07-16T08:57:27","slug":"popa-todea","status":"publish","type":"product","link":"https:\/\/uj.adatbank.ro\/lexikon\/termek\/popa-todea\/","title":{"rendered":"POPA, Todea"},"content":{"rendered":"<p>? \u2020 ?: g. kat. pap. \u2013 Farag\u00f3ban szolg\u00e1lata idej\u00e9ben l\u00e9tezett templom \u00e9s par\u00f3chia, anyak\u00f6nyv vezet\u00e9s (\u00fajsz\u00fcl\u00f6ttek, elhaltak \u00e9s h\u00e1zass\u00e1got k\u00f6t\u00f6ttek r\u00e9sz\u00e9re, 1835\u2013) Farag\u00f3ban oktatott is (1876\u201396). <br \/><strong>Irod.:<\/strong> F\u0103r\u0103g\u0103u<\/br><\/p>\n","protected":false},"excerpt":{"rendered":"<p>? \u2020 ?: g. kat. pap. \u2013 Farag\u00f3ban szolg\u00e1lata idej\u00e9ben l\u00e9tezett templom \u00e9s par\u00f3chia, anyak\u00f6nyv vezet\u00e9s (\u00fajsz\u00fcl\u00f6ttek, elhaltak \u00e9s h\u00e1zass\u00e1got k\u00f6t\u00f6ttek r\u00e9sz\u00e9re, 1835\u2013) Farag\u00f3ban oktatott is (1876\u201396). Irod.: F\u0103r\u0103g\u0103u<\/p>\n","protected":false},"featured_media":0,"comment_status":"open","ping_status":"closed","template":"","meta":[],"product_brand":[],"product_cat":[137],"product_tag":[],"class_list":{"0":"post-18580","1":"product","2":"type-product","3":"status-publish","5":"product_cat-maros-megyei-eletrajzi-lexikon","7":"first","8":"instock","9":"shipping-taxable","10":"product-type-simple"},"_links":{"self":[{"href":"https:\/\/uj.adatbank.ro\/lexikon\/wp-json\/wp\/v2\/product\/18580","targetHints":{"allow":["GET"]}}],"collection":[{"href":"https:\/\/uj.adatbank.ro\/lexikon\/wp-json\/wp\/v2\/product"}],"about":[{"href":"https:\/\/uj.adatbank.ro\/lexikon\/wp-json\/wp\/v2\/types\/product"}],"replies":[{"embeddable":true,"href":"https:\/\/uj.adatbank.ro\/lexikon\/wp-json\/wp\/v2\/comments?post=18580"}],"wp:attachment":[{"href":"https:\/\/uj.adatbank.ro\/lexikon\/wp-json\/wp\/v2\/media?parent=18580"}],"wp:term":[{"taxonomy":"product_brand","embeddable":true,"href":"https:\/\/uj.adatbank.ro\/lexikon\/wp-json\/wp\/v2\/product_brand?post=18580"},{"taxonomy":"product_cat","embeddable":true,"href":"https:\/\/uj.adatbank.ro\/lexikon\/wp-json\/wp\/v2\/product_cat?post=18580"},{"taxonomy":"product_tag","embeddable":true,"href":"https:\/\/uj.adatbank.ro\/lexikon\/wp-json\/wp\/v2\/product_tag?post=18580"}],"curies":[{"name":"wp","href":"https:\/\/api.w.org\/{rel}","templated":true}]}}