{"id":18582,"date":"2025-07-16T10:57:30","date_gmt":"2025-07-16T08:57:30","guid":{"rendered":"https:\/\/uj.adatbank.ro\/lexikon\/termek\/popa-traian-%c2%a7\/"},"modified":"2025-07-16T10:57:30","modified_gmt":"2025-07-16T08:57:30","slug":"popa-traian-%c2%a7","status":"publish","type":"product","link":"https:\/\/uj.adatbank.ro\/lexikon\/termek\/popa-traian-%c2%a7\/","title":{"rendered":"POPA, Traian, \u00a7"},"content":{"rendered":"<p>Vajasd , 1892. m\u00e1rc. 25., \u2020 Kv., 1969. jan. 23.: igazgat\u00f3-tan\u00e1r, v\u00e1rost\u00f6rt\u00e9n\u00e9sz, politikus. \u2013 Popa Vasile \u00e9s Marta fia. \u2013 A g.-kat. elemi iskol\u00e1ba a sz\u00fcl\u0151faluban tanult, gimn\u00e1ziumot (1904\u201312) \u00e9s Teol\u00f3giai Szemin\u00e1riumot Bal\u00e1zsfalv\u00e1n v\u00e9gzett (1912\u201316), Bp.-en b\u00f6lcs\u00e9szet \u00e9s filoz\u00f3fia szakos hallgat\u00f3 (1916\u201318), majd Kv.-on fejezte be az egyetemet (1920). Rom\u00e1n-latin szakos ideiglenes tan\u00e1r a mv.-i Al. Papiu Ilarian L\u00edc.-ban (1919\u2013), v\u00e9gles\u00edtett\u00e9k (1920. jan. 28.\u2013). A mv.-i Ref. Koll. \u00f3rada\u00f3 tan\u00e1ra (1922\u201325). Miniszt\u00e9riumi kinevez\u00e9ssel \u00e1thelyezt\u00e9k a mv.-i Mihai Viteazul Katonai Lic.-ba, ahol latin nyelvet tan\u00edtott, majd visszahelyezt\u00e9k a Papiu L\u00edc.-ba rom\u00e1n- \u00e9s latinnyelv tan\u00e1r (1924. szept. 1.\u20131935), igazgat\u00f3 is volt. A Rom\u00e1n Tan\u00edt\u00f3k\u00e9pz\u0151 igazgat\u00f3ja (1929. jan. 1.- 1931. m\u00e1j.1.). A miszt\u00e9rium kinevezte Udvarhely megye f\u0151isp\u00e1nj\u00e1v\u00e1 (1931. \u00e1pr. 24.\u20131936), de hamarosan visszat\u00e9rt a mv.-i katedr\u00e1j\u00e1ra. A kv.-i Rom. Egyetemi \u00cdfjak Egyes\u00fclete k\u00e9pviselet\u00e9ben, annak eln\u00f6kek\u00e9nt, r\u00e9szt vett a gyulafeh\u00e9rv\u00e1ri egyes\u00fcl\u00e9si nagy gy\u0171l\u00e9sen (1918. dec. 1).Tagja volt az Astranak (1925\u2013), a Frontul Rena\u015fterii Na\u0163ionalenak (1938\u2013). A B\u00e9csi Dikt\u00e1tumot k\u00f6vet\u0151en Temesv\u00e1rra menek\u00fclt, a \u201eDiaconovici Loga\u201d L\u00edc. \u00e9s a Mihai Viteazul L\u00edc. latintan\u00e1ra (1940\u201345). Visszat\u00e9rt Mv.-re, a Nemzeti Paraszt P\u00e1rt sz\u00edneben jel\u00f6ltk\u00e9nt vett r\u00e9sz a v\u00e1laszt\u00e1sokon (1946), sikertelen\u00fcl. Kv.-ra k\u00f6lt\u00f6z\u00f6tt (1947. m\u00e1rc.), nyugd\u00edjazt\u00e1k (1949. \u00e1pr. 2.). Ezut\u00e1n Lipp\u00e1n telepedett le (1952\u2013), \u00e9s hal\u00e1l\u00e1ig m\u00e9g tan\u00edtott Aradon a Kereskedelmi Technikai Iskol\u00e1ban (1952\u201355), majd azon a vid\u00e9ken m\u00e1s-m\u00e1s helys\u00e9gben (1964-ig). Visszak\u00f6lt\u00f6z\u00f6tt Kv.-ra, ahol meghalt. Tanulm\u00e1nyokat \u00e9s cikkeket k\u00f6z\u00f6lt t\u00f6bb sajt\u00f3term\u00e9kben: Mure\u015ful, Patria, Societatea de m\u00e2ine, Revista archivelor, \u015eoimii, Gazeta Mure\u015fului, Progres \u015fi cultur\u0103, Cultura cre\u015ftin\u0103, Banatul de altadat\u0103. Ieronim Puia a Maros megyei oktat\u00e1sra vonatkoz\u00f3lag adatokat gy\u0171jt\u00f6tt (1700\u20131931) \u00e9s ezeket rendelkez\u00e9s\u00e9re bocs\u00e1jtotta, ennek alapj\u00e1n meg\u00edrta a Mv. v\u00e1ros monogr\u00e1fi\u00e1j\u00e1t (1933). A Rom\u00e1n Akad\u00e9mia Gh. Asachi d\u00edj\u00e1val t\u0171ntett\u00e9k ki, tov\u00e1bb\u00e1 a Rom\u00e1n Korona Rend (Ordinul Coroana Rom\u00e2niei \u00een grad de cavaler, 1924) \u00e9s a Rom\u00e1nia Csillaga (\u201eSteaua Rom\u00e2niei\u201d, \u00een grad de ofi\u0163er, 1930) kit\u00fcntet\u00e9s birtokosa. \u2013 <strong>F. m.:<\/strong> Commentarii de bello gallico \/ Iulii Caesaris Cartea 1\u20136. (Cluj, 1923); Orationes prima et quatra \/ Marcii Tulii Ciceronis (tank\u00f6nyv; Buc., 1924); Un capitol sbuciumat din via\u0163a lui Gheorghe \u015eincai (Tg.M., 1924); Documente privitoare la trecutul rom\u00e2nilor din vechiul Scaun al Mure\u015fului 1. (Tg.M., 1926); \u00cenceputul \u015fcolii rom\u00e2ne\u015fti \u00een vechiul scaun al Mure\u015fului (1927); Monografia ora\u015fului T\u00e2rgu Mure\u015f (Tg.M., 1932; Ed. Anastatic\u0103 \/ Stud. introd. Grigore Ploe\u015fteanu; Ed. \u00cengij. Melinte \u015eerban, Dimitrie Popt\u0103ma\u015f. Tg.M., 2005). <br \/><strong>Irod.:<\/strong> Albu, Beu Octavian: Bibliografia r\u0103scoalei lui Horea (Sibiu, 1944); C.l. (1997. m\u00e1rc. 22); Cosma; Dasc\u0103li mure\u015feni 5.; Dubovitz; F\u00fcl\u00f6p\u2013Ferencz; Id\u0151t\u00e1r 3; Lupa\u015f, Ioan: R\u0103scoala \u0163\u0103ranilor din Transilvania la 1784 (Cluj, 1934); M\u0103rtina\u015f; Mv. t\u00f6rt. 2.; Niculescu-Varone G. T.: Monografiile ora\u015felor, comunelor \u015fi m\u0103n\u0103stirilor din Rom\u00e2nia \u00eentregit\u0103 (Buc., 1939); Papiu, Ilarian: Istoria rom\u00e2nilor din Dacia Superioar\u0103 (Sibiu, 1943); Popt\u0103ma\u015f: Prezen\u0163a \u015fi circula\u0163ia&#8230;; \u015eerban 2006; Todea 2013; Transilvania 1848\u201349<\/br><\/p>\n","protected":false},"excerpt":{"rendered":"<p>Vajasd , 1892. m\u00e1rc. 25., \u2020 Kv., 1969. jan. 23.: igazgat\u00f3-tan\u00e1r, v\u00e1rost\u00f6rt\u00e9n\u00e9sz, politikus. \u2013 Popa Vasile \u00e9s Marta fia. \u2013 A g.-kat. elemi iskol\u00e1ba a sz\u00fcl\u0151faluban tanult, gimn\u00e1ziumot (1904\u201312) \u00e9s Teol\u00f3giai Szemin\u00e1riumot Bal\u00e1zsfalv\u00e1n v\u00e9gzett (1912\u201316), Bp.-en b\u00f6lcs\u00e9szet \u00e9s filoz\u00f3fia szakos hallgat\u00f3 (1916\u201318), majd Kv.-on fejezte be az egyetemet (1920). Rom\u00e1n-latin szakos ideiglenes tan\u00e1r a mv.-i [&hellip;]<\/p>\n","protected":false},"featured_media":0,"comment_status":"open","ping_status":"closed","template":"","meta":[],"product_brand":[],"product_cat":[137],"product_tag":[],"class_list":{"0":"post-18582","1":"product","2":"type-product","3":"status-publish","5":"product_cat-maros-megyei-eletrajzi-lexikon","7":"first","8":"instock","9":"shipping-taxable","10":"product-type-simple"},"_links":{"self":[{"href":"https:\/\/uj.adatbank.ro\/lexikon\/wp-json\/wp\/v2\/product\/18582","targetHints":{"allow":["GET"]}}],"collection":[{"href":"https:\/\/uj.adatbank.ro\/lexikon\/wp-json\/wp\/v2\/product"}],"about":[{"href":"https:\/\/uj.adatbank.ro\/lexikon\/wp-json\/wp\/v2\/types\/product"}],"replies":[{"embeddable":true,"href":"https:\/\/uj.adatbank.ro\/lexikon\/wp-json\/wp\/v2\/comments?post=18582"}],"wp:attachment":[{"href":"https:\/\/uj.adatbank.ro\/lexikon\/wp-json\/wp\/v2\/media?parent=18582"}],"wp:term":[{"taxonomy":"product_brand","embeddable":true,"href":"https:\/\/uj.adatbank.ro\/lexikon\/wp-json\/wp\/v2\/product_brand?post=18582"},{"taxonomy":"product_cat","embeddable":true,"href":"https:\/\/uj.adatbank.ro\/lexikon\/wp-json\/wp\/v2\/product_cat?post=18582"},{"taxonomy":"product_tag","embeddable":true,"href":"https:\/\/uj.adatbank.ro\/lexikon\/wp-json\/wp\/v2\/product_tag?post=18582"}],"curies":[{"name":"wp","href":"https:\/\/api.w.org\/{rel}","templated":true}]}}