{"id":18590,"date":"2025-07-16T10:57:48","date_gmt":"2025-07-16T08:57:48","guid":{"rendered":"https:\/\/uj.adatbank.ro\/lexikon\/termek\/popescu-adrian\/"},"modified":"2025-07-16T10:57:48","modified_gmt":"2025-07-16T08:57:48","slug":"popescu-adrian","status":"publish","type":"product","link":"https:\/\/uj.adatbank.ro\/lexikon\/termek\/popescu-adrian\/","title":{"rendered":"POPESCU, Adrian"},"content":{"rendered":"<p>1882., \u2020 ?: \u00fcgyv\u00e9d, dr., v\u00e1rosi tan\u00e1csos, polg\u00e1rmester, prefektus, k\u00e9pvisel\u0151. \u2013 Feles\u00e9ge az Erd\u00e9lyi Helikon mv.-i tagjai k\u00f6zt szerepelt (1930). \u2013 Dr. Ion Vescant k\u00f6vette a Maros-Torda megyei prefektusi sz\u00e9kben (1920. \u00e1pr. 8.\u20131922. jan. 28.), ugyanakkor a v\u00e1ros prefektus\u00e1v\u00e1 is kinevezt\u00e9k.Olosz Lajos k\u00f6lt\u0151t h\u00edvta meg Mv.-re \u00e9s b\u00edzta meg \u00fcgyv\u00e9di irod\u00e1ja vezet\u00e9s\u00e9vel.(1922. febr.\u2013nov.), aki majd visszat\u00e9rt Kisjen\u0151re T\u00f6rv\u00e9nysz\u00e9ki eln\u00f6k, a Nemzeti Paraszt P\u00e1rt megyei vezet\u0151je \u00e9s a v\u00e1ros parlamenti k\u00e9pvisel\u0151je (1922\u201325). Az Erd\u00e9lyi Kereskedelmi \u00e9s Hitelbank igazgat\u00f3s\u00e1gi tagja (1924). V\u00e1rosi tan\u00e1csos. R\u00e9szt vett abban a bizotts\u00e1gban, amelyiket Dandea korrupci\u00f3s \u00fcgyeinek kivizsg\u00e1l\u00e1s\u00e1ra l\u00e9tes\u00edtettek (1926). Mv. polg\u00e1rmestere (1929\u201330), polg\u00e1rmesters\u00e9ge ideje alatt \u00e9p\u00fclt fel a mv.-i \u00e1llami k\u00f3rh\u00e1z \u00faj \u00e9p\u00fclete, amelyet azonban csak k\u00e9s\u0151bb fejeztek be (1937), majd m\u00e9g egy emeletet h\u00faztak r\u00e1 (1966\u201368). <br \/><strong>Irod.:<\/strong> Bern\u00e1dy; Fodor\u2013Bal\u00e1s; Fodor J\u00e1nos; Id\u0151t\u00e1r 3; Man: Tg.M., 3.; MO (nr. 1, 9. apr. 1920); Marosi-Helikon; Molter 1.; \u00d6kr\u00f6s; Pan\u0103<\/br><\/p>\n","protected":false},"excerpt":{"rendered":"<p>1882., \u2020 ?: \u00fcgyv\u00e9d, dr., v\u00e1rosi tan\u00e1csos, polg\u00e1rmester, prefektus, k\u00e9pvisel\u0151. \u2013 Feles\u00e9ge az Erd\u00e9lyi Helikon mv.-i tagjai k\u00f6zt szerepelt (1930). \u2013 Dr. Ion Vescant k\u00f6vette a Maros-Torda megyei prefektusi sz\u00e9kben (1920. \u00e1pr. 8.\u20131922. jan. 28.), ugyanakkor a v\u00e1ros prefektus\u00e1v\u00e1 is kinevezt\u00e9k.Olosz Lajos k\u00f6lt\u0151t h\u00edvta meg Mv.-re \u00e9s b\u00edzta meg \u00fcgyv\u00e9di irod\u00e1ja vezet\u00e9s\u00e9vel.(1922. febr.\u2013nov.), aki majd [&hellip;]<\/p>\n","protected":false},"featured_media":0,"comment_status":"open","ping_status":"closed","template":"","meta":[],"product_brand":[],"product_cat":[137],"product_tag":[],"class_list":{"0":"post-18590","1":"product","2":"type-product","3":"status-publish","5":"product_cat-maros-megyei-eletrajzi-lexikon","7":"first","8":"instock","9":"shipping-taxable","10":"product-type-simple"},"_links":{"self":[{"href":"https:\/\/uj.adatbank.ro\/lexikon\/wp-json\/wp\/v2\/product\/18590","targetHints":{"allow":["GET"]}}],"collection":[{"href":"https:\/\/uj.adatbank.ro\/lexikon\/wp-json\/wp\/v2\/product"}],"about":[{"href":"https:\/\/uj.adatbank.ro\/lexikon\/wp-json\/wp\/v2\/types\/product"}],"replies":[{"embeddable":true,"href":"https:\/\/uj.adatbank.ro\/lexikon\/wp-json\/wp\/v2\/comments?post=18590"}],"wp:attachment":[{"href":"https:\/\/uj.adatbank.ro\/lexikon\/wp-json\/wp\/v2\/media?parent=18590"}],"wp:term":[{"taxonomy":"product_brand","embeddable":true,"href":"https:\/\/uj.adatbank.ro\/lexikon\/wp-json\/wp\/v2\/product_brand?post=18590"},{"taxonomy":"product_cat","embeddable":true,"href":"https:\/\/uj.adatbank.ro\/lexikon\/wp-json\/wp\/v2\/product_cat?post=18590"},{"taxonomy":"product_tag","embeddable":true,"href":"https:\/\/uj.adatbank.ro\/lexikon\/wp-json\/wp\/v2\/product_tag?post=18590"}],"curies":[{"name":"wp","href":"https:\/\/api.w.org\/{rel}","templated":true}]}}

<p>1882., † ?: ügyvéd, dr., városi tanácsos, polgármester, prefektus, képviselő. – Felesége az Erdélyi Helikon mv.-i tagjai közt szerepelt (1930). – Dr. Ion Vescant követte a Maros-Torda megyei prefektusi székben (1920. ápr. 8.–1922. jan. 28.), ugyanakkor a város prefektusává is kinevezték.Olosz Lajos költőt hívta meg Mv.-re és bízta meg ügyvédi irodája vezetésével.(1922. febr.–nov.), aki majd visszatért Kisjenőre Törvényszéki elnök, a Nemzeti Paraszt Párt megyei vezetője és a város parlamenti képviselője (1922–25). Az Erdélyi Kereskedelmi és Hitelbank igazgatósági tagja (1924). Városi tanácsos. Részt vett abban a bizottságban, amelyiket Dandea korrupciós ügyeinek kivizsgálására létesítettek (1926). Mv. polgármestere (1929–30), polgármestersége ideje alatt épült fel a mv.-i állami kórház új épülete, amelyet azonban csak később fejeztek be (1937), majd még egy emeletet húztak rá (1966–68). <br /><strong>Irod.:</strong> Bernády; Fodor–Balás; Fodor János; Időtár 3; Man: Tg.M., 3.; MO (nr. 1, 9. apr. 1920); Marosi-Helikon; Molter 1.; Ökrös; Pană</br></p>

<p>1882., † ?: ügyvéd, dr., városi tanácsos, polgármester, prefektus, képviselő. – Felesége az Erdélyi Helikon mv.-i tagjai közt szerepelt (1930). – Dr. Ion Vescant követte a Maros-Torda megyei prefektusi székben (1920. ápr. 8.–1922. jan. 28.), ugyanakkor a város prefektusává is kinevezték.Olosz Lajos költőt hívta meg Mv.-re és bízta meg ügyvédi irodája vezetésével.(1922. febr.–nov.), aki majd [&hellip;]</p>
