{"id":18592,"date":"2025-07-16T10:57:56","date_gmt":"2025-07-16T08:57:56","guid":{"rendered":"https:\/\/uj.adatbank.ro\/lexikon\/termek\/popescu-constantin\/"},"modified":"2025-07-16T10:57:56","modified_gmt":"2025-07-16T08:57:56","slug":"popescu-constantin","status":"publish","type":"product","link":"https:\/\/uj.adatbank.ro\/lexikon\/termek\/popescu-constantin\/","title":{"rendered":"POPESCU, Constantin"},"content":{"rendered":"<p>C\u00e2lnic, 1911. \u00e1pr. 1., \u2020 Zsib\u00f3, 1995.: igazgat\u00f3tan\u00edt\u00f3. \u2013 Tan\u00edt\u00f3i okl-.t szerzett (1929). Tan\u00edt\u00f3k\u00e9nt m\u0171k\u0151d\u00f6tt Kolozs megye n\u00e9h\u00e1ny faluj\u00e1ban, majd Uzdiszentp\u00e9terre helyezt\u00e9k, a rom\u00e1n elemi iskol\u00e1ban tan\u00edtott (1937\u2013 49). Katonas\u00e1g ideje alatt gyalogos tiszti isk.-t alhadnagyk\u00e9nt v\u00e9gzett Bac\u0103uban. Szolg\u00e1latot a nyugati orsz\u00e1ghat\u00e1rn\u00e1l kik\u00e9pz\u0151tisztk\u00e9nt teljes\u00edtett, majd a 83. gyalogezred keret\u00e9ben r\u00e9szt vett a rom\u00e1n hadsereg harcaiban Erd\u00e9ly felszabad\u00edt\u00e1s\u00e1\u00e9rt. Hadnagyi rangot kapott (1944. aug. 23 \u2013). Harcolt Kv. mellett a Feleki tet\u0151n, a m\u00e1ramarosi hegyekben, Maros megy\u00e9ben Hadar\u00f3 k\u00f6rny\u00e9k\u00e9n. Megsebes\u00fclt, Kv.-ra, majd a szebeni Katonak\u00f3rh\u00e1zba sz\u00e1ll\u00edtott\u00e1k. A h\u00e1bor\u00fa v\u00e9g\u00e9t Sz\u00e1szv\u00e1rosban, a 92. ezred kik\u00e9pz\u0151jek\u00e9nt \u00e9rte meg. Coroana Rom\u00e2niei \u00e9s m\u00e1s \u00e9rdem\u00e9rmekkel t\u00fcntett\u00e9k ki. A h\u00e1bor\u00fa ut\u00e1n folytatta tan\u00edt\u00f3i munk\u00e1j\u00e1t. Egyik le\u00e1ny\u00e1n\u00e1l \u00e9rte a hal\u00e1l Zsib\u00f3ban. <br \/><strong>Irod.:<\/strong> S\u00e2npetru de C\u00e2mpie<\/br><\/p>\n","protected":false},"excerpt":{"rendered":"<p>C\u00e2lnic, 1911. \u00e1pr. 1., \u2020 Zsib\u00f3, 1995.: igazgat\u00f3tan\u00edt\u00f3. \u2013 Tan\u00edt\u00f3i okl-.t szerzett (1929). Tan\u00edt\u00f3k\u00e9nt m\u0171k\u0151d\u00f6tt Kolozs megye n\u00e9h\u00e1ny faluj\u00e1ban, majd Uzdiszentp\u00e9terre helyezt\u00e9k, a rom\u00e1n elemi iskol\u00e1ban tan\u00edtott (1937\u2013 49). Katonas\u00e1g ideje alatt gyalogos tiszti isk.-t alhadnagyk\u00e9nt v\u00e9gzett Bac\u0103uban. Szolg\u00e1latot a nyugati orsz\u00e1ghat\u00e1rn\u00e1l kik\u00e9pz\u0151tisztk\u00e9nt teljes\u00edtett, majd a 83. gyalogezred keret\u00e9ben r\u00e9szt vett a rom\u00e1n hadsereg harcaiban [&hellip;]<\/p>\n","protected":false},"featured_media":0,"comment_status":"open","ping_status":"closed","template":"","meta":[],"product_brand":[],"product_cat":[137],"product_tag":[],"class_list":{"0":"post-18592","1":"product","2":"type-product","3":"status-publish","5":"product_cat-maros-megyei-eletrajzi-lexikon","7":"first","8":"instock","9":"shipping-taxable","10":"product-type-simple"},"_links":{"self":[{"href":"https:\/\/uj.adatbank.ro\/lexikon\/wp-json\/wp\/v2\/product\/18592","targetHints":{"allow":["GET"]}}],"collection":[{"href":"https:\/\/uj.adatbank.ro\/lexikon\/wp-json\/wp\/v2\/product"}],"about":[{"href":"https:\/\/uj.adatbank.ro\/lexikon\/wp-json\/wp\/v2\/types\/product"}],"replies":[{"embeddable":true,"href":"https:\/\/uj.adatbank.ro\/lexikon\/wp-json\/wp\/v2\/comments?post=18592"}],"wp:attachment":[{"href":"https:\/\/uj.adatbank.ro\/lexikon\/wp-json\/wp\/v2\/media?parent=18592"}],"wp:term":[{"taxonomy":"product_brand","embeddable":true,"href":"https:\/\/uj.adatbank.ro\/lexikon\/wp-json\/wp\/v2\/product_brand?post=18592"},{"taxonomy":"product_cat","embeddable":true,"href":"https:\/\/uj.adatbank.ro\/lexikon\/wp-json\/wp\/v2\/product_cat?post=18592"},{"taxonomy":"product_tag","embeddable":true,"href":"https:\/\/uj.adatbank.ro\/lexikon\/wp-json\/wp\/v2\/product_tag?post=18592"}],"curies":[{"name":"wp","href":"https:\/\/api.w.org\/{rel}","templated":true}]}}

<p>Câlnic, 1911. ápr. 1., † Zsibó, 1995.: igazgatótanító. – Tanítói okl-.t szerzett (1929). Tanítóként műkődött Kolozs megye néhány falujában, majd Uzdiszentpéterre helyezték, a román elemi iskolában tanított (1937– 49). Katonaság ideje alatt gyalogos tiszti isk.-t alhadnagyként végzett Bacăuban. Szolgálatot a nyugati országhatárnál kiképzőtisztként teljesített, majd a 83. gyalogezred keretében részt vett a román hadsereg harcaiban Erdély felszabadításáért. Hadnagyi rangot kapott (1944. aug. 23 –). Harcolt Kv. mellett a Feleki tetőn, a máramarosi hegyekben, Maros megyében Hadaró környékén. Megsebesült, Kv.-ra, majd a szebeni Katonakórházba szállították. A háború végét Szászvárosban, a 92. ezred kiképzőjeként érte meg. Coroana României és más érdemérmekkel tüntették ki. A háború után folytatta tanítói munkáját. Egyik leányánál érte a halál Zsibóban. <br /><strong>Irod.:</strong> Sânpetru de Câmpie</br></p>

<p>Câlnic, 1911. ápr. 1., † Zsibó, 1995.: igazgatótanító. – Tanítói okl-.t szerzett (1929). Tanítóként műkődött Kolozs megye néhány falujában, majd Uzdiszentpéterre helyezték, a román elemi iskolában tanított (1937– 49). Katonaság ideje alatt gyalogos tiszti isk.-t alhadnagyként végzett Bacăuban. Szolgálatot a nyugati országhatárnál kiképzőtisztként teljesített, majd a 83. gyalogezred keretében részt vett a román hadsereg harcaiban [&hellip;]</p>
