{"id":18594,"date":"2025-07-16T10:58:02","date_gmt":"2025-07-16T08:58:02","guid":{"rendered":"https:\/\/uj.adatbank.ro\/lexikon\/termek\/popescu-emilian-emil\/"},"modified":"2025-07-16T10:58:02","modified_gmt":"2025-07-16T08:58:02","slug":"popescu-emilian-emil","status":"publish","type":"product","link":"https:\/\/uj.adatbank.ro\/lexikon\/termek\/popescu-emilian-emil\/","title":{"rendered":"POPESCU, Emilian, Emil"},"content":{"rendered":"<p>Marosliget, 1863. szept. 22., \u2020 Marosliget, 1896. j\u00fan. 14.: tan\u00e1r. \u2013 Sz\u00e1szr\u00e9genben, Monoron \u00e9s Nasz\u00f3don tanult, ezut\u00f3bbi helyen Co\u015fbuc iskolat\u00e1rsa volt, ott szerkesztette a Musa Some\u015feana c. lapot (1883\u201384). Szebenben az Andreian szemin\u00e1riumban teol\u00f3gi\u00e1t \u00e9s pedag\u00f3gi\u00e1t hallgatott (1884\u201387). Tev\u00e9keny tagja volt az Andrei \u015eaguna Olvas\u00f3 T\u00e1rsas\u00e1gnak, szerkesztette ennek lapj\u00e1t a Musa-t. Itt \u00edrta a k\u00e9zitarban fennmaradt Egyh\u00e1zt\u00f6rt\u00e9net.-\u00e9t. Bekapcsol\u00f3dott az Astra tev\u00e9kenys\u00e9g\u00e9be el\u0151ad\u00e1sokat tartott. \u00c9vekig a szebeni ortodox egyh\u00e1zker\u00fclet konziszt\u00f3rium\u00e1nak kancell\u00e1ri\u00e1j\u00e1n dolgozott. \u00d6szt\u00f6nd\u00edjjal tanult Bp.-en a MKE irodalom \u00e9s filoz\u00f3fia szak\u00e1n (1887\u201392), irodalom \u00e9s filoz\u00f3fia doktor\u00e1tus tett (1892. okt. 29.) \u00e9s tan\u00e1ri diplomavizsg\u00e1t (1894). Bp.-en kapcsolatba ker\u00fclt a j\u00f6vend\u0151 memorandist\u00e1kkal: Valeriu Brani\u015fte, Iosif Blaga, Gh. Pop, Virgil es Valer Oni\u0163iu, Pavel Opri\u015fa, egy\u00fctt tev\u00e9kenykedtek a Petru Maior T\u00e1rsas\u00e1gban, Irodalmi \u00e9s filoz\u00f3fiai doktor\u00e1tust szerzett (1892) Bolintineanur\u00f3l \u00edrt \u00e9rtekez\u00e9s\u00e9vel; tan\u00e1ri k\u00e9pes\u00edt\u00e9st szerzett rom\u00e1n, g\u00f6r\u00f6g, latin, m. nyelvb\u0151l (1894). Egy \u00e9vig dolgozott a szebeni ortodox p\u00fcsp\u00f6ks\u00e9gen, majd Szebenben az Andreianu Szemin\u00e1rium helyettes tan\u00e1ra volt (1892\u20131894), k\u00e9s\u0151bb a fels\u0151fok\u00fa re\u00e1l iskol\u00e1ban Kass\u00e1n (1894\u201395), majd Brass\u00f3ban a rom\u00e1n l\u00edc.-ban tan\u00edtott (1895\u20131896). Tagja volt a Rom\u00e1n Sz\u00ednh\u00e1z Alap\u00edt\u00e1s\u00e1ra L\u00e9tes\u00edtett T\u00e1rsas\u00e1gnak Brass\u00f3ban. Irodalomt\u00f6rt\u00e9neti tanulm\u00e1nyai : Risipirea Ierusalimului; Transilvania. Telegraful rom\u00e2n c. foly\u00f3iratokban, szerkesztette a Musa Some\u015feana, Musa a Soc. de lectur\u0103 Andrei \u015eaguna. \u2013 <strong>F. m.:<\/strong> Bolintineanu Demeter: Tanulm\u00e1ny a rom\u00e1n irodalom k\u00f6r\u00e9b\u0151l (Bp., 1892); Gramatica latin\u0103 (Bra\u015fov, 1896); Christianitas daco-romana:Florilegium studiorum (Buc., 1994) <br \/><strong>Irod.:<\/strong> Predescu; Regh. Cult. 3.; Sigmirean; Szinnyei; Todea 2013<\/br><\/p>\n","protected":false},"excerpt":{"rendered":"<p>Marosliget, 1863. szept. 22., \u2020 Marosliget, 1896. j\u00fan. 14.: tan\u00e1r. \u2013 Sz\u00e1szr\u00e9genben, Monoron \u00e9s Nasz\u00f3don tanult, ezut\u00f3bbi helyen Co\u015fbuc iskolat\u00e1rsa volt, ott szerkesztette a Musa Some\u015feana c. lapot (1883\u201384). Szebenben az Andreian szemin\u00e1riumban teol\u00f3gi\u00e1t \u00e9s pedag\u00f3gi\u00e1t hallgatott (1884\u201387). Tev\u00e9keny tagja volt az Andrei \u015eaguna Olvas\u00f3 T\u00e1rsas\u00e1gnak, szerkesztette ennek lapj\u00e1t a Musa-t. Itt \u00edrta a k\u00e9zitarban [&hellip;]<\/p>\n","protected":false},"featured_media":0,"comment_status":"open","ping_status":"closed","template":"","meta":[],"product_brand":[],"product_cat":[137],"product_tag":[],"class_list":{"0":"post-18594","1":"product","2":"type-product","3":"status-publish","5":"product_cat-maros-megyei-eletrajzi-lexikon","7":"first","8":"instock","9":"shipping-taxable","10":"product-type-simple"},"_links":{"self":[{"href":"https:\/\/uj.adatbank.ro\/lexikon\/wp-json\/wp\/v2\/product\/18594","targetHints":{"allow":["GET"]}}],"collection":[{"href":"https:\/\/uj.adatbank.ro\/lexikon\/wp-json\/wp\/v2\/product"}],"about":[{"href":"https:\/\/uj.adatbank.ro\/lexikon\/wp-json\/wp\/v2\/types\/product"}],"replies":[{"embeddable":true,"href":"https:\/\/uj.adatbank.ro\/lexikon\/wp-json\/wp\/v2\/comments?post=18594"}],"wp:attachment":[{"href":"https:\/\/uj.adatbank.ro\/lexikon\/wp-json\/wp\/v2\/media?parent=18594"}],"wp:term":[{"taxonomy":"product_brand","embeddable":true,"href":"https:\/\/uj.adatbank.ro\/lexikon\/wp-json\/wp\/v2\/product_brand?post=18594"},{"taxonomy":"product_cat","embeddable":true,"href":"https:\/\/uj.adatbank.ro\/lexikon\/wp-json\/wp\/v2\/product_cat?post=18594"},{"taxonomy":"product_tag","embeddable":true,"href":"https:\/\/uj.adatbank.ro\/lexikon\/wp-json\/wp\/v2\/product_tag?post=18594"}],"curies":[{"name":"wp","href":"https:\/\/api.w.org\/{rel}","templated":true}]}}

<p>Marosliget, 1863. szept. 22., † Marosliget, 1896. jún. 14.: tanár. – Szászrégenben, Monoron és Naszódon tanult, ezutóbbi helyen Coşbuc iskolatársa volt, ott szerkesztette a Musa Someşeana c. lapot (1883–84). Szebenben az Andreian szemináriumban teológiát és pedagógiát hallgatott (1884–87). Tevékeny tagja volt az Andrei Şaguna Olvasó Társaságnak, szerkesztette ennek lapját a Musa-t. Itt írta a kézitarban fennmaradt Egyháztörténet.-ét. Bekapcsolódott az Astra tevékenységébe előadásokat tartott. Évekig a szebeni ortodox egyházkerület konzisztóriumának kancelláriáján dolgozott. Ösztöndíjjal tanult Bp.-en a MKE irodalom és filozófia szakán (1887–92), irodalom és filozófia doktorátus tett (1892. okt. 29.) és tanári diplomavizsgát (1894). Bp.-en kapcsolatba került a jövendő memorandistákkal: Valeriu Branişte, Iosif Blaga, Gh. Pop, Virgil es Valer Oniţiu, Pavel Oprişa, együtt tevékenykedtek a Petru Maior Társaságban, Irodalmi és filozófiai doktorátust szerzett (1892) Bolintineanuról írt értekezésével; tanári képesítést szerzett román, görög, latin, m. nyelvből (1894). Egy évig dolgozott a szebeni ortodox püspökségen, majd Szebenben az Andreianu Szeminárium helyettes tanára volt (1892–1894), később a felsőfokú reál iskolában Kassán (1894–95), majd Brassóban a román líc.-ban tanított (1895–1896). Tagja volt a Román Színház Alapítására Létesített Társaságnak Brassóban. Irodalomtörténeti tanulmányai : Risipirea Ierusalimului; Transilvania. Telegraful român c. folyóiratokban, szerkesztette a Musa Someşeana, Musa a Soc. de lectură Andrei Şaguna. – <strong>F. m.:</strong> Bolintineanu Demeter: Tanulmány a román irodalom köréből (Bp., 1892); Gramatica latină (Braşov, 1896); Christianitas daco-romana:Florilegium studiorum (Buc., 1994) <br /><strong>Irod.:</strong> Predescu; Regh. Cult. 3.; Sigmirean; Szinnyei; Todea 2013</br></p>

<p>Marosliget, 1863. szept. 22., † Marosliget, 1896. jún. 14.: tanár. – Szászrégenben, Monoron és Naszódon tanult, ezutóbbi helyen Coşbuc iskolatársa volt, ott szerkesztette a Musa Someşeana c. lapot (1883–84). Szebenben az Andreian szemináriumban teológiát és pedagógiát hallgatott (1884–87). Tevékeny tagja volt az Andrei Şaguna Olvasó Társaságnak, szerkesztette ennek lapját a Musa-t. Itt írta a kézitarban [&hellip;]</p>
