{"id":18603,"date":"2025-07-16T10:58:21","date_gmt":"2025-07-16T08:58:21","guid":{"rendered":"https:\/\/uj.adatbank.ro\/lexikon\/termek\/popescu-ioan-bibit\/"},"modified":"2025-07-16T10:58:21","modified_gmt":"2025-07-16T08:58:21","slug":"popescu-ioan-bibit","status":"publish","type":"product","link":"https:\/\/uj.adatbank.ro\/lexikon\/termek\/popescu-ioan-bibit\/","title":{"rendered":"POPESCU, Ioan; Bibi\u0163"},"content":{"rendered":"<p>Sz\u00e1szr\u00e9gen, 1896. \u00e1pr. 16 Reghin, militari19., \u2020 1981.: jog\u00e1sz, polg\u00e1rmester. \u2013 Apja, Ioan Popescu \u00fcgyv\u00e9d. Sz\u00e1szr\u00e9genben, Beszterc\u00e9n, Brass\u00f3ban az ortodox f\u0151gimn.-ban tanult, \u00e9retts\u00e9gizett, majd Kv.-on jogot v\u00e9gzett a FJTE-en (1914\u201319). A 4.husz\u00e1rezred alhadnagyak\u00e9nt vett r\u00e9szt az I. vh.-ban az olasz fronton Asiagon\u00e1l. Veres\u00e9g ut\u00e1n hazat\u00e9rt szabads\u00e1gra, majd a h\u00e1bor\u00fa befejez\u00e9se ut\u00e1n a r\u00e9geni rom\u00e1n polg\u00e1r\u0151rs\u00e9g tagja volt. Tev\u00e9keny r\u00e9szt v\u00e1llalt az egyes\u00fcl\u00e9s el\u0151k\u00e9sz\u00edt\u00e9s\u00e9ben (1918). El\u0151bb tisztvisel\u0151 majd jogi doktor\u00e1tust tett \u00e9s az \u00e1llamigazgat\u00e1sban tev\u00e9kenykedett: szolgab\u00edr\u00f3 (1920), f\u0151szolgab\u00edr\u00f3 (1922). Sz\u00e1szr\u00e9gen polg\u00e1rmestere (1926\u2013), ezt a tiszts\u00e9get t\u00f6bb hossz\u00fa \u00e9vekig gyakorolta, egy m. \u00e9s egy n\u00e9met alpolg\u00e1rmester seg\u00edts\u00e9g\u00e9vel. Kiv\u00e1l\u00f3 v\u00e1rospolitik\u00e1t folytatott, amely kedvez\u0151 hat\u00e1ssal volt a v\u00e1ros fejl\u0151d\u00e9s\u00e9re. Tev\u00e9kenys\u00e9ge nyom\u00e1n fellend\u00fclt a v\u00e1ros gazdas\u00e1gi \u00e9lete: a villanytelep, a v\u00e1g\u00f3h\u00edd, a mozi, a v\u00e1rosi sz\u00e1lloda l\u00e9tes\u00edt\u00e9se \u00e9s \u00e1tszervez\u00e9se, munk\u00e1ss\u00e1g\u00e1nak eredm\u00e9nye volt. Nev\u00e9hez f\u0171z\u0151dik a Petru Maior Vegyes \u00c1llami Gimn\u00e1zium \u00e9p\u00edt\u00e9se, l\u00e9tes\u00edt\u00e9se. Az Astra \u00e9s a helyi kultur\u00e1lis \u00e9s t\u00e1rsadalmi egyes\u00fcletek m\u0171k\u00f6d\u00e9s\u00e9ben jelent\u0151s szerepet j\u00e1tszott. A kir\u00e1lyi csal\u00e1d bizalmas l\u00e9v\u00e9n Mih\u00e1ly kir\u00e1ly vad\u00e1szati oktat\u00f3ja lett, kinevezt\u00e9k a G\u00f6rg\u00e9ny-Laposnya- i kir\u00e1lyi vad\u00e1sz uradalom gondnok\u00e1v\u00e1. A b\u00e9csi d\u00f6nt\u00e9s ut\u00e1n Soborsinra menek\u00fclt (1940), ahol egy ideig Mih\u00e1ly kir\u00e1ly megb\u00edzottja volt de r\u00f6vid id\u0151 m\u00falva visszat\u00e9rt R\u00e9genbe. Az \u00e1llamos\u00edt\u00e1s ut\u00e1n (1948) sanyar\u00fa sors jutott oszt\u00e1lyr\u00e9sz\u00e9\u00fcl. A rom\u00e1n koronarend lovagi \u00e9s tiszti keresztj\u00e9vel, valamint a szolg\u00e1lati \u00e9rdemjellel t\u00fcntett\u00e9k ki.<br \/><strong>Irod.:<\/strong> Gazeta Reghinului (1998. 7\u20138); Ki kicsoda\u00a0?; P\u0103c\u0103\u0163ian; Regh cult. 4.; Reghin, militari; Sigmirean; Sz\u00e1szr\u00e9gen \u00e9s vid\u00e9ke; Todea 2013<\/br><\/p>\n","protected":false},"excerpt":{"rendered":"<p>Sz\u00e1szr\u00e9gen, 1896. \u00e1pr. 16 Reghin, militari19., \u2020 1981.: jog\u00e1sz, polg\u00e1rmester. \u2013 Apja, Ioan Popescu \u00fcgyv\u00e9d. Sz\u00e1szr\u00e9genben, Beszterc\u00e9n, Brass\u00f3ban az ortodox f\u0151gimn.-ban tanult, \u00e9retts\u00e9gizett, majd Kv.-on jogot v\u00e9gzett a FJTE-en (1914\u201319). A 4.husz\u00e1rezred alhadnagyak\u00e9nt vett r\u00e9szt az I. vh.-ban az olasz fronton Asiagon\u00e1l. Veres\u00e9g ut\u00e1n hazat\u00e9rt szabads\u00e1gra, majd a h\u00e1bor\u00fa befejez\u00e9se ut\u00e1n a r\u00e9geni rom\u00e1n polg\u00e1r\u0151rs\u00e9g [&hellip;]<\/p>\n","protected":false},"featured_media":0,"comment_status":"open","ping_status":"closed","template":"","meta":[],"product_brand":[],"product_cat":[137],"product_tag":[],"class_list":{"0":"post-18603","1":"product","2":"type-product","3":"status-publish","5":"product_cat-maros-megyei-eletrajzi-lexikon","7":"first","8":"instock","9":"shipping-taxable","10":"product-type-simple"},"_links":{"self":[{"href":"https:\/\/uj.adatbank.ro\/lexikon\/wp-json\/wp\/v2\/product\/18603","targetHints":{"allow":["GET"]}}],"collection":[{"href":"https:\/\/uj.adatbank.ro\/lexikon\/wp-json\/wp\/v2\/product"}],"about":[{"href":"https:\/\/uj.adatbank.ro\/lexikon\/wp-json\/wp\/v2\/types\/product"}],"replies":[{"embeddable":true,"href":"https:\/\/uj.adatbank.ro\/lexikon\/wp-json\/wp\/v2\/comments?post=18603"}],"wp:attachment":[{"href":"https:\/\/uj.adatbank.ro\/lexikon\/wp-json\/wp\/v2\/media?parent=18603"}],"wp:term":[{"taxonomy":"product_brand","embeddable":true,"href":"https:\/\/uj.adatbank.ro\/lexikon\/wp-json\/wp\/v2\/product_brand?post=18603"},{"taxonomy":"product_cat","embeddable":true,"href":"https:\/\/uj.adatbank.ro\/lexikon\/wp-json\/wp\/v2\/product_cat?post=18603"},{"taxonomy":"product_tag","embeddable":true,"href":"https:\/\/uj.adatbank.ro\/lexikon\/wp-json\/wp\/v2\/product_tag?post=18603"}],"curies":[{"name":"wp","href":"https:\/\/api.w.org\/{rel}","templated":true}]}}

POPESCU, Ioan; Bibiţ

<p>Szászrégen, 1896. ápr. 16 Reghin, militari19., † 1981.: jogász, polgármester. – Apja, Ioan Popescu ügyvéd. Szászrégenben, Besztercén, Brassóban az ortodox főgimn.-ban tanult, érettségizett, majd Kv.-on jogot végzett a FJTE-en (1914–19). A 4.huszárezred alhadnagyaként vett részt az I. vh.-ban az olasz fronton Asiagonál. Vereség után hazatért szabadságra, majd a háború befejezése után a régeni román polgárőrség tagja volt. Tevékeny részt vállalt az egyesülés előkészítésében (1918). Előbb tisztviselő majd jogi doktorátust tett és az államigazgatásban tevékenykedett: szolgabíró (1920), főszolgabíró (1922). Szászrégen polgármestere (1926–), ezt a tisztséget több hosszú évekig gyakorolta, egy m. és egy német alpolgármester segítségével. Kiváló várospolitikát folytatott, amely kedvező hatással volt a város fejlődésére. Tevékenysége nyomán fellendült a város gazdasági élete: a villanytelep, a vágóhíd, a mozi, a városi szálloda létesítése és átszervezése, munkásságának eredménye volt. Nevéhez fűződik a Petru Maior Vegyes Állami Gimnázium építése, létesítése. Az Astra és a helyi kulturális és társadalmi egyesületek működésében jelentős szerepet játszott. A királyi család bizalmas lévén Mihály király vadászati oktatója lett, kinevezték a Görgény-Laposnya- i királyi vadász uradalom gondnokává. A bécsi döntés után Soborsinra menekült (1940), ahol egy ideig Mihály király megbízottja volt de rövid idő múlva visszatért Régenbe. Az államosítás után (1948) sanyarú sors jutott osztályrészéül. A román koronarend lovagi és tiszti keresztjével, valamint a szolgálati érdemjellel tüntették ki.<br /><strong>Irod.:</strong> Gazeta Reghinului (1998. 7–8); Ki kicsoda ?; Păcăţian; Regh cult. 4.; Reghin, militari; Sigmirean; Szászrégen és vidéke; Todea 2013</br></p>

<p>Szászrégen, 1896. ápr. 16 Reghin, militari19., † 1981.: jogász, polgármester. – Apja, Ioan Popescu ügyvéd. Szászrégenben, Besztercén, Brassóban az ortodox főgimn.-ban tanult, érettségizett, majd Kv.-on jogot végzett a FJTE-en (1914–19). A 4.huszárezred alhadnagyaként vett részt az I. vh.-ban az olasz fronton Asiagonál. Vereség után hazatért szabadságra, majd a háború befejezése után a régeni román polgárőrség [&hellip;]</p>
