{"id":18605,"date":"2025-07-16T10:58:27","date_gmt":"2025-07-16T08:58:27","guid":{"rendered":"https:\/\/uj.adatbank.ro\/lexikon\/termek\/popescu-ion-apostol-%c2%a7-ioan-apostol-apostol-popescu-ion-alneve-ilarion-freamata-i-a-p\/"},"modified":"2025-07-16T10:58:27","modified_gmt":"2025-07-16T08:58:27","slug":"popescu-ion-apostol-%c2%a7-ioan-apostol-apostol-popescu-ion-alneve-ilarion-freamata-i-a-p","status":"publish","type":"product","link":"https:\/\/uj.adatbank.ro\/lexikon\/termek\/popescu-ion-apostol-%c2%a7-ioan-apostol-apostol-popescu-ion-alneve-ilarion-freamata-i-a-p\/","title":{"rendered":"POPESCU, Ion Apostol, \u00a7; Ioan Apostol; Apostol Popescu, Ion; \u00e1lneve: Ilarion Freamat\u0103, I.A.P."},"content":{"rendered":"<p>Sc\u0103uieni, Beresl\u0103ve\u015fti (V\u00eelcea), 1920. m\u00e1rc. 6., \u2020 Szamos\u00fajv\u00e1r, 1984. jan. 23.\u00a0eltemett\u00e9k F\u0171zesmikol\u00e1n: tan\u00e1r, etnogr\u00e1fus, k\u00f6lt\u00f6, essz\u00e9\u00edr\u00f3. \u2013 A tan\u00edt\u00f3k\u00e9pz\u0151t R\u00e2mnicu V\u00e2lcea-n (1938), Szebenben \u201eAndrei \u015eaguna\u201d Tan\u00edt\u00f3k\u00e9pz\u0151t \u00e9s \u201eGheorghe Laz\u0103r\u201d L\u00edc.-ot v\u00e9gezte (1940); B\u00f6cs\u00e9szet \u00e9s filoz\u00f3fia hallgat\u00f3 Szebenben \u00e9s Kv.-on a \u201eVictor Babe\u015f\u201d Egyetem. Filol\u00f3gia Kar\u00e1n (1940\u201345), amelyet Magna cum laudae-val fejezett be (1947). Filol\u00f3giai doktor\u00e1tus Kv.-on szerzett (1969). Az egyetemen Lucian Blaga n\u00f6vend\u00e9ke volt, akit mester\u00e9nek tekintett. Sokat foglalkozott \u2013 a Torock\u00f3 vid\u00e9ki gy\u0171jt\u00e9se alapj\u00e1n \u2013 a rom\u00e1n \u00e9s m. n\u00e9pk\u00f6lt\u00e9szet kapcsolataival. Szamos\u00fajv\u00e1ron a Ped. L\u00edc.-ban \u00e9s a Petru Maior L\u00edc.-ban tan\u00e1r (1947\u201363). Mv.-en a Ped. F\u0151iskola lektora \u00e9s el\u0151ad\u00f3tan\u00e1ra (1963\u201376). Alap\u00edt\u00f3tagja az Erd\u00e9lyi \u00cdr\u00f3sz\u00f6vets\u00e9gnek (1962). Tagja a Rom\u00e1n \u00cdr\u00f3sz\u00f6vets\u00e9gnek (1968\u2013) \u00e9s a \u201eSamus\u201d Szamosi Etnogr\u00e1fiai Egyes\u00fcletnek (1981\u2013). K\u00f6lt\u0151k\u00e9nt a Zorile Romana\u0163ului c. foly\u00f3iratban jelentkezett (1935). Kora legavatottabb \u00fcvegfestm\u00e9ny szak\u00e9rt\u0151j\u00e9nek tekintett\u00e9k. Gy\u0171jt\u00f6tte a n\u00e9pm\u0171v\u00e9szeti \u00fcvegfestm\u00e9nyeket, \u00e9s meg\u00edrta az Arta icoanelor pe sticl\u0103 de la Nicula (1969) c. tanulm\u00e1ny\u00e1t. Kutat\u00f3ja volt a hazai n\u00e9pi irodalomnak, tanulm\u00e1nyokat k\u00f6z\u00f6lt erre vonatkoz\u00f3an az AE\u00c1-, T\u00f6r\u00f6ko. -, Ausztri\u00e1-, Egyiptom-, Franciao.-, Olaszo.-, \u00e9s Libi\u00e1ban. A Studii de folclor \u015fi art\u0103 popular\u0103 c. k\u00f6tet\u00e9t elk\u00e9rte a washingtoni Kongresszusi K\u00f6nyvt\u00e1r (Library of Congres Washington). Sz\u00e1mos sajt\u00f3term\u00e9knek volt munkat\u00e1rsa: Rom\u00e2nia nou\u0103, Albina, Almanahul literar, Ateneu, Amfiteatru, Arta, Teatrul, Cinema, Cronica, Cadran Mure\u015fan, Familia, Flac\u0103ra, G\u00e2nd \u015fi slov\u0103 olteneasc\u0103, Ia\u015ful literar, Limb\u0103 \u015fi literatur\u0103, Tribuna Ardealului \u00e9s sok m\u00e1s lapn\u00e1l. \u2013 <strong>F. m.:<\/strong> Literatura ardelean\u0103 nou\u0103 (Buc., 1944); Ion Pop Reteganul \u2013 via\u0163a si activitatea (Buc., 1965); Basme armene\u015fti din Transilvania (Buc., 1967); Iubiri :versuri (Buc., 1968); Arta icoanelor pe sticl\u0103 la Nicula (Buc. 1969); Studii de folclor \u015fi art\u0103 popular\u0103 (Buc., 1970); Flaut pentru o frumoas\u0103:poeme (Buc., 1971); Istoria literaturii rom\u00e2ne: curs. 1\u20132. (Tg.M., 1971); Frumoasa privighetorilor: basme armene\u015fti din Transilvania (Cluj-N., 1974); De vorb\u0103 cu Marco Polo: poezii (Buc., 1978); Trec printre oameni: poeme (Buc., 1978); Ora\u0163ii de nunt\u0103: Colacarii, c\u00e2ntece \u015fi srig\u0103turi de pe Valea Some\u015fului (Buc., 1979); De ziua inimii noastre: poeme (Craiova, 1987); Elemente folclorice \u00een concep\u0163ia \u015fi arta lui Br\u00e2ncu\u015fi = Studii de folclor \u015fi literatur\u0103 (Buc., 1967). <br \/><strong>Irod.:<\/strong> Cosma; Datcu; DGLR; Domokos 1978; DSR; Duicu, Serafim: Formele nelini\u015ftii (Tg. M., 2009); Pop Tofolean-F\u00fcl\u00f6p; T\u00f3th Istv\u00e1n: I. A. P. (V. Z., 1969. m\u00e1rc. 15.)<\/br><\/p>\n","protected":false},"excerpt":{"rendered":"<p>Sc\u0103uieni, Beresl\u0103ve\u015fti (V\u00eelcea), 1920. m\u00e1rc. 6., \u2020 Szamos\u00fajv\u00e1r, 1984. jan. 23.\u00a0eltemett\u00e9k F\u0171zesmikol\u00e1n: tan\u00e1r, etnogr\u00e1fus, k\u00f6lt\u00f6, essz\u00e9\u00edr\u00f3. \u2013 A tan\u00edt\u00f3k\u00e9pz\u0151t R\u00e2mnicu V\u00e2lcea-n (1938), Szebenben \u201eAndrei \u015eaguna\u201d Tan\u00edt\u00f3k\u00e9pz\u0151t \u00e9s \u201eGheorghe Laz\u0103r\u201d L\u00edc.-ot v\u00e9gezte (1940); B\u00f6cs\u00e9szet \u00e9s filoz\u00f3fia hallgat\u00f3 Szebenben \u00e9s Kv.-on a \u201eVictor Babe\u015f\u201d Egyetem. Filol\u00f3gia Kar\u00e1n (1940\u201345), amelyet Magna cum laudae-val fejezett be (1947). Filol\u00f3giai doktor\u00e1tus [&hellip;]<\/p>\n","protected":false},"featured_media":0,"comment_status":"open","ping_status":"closed","template":"","meta":[],"product_brand":[],"product_cat":[137],"product_tag":[],"class_list":{"0":"post-18605","1":"product","2":"type-product","3":"status-publish","5":"product_cat-maros-megyei-eletrajzi-lexikon","7":"first","8":"instock","9":"shipping-taxable","10":"product-type-simple"},"_links":{"self":[{"href":"https:\/\/uj.adatbank.ro\/lexikon\/wp-json\/wp\/v2\/product\/18605","targetHints":{"allow":["GET"]}}],"collection":[{"href":"https:\/\/uj.adatbank.ro\/lexikon\/wp-json\/wp\/v2\/product"}],"about":[{"href":"https:\/\/uj.adatbank.ro\/lexikon\/wp-json\/wp\/v2\/types\/product"}],"replies":[{"embeddable":true,"href":"https:\/\/uj.adatbank.ro\/lexikon\/wp-json\/wp\/v2\/comments?post=18605"}],"wp:attachment":[{"href":"https:\/\/uj.adatbank.ro\/lexikon\/wp-json\/wp\/v2\/media?parent=18605"}],"wp:term":[{"taxonomy":"product_brand","embeddable":true,"href":"https:\/\/uj.adatbank.ro\/lexikon\/wp-json\/wp\/v2\/product_brand?post=18605"},{"taxonomy":"product_cat","embeddable":true,"href":"https:\/\/uj.adatbank.ro\/lexikon\/wp-json\/wp\/v2\/product_cat?post=18605"},{"taxonomy":"product_tag","embeddable":true,"href":"https:\/\/uj.adatbank.ro\/lexikon\/wp-json\/wp\/v2\/product_tag?post=18605"}],"curies":[{"name":"wp","href":"https:\/\/api.w.org\/{rel}","templated":true}]}}