{"id":1861,"date":"2025-06-28T11:55:40","date_gmt":"2025-06-28T09:55:40","guid":{"rendered":"https:\/\/uj.adatbank.ro\/lexikon\/termek\/bakalo-zoltan\/"},"modified":"2025-06-28T11:55:40","modified_gmt":"2025-06-28T09:55:40","slug":"bakalo-zoltan","status":"publish","type":"product","link":"https:\/\/uj.adatbank.ro\/lexikon\/termek\/bakalo-zoltan\/","title":{"rendered":"BAKAL\u00d3 Zolt\u00e1n"},"content":{"rendered":"<p>Mv., 1911. aug. 6., \u2020\u00a0? : asztalos. \u2013 Feles\u00e9ge: \u00d6llerer Margit. Fi\u00fak: Zolt\u00e1n. \u2013 L\u00edc.-ot \u00e9s szakiskol\u00e1t v\u00e9gzett. A mv.-i cukorgy\u00e1rban dolgozott, asztalos volt. A Nyilaskeresztes P\u00e1rt mv.-i szervezet\u00e9nek vezet\u0151s\u00e9gi tagja, vezette a munk\u00e1smozgalommal foglalkoz\u00f3 szekci\u00f3t, amely tiszts\u00e9gben \u201eintenz\u00edv nacionalista tev\u00e9kenys\u00e9get\u201d fejtett ki (1940\u201344). A securitate megfigyeltette (1950 k. \u2013). Mv.-en tart\u00f3ztatt\u00e1k le, a v\u00e1d: a t\u00e1rsadalmi rend elleni tev\u00e9kenys\u00e9g (1957. szept. 17.). A v\u00e1d szerint m\u00e1r 1956 \u0151sz\u00e9n \u201eellens\u00e9ges agit\u00e1ci\u00f3t folytatott, dics\u0151itette a fasiszta felkel\u0151ket\u201d. A Faliboga-csoport m. vonal\u00e1nak kulcsembere. <br \/><strong>Irod.:<\/strong> 1956 Erd\u00e9lyben; \u00c1ldozatok; Bartos 2012; Bottoni 2006; Id\u0151t\u00e1r 4.; T\u00f3falvi 5.<\/br><\/p>\n","protected":false},"excerpt":{"rendered":"<p>Mv., 1911. aug. 6., \u2020\u00a0? : asztalos. \u2013 Feles\u00e9ge: \u00d6llerer Margit. Fi\u00fak: Zolt\u00e1n. \u2013 L\u00edc.-ot \u00e9s szakiskol\u00e1t v\u00e9gzett. A mv.-i cukorgy\u00e1rban dolgozott, asztalos volt. A Nyilaskeresztes P\u00e1rt mv.-i szervezet\u00e9nek vezet\u0151s\u00e9gi tagja, vezette a munk\u00e1smozgalommal foglalkoz\u00f3 szekci\u00f3t, amely tiszts\u00e9gben \u201eintenz\u00edv nacionalista tev\u00e9kenys\u00e9get\u201d fejtett ki (1940\u201344). A securitate megfigyeltette (1950 k. \u2013). Mv.-en tart\u00f3ztatt\u00e1k le, a v\u00e1d: [&hellip;]<\/p>\n","protected":false},"featured_media":0,"comment_status":"open","ping_status":"closed","template":"","meta":[],"product_brand":[],"product_cat":[137],"product_tag":[],"class_list":{"0":"post-1861","1":"product","2":"type-product","3":"status-publish","5":"product_cat-maros-megyei-eletrajzi-lexikon","7":"first","8":"instock","9":"shipping-taxable","10":"product-type-simple"},"_links":{"self":[{"href":"https:\/\/uj.adatbank.ro\/lexikon\/wp-json\/wp\/v2\/product\/1861","targetHints":{"allow":["GET"]}}],"collection":[{"href":"https:\/\/uj.adatbank.ro\/lexikon\/wp-json\/wp\/v2\/product"}],"about":[{"href":"https:\/\/uj.adatbank.ro\/lexikon\/wp-json\/wp\/v2\/types\/product"}],"replies":[{"embeddable":true,"href":"https:\/\/uj.adatbank.ro\/lexikon\/wp-json\/wp\/v2\/comments?post=1861"}],"wp:attachment":[{"href":"https:\/\/uj.adatbank.ro\/lexikon\/wp-json\/wp\/v2\/media?parent=1861"}],"wp:term":[{"taxonomy":"product_brand","embeddable":true,"href":"https:\/\/uj.adatbank.ro\/lexikon\/wp-json\/wp\/v2\/product_brand?post=1861"},{"taxonomy":"product_cat","embeddable":true,"href":"https:\/\/uj.adatbank.ro\/lexikon\/wp-json\/wp\/v2\/product_cat?post=1861"},{"taxonomy":"product_tag","embeddable":true,"href":"https:\/\/uj.adatbank.ro\/lexikon\/wp-json\/wp\/v2\/product_tag?post=1861"}],"curies":[{"name":"wp","href":"https:\/\/api.w.org\/{rel}","templated":true}]}}

BAKALÓ Zoltán

<p>Mv., 1911. aug. 6., † ? : asztalos. – Felesége: Öllerer Margit. Fiúk: Zoltán. – Líc.-ot és szakiskolát végzett. A mv.-i cukorgyárban dolgozott, asztalos volt. A Nyilaskeresztes Párt mv.-i szervezetének vezetőségi tagja, vezette a munkásmozgalommal foglalkozó szekciót, amely tisztségben „intenzív nacionalista tevékenységet” fejtett ki (1940–44). A securitate megfigyeltette (1950 k. –). Mv.-en tartóztatták le, a vád: a társadalmi rend elleni tevékenység (1957. szept. 17.). A vád szerint már 1956 őszén „ellenséges agitációt folytatott, dicsőitette a fasiszta felkelőket”. A Faliboga-csoport m. vonalának kulcsembere. <br /><strong>Irod.:</strong> 1956 Erdélyben; Áldozatok; Bartos 2012; Bottoni 2006; Időtár 4.; Tófalvi 5.</br></p>

<p>Mv., 1911. aug. 6., † ? : asztalos. – Felesége: Öllerer Margit. Fiúk: Zoltán. – Líc.-ot és szakiskolát végzett. A mv.-i cukorgyárban dolgozott, asztalos volt. A Nyilaskeresztes Párt mv.-i szervezetének vezetőségi tagja, vezette a munkásmozgalommal foglalkozó szekciót, amely tisztségben „intenzív nacionalista tevékenységet” fejtett ki (1940–44). A securitate megfigyeltette (1950 k. –). Mv.-en tartóztatták le, a vád: [&hellip;]</p>
