{"id":18611,"date":"2025-07-16T10:58:45","date_gmt":"2025-07-16T08:58:45","guid":{"rendered":"https:\/\/uj.adatbank.ro\/lexikon\/termek\/popescu-olimpia\/"},"modified":"2025-07-16T10:58:45","modified_gmt":"2025-07-16T08:58:45","slug":"popescu-olimpia","status":"publish","type":"product","link":"https:\/\/uj.adatbank.ro\/lexikon\/termek\/popescu-olimpia\/","title":{"rendered":"POPESCU, Olimpia"},"content":{"rendered":"<p>Rahman, 1914., \u2020\u00a0?: latintan\u00e1r. \u2013 Dics\u00f3szentm\u00e1rton 1.-es \u00e9s 2-es sz. Liceumaiban tan\u00edtott. \u00c9ltan\u00e1r kit\u0171ntet\u00e9st kapott. <br \/><strong>Irod.:<\/strong> Omagiu<\/br><\/p>\n","protected":false},"excerpt":{"rendered":"<p>Rahman, 1914., \u2020\u00a0?: latintan\u00e1r. \u2013 Dics\u00f3szentm\u00e1rton 1.-es \u00e9s 2-es sz. Liceumaiban tan\u00edtott. \u00c9ltan\u00e1r kit\u0171ntet\u00e9st kapott. Irod.: Omagiu<\/p>\n","protected":false},"featured_media":0,"comment_status":"open","ping_status":"closed","template":"","meta":[],"product_brand":[],"product_cat":[137],"product_tag":[],"class_list":{"0":"post-18611","1":"product","2":"type-product","3":"status-publish","5":"product_cat-maros-megyei-eletrajzi-lexikon","7":"first","8":"instock","9":"shipping-taxable","10":"product-type-simple"},"_links":{"self":[{"href":"https:\/\/uj.adatbank.ro\/lexikon\/wp-json\/wp\/v2\/product\/18611","targetHints":{"allow":["GET"]}}],"collection":[{"href":"https:\/\/uj.adatbank.ro\/lexikon\/wp-json\/wp\/v2\/product"}],"about":[{"href":"https:\/\/uj.adatbank.ro\/lexikon\/wp-json\/wp\/v2\/types\/product"}],"replies":[{"embeddable":true,"href":"https:\/\/uj.adatbank.ro\/lexikon\/wp-json\/wp\/v2\/comments?post=18611"}],"wp:attachment":[{"href":"https:\/\/uj.adatbank.ro\/lexikon\/wp-json\/wp\/v2\/media?parent=18611"}],"wp:term":[{"taxonomy":"product_brand","embeddable":true,"href":"https:\/\/uj.adatbank.ro\/lexikon\/wp-json\/wp\/v2\/product_brand?post=18611"},{"taxonomy":"product_cat","embeddable":true,"href":"https:\/\/uj.adatbank.ro\/lexikon\/wp-json\/wp\/v2\/product_cat?post=18611"},{"taxonomy":"product_tag","embeddable":true,"href":"https:\/\/uj.adatbank.ro\/lexikon\/wp-json\/wp\/v2\/product_tag?post=18611"}],"curies":[{"name":"wp","href":"https:\/\/api.w.org\/{rel}","templated":true}]}}