{"id":18613,"date":"2025-07-16T10:58:48","date_gmt":"2025-07-16T08:58:48","guid":{"rendered":"https:\/\/uj.adatbank.ro\/lexikon\/termek\/popescu-petre\/"},"modified":"2025-07-16T10:58:48","modified_gmt":"2025-07-16T08:58:48","slug":"popescu-petre","status":"publish","type":"product","link":"https:\/\/uj.adatbank.ro\/lexikon\/termek\/popescu-petre\/","title":{"rendered":"POPESCU, Petre"},"content":{"rendered":"<p>Dr\u0103g\u0103ne\u015fti (Olt), 1906. j\u00fan. 24., \u2020 Marosorb\u00f3, 1944. okt. 1.: tan\u00edt\u00f3, h\u0151s. \u2013 A tan\u00edt\u00f3k\u00e9pz\u0151t Mv.-en v\u00e9gezte (1921\u201325). Tan\u00edtott Csergede, Sz\u00e9nas\u00e1gon, \u00e9s H\u00e9jjasfalv\u00e1n, Bac\u0103uban a tiszti iskol\u00e1ban (1937\u201339). Elesett a marosorb\u00f3i csat\u00e1ban. Kit\u0171ntet\u00e9k a Rom\u00e1n Korona Rend 4. oszt\u00e1ly\u00e1val \u00e9s el\u0151l\u00e9ptet\u00e9k post mortem; Maros megye hivataloss\u00e1gai utc\u00e1n neveztek el r\u00f3la. <br \/><strong>Irod.:<\/strong> M\u00e1th\u00e9 Levente; Suciu, Vasile: Eroul P. P. (C.L, 21. oct. 1999.)<\/br><\/p>\n","protected":false},"excerpt":{"rendered":"<p>Dr\u0103g\u0103ne\u015fti (Olt), 1906. j\u00fan. 24., \u2020 Marosorb\u00f3, 1944. okt. 1.: tan\u00edt\u00f3, h\u0151s. \u2013 A tan\u00edt\u00f3k\u00e9pz\u0151t Mv.-en v\u00e9gezte (1921\u201325). Tan\u00edtott Csergede, Sz\u00e9nas\u00e1gon, \u00e9s H\u00e9jjasfalv\u00e1n, Bac\u0103uban a tiszti iskol\u00e1ban (1937\u201339). Elesett a marosorb\u00f3i csat\u00e1ban. Kit\u0171ntet\u00e9k a Rom\u00e1n Korona Rend 4. oszt\u00e1ly\u00e1val \u00e9s el\u0151l\u00e9ptet\u00e9k post mortem; Maros megye hivataloss\u00e1gai utc\u00e1n neveztek el r\u00f3la. Irod.: M\u00e1th\u00e9 Levente; Suciu, Vasile: [&hellip;]<\/p>\n","protected":false},"featured_media":0,"comment_status":"open","ping_status":"closed","template":"","meta":[],"product_brand":[],"product_cat":[137],"product_tag":[],"class_list":{"0":"post-18613","1":"product","2":"type-product","3":"status-publish","5":"product_cat-maros-megyei-eletrajzi-lexikon","7":"first","8":"instock","9":"shipping-taxable","10":"product-type-simple"},"_links":{"self":[{"href":"https:\/\/uj.adatbank.ro\/lexikon\/wp-json\/wp\/v2\/product\/18613","targetHints":{"allow":["GET"]}}],"collection":[{"href":"https:\/\/uj.adatbank.ro\/lexikon\/wp-json\/wp\/v2\/product"}],"about":[{"href":"https:\/\/uj.adatbank.ro\/lexikon\/wp-json\/wp\/v2\/types\/product"}],"replies":[{"embeddable":true,"href":"https:\/\/uj.adatbank.ro\/lexikon\/wp-json\/wp\/v2\/comments?post=18613"}],"wp:attachment":[{"href":"https:\/\/uj.adatbank.ro\/lexikon\/wp-json\/wp\/v2\/media?parent=18613"}],"wp:term":[{"taxonomy":"product_brand","embeddable":true,"href":"https:\/\/uj.adatbank.ro\/lexikon\/wp-json\/wp\/v2\/product_brand?post=18613"},{"taxonomy":"product_cat","embeddable":true,"href":"https:\/\/uj.adatbank.ro\/lexikon\/wp-json\/wp\/v2\/product_cat?post=18613"},{"taxonomy":"product_tag","embeddable":true,"href":"https:\/\/uj.adatbank.ro\/lexikon\/wp-json\/wp\/v2\/product_tag?post=18613"}],"curies":[{"name":"wp","href":"https:\/\/api.w.org\/{rel}","templated":true}]}}

<p>Drăgăneşti (Olt), 1906. jún. 24., † Marosorbó, 1944. okt. 1.: tanító, hős. – A tanítóképzőt Mv.-en végezte (1921–25). Tanított Csergede, Szénaságon, és Héjjasfalván, Bacăuban a tiszti iskolában (1937–39). Elesett a marosorbói csatában. Kitűnteték a Román Korona Rend 4. osztályával és előlépteték post mortem; Maros megye hivatalosságai utcán neveztek el róla. <br /><strong>Irod.:</strong> Máthé Levente; Suciu, Vasile: Eroul P. P. (C.L, 21. oct. 1999.)</br></p>

<p>Drăgăneşti (Olt), 1906. jún. 24., † Marosorbó, 1944. okt. 1.: tanító, hős. – A tanítóképzőt Mv.-en végezte (1921–25). Tanított Csergede, Szénaságon, és Héjjasfalván, Bacăuban a tiszti iskolában (1937–39). Elesett a marosorbói csatában. Kitűnteték a Román Korona Rend 4. osztályával és előlépteték post mortem; Maros megye hivatalosságai utcán neveztek el róla. Irod.: Máthé Levente; Suciu, Vasile: [&hellip;]</p>
