{"id":18614,"date":"2025-07-16T10:58:53","date_gmt":"2025-07-16T08:58:53","guid":{"rendered":"https:\/\/uj.adatbank.ro\/lexikon\/termek\/popescu-simion\/"},"modified":"2025-07-16T10:58:53","modified_gmt":"2025-07-16T08:58:53","slug":"popescu-simion","status":"publish","type":"product","link":"https:\/\/uj.adatbank.ro\/lexikon\/termek\/popescu-simion\/","title":{"rendered":"POPESCU, Simion"},"content":{"rendered":"<p>Als\u00f3r\u00e9pa, 1848. aug. 6., \u2020 Buc., 1919. febr. 11.: ortodox lelk\u00e9sz, tan\u00e1r, publicista. \u2013 Elemi iskol\u00e1it sz\u00fcl\u0151faluj\u00e1ban , R\u00e9genben, Beszterc\u00e9n, a k\u00fcz\u00e9piskol\u00e1t Bal\u00e1zsfalv\u00e1n v\u00e9gezte (1870), azut\u00e1n a szebeni ortodox papneveld\u00e9be iratkozott be (1870\u2013), majd Lipcs\u00e9ben teol\u00f3gi\u00e1t \u00e9s filoz\u00f3fi\u00e1t tanult \u00e9s doktor\u00e1lt (1874\u2013). Visszat\u00e9rve Szebenbe (1877\u2013) szemin\u00e1riumi fel\u00fcgyel\u0151nek nevezt\u00e9k ki (1878), majd v\u00e9gleges tan\u00e1r a papneveld\u00e9ben (1882\u2013), Szeben esperese (1883\u201388), Buk.-ben a tan\u00edt\u00f3k\u00e9pz\u0151 int\u00e9zetben t\u00f6rt\u00e9nelem \u00e9s vall\u00e1s tan\u00e1r (1888\u20131900), az \u00c1llami K\u00f6zponti K\u00f6nyvt\u00e1r igazgat\u00f3ja (1891\u201394), a Sf.. Sava Liceum intern\u00e1tus\u00e1nak igazgat\u00f3ja (1894\u201395), kinevezt\u00e9k tan\u00e1rnak az egyetemi pedag\u00f3gia szemin\u00e1riumhoz (1900\u2013), ahonnan \u00e1tment a Gh. Laz\u0103r l\u00edceumhoz (1901\u201318).Tagja volt a Liga pentru Unitatea Cultural\u0103 a Rom\u00e2nilor-nak. Di\u00e1kkor\u00e1t\u00f3l k\u00f6z\u00f6lt a Constan\u0163a, Telegraful Rom\u00e2n, Tribuna \u2013 egy ideig szerkeszt\u0151je is, Revista Teologic\u0103-ban. \u2013 <strong>F. m.:<\/strong> Catehism pentru \u00eenv\u0103\u0163\u0103m\u00e2ntul religiunei drept credincioase r\u0103s\u0103ritene \u00een \u015fcoalele primare (Sibiu, 1880); Geneza evangheliilor (Sibiu, 1880); Puen\u0163a \u00een Nicaeno-Constantinopolitanum (Sibiu, 1881); Desvoltarea primatumului papal (Sibiu, 1882); Metodica special\u0103 a studiului religiei \u00een \u015fcoalele poporale (Sibiu, 1882); Pov\u0103\u0163uitorul (Buc., 1894); Conduc\u0103tor la citirea \u015fi explicarea evangheliilor (1898); Explicarea evangheliilor (1898); Morala cre\u015ftin\u0103 (B\u00e2rlad, 1898); Catechism (Sibiu, 1902); Istoria bisericei rom\u00e2ne (Buc., 1903); Explicarea Evangheliilor duminicale \u015fi ale s\u0103rb\u0103torilor \u00eemp\u0103r\u0103te\u015fti (Sibiu, 1905); Memoriu (1906); Septuaginta \u015fi textul evreesc al Testamentului ( 1908); \u201dAncora\u201d (Oravi\u0163a, 1909); Int\u00e2mpinarea (Buc., 1909); O pagin\u0103 neagr\u0103 \u00een istoria bisericii rom\u00e2ne ortodoxe din Transilvania \u015fi Ungaria (1910); Orodoxia \u015fi na\u0163ionaliatea rom\u00e2n\u0103 (1910), Cartea \u0163\u0103ranului rom\u00e2n (Caransebe\u015f, 1912); Leg\u0103turile bisericei noastre cu patriarhia de Constatinopol (Buc., 1915); Originea ierarchiei biserice\u015fti (1920); Canonul Muratori (1921); Evangheliile apocrife (1921); Momente din timpuri mari cu oameni mici (Lugoj, s.a.); <strong>t\u00e1rssz.:<\/strong> Istoria bisericii rom\u00e2ne (Buc., 1902). <br \/><strong>Irod.:<\/strong> P\u0103curariu; Predescu; Rosetti, Dimitrie : Dic\u0163ionarul contimporanilor (Buc., 1898); Szinnyei; Todea 2013<\/br><\/p>\n","protected":false},"excerpt":{"rendered":"<p>Als\u00f3r\u00e9pa, 1848. aug. 6., \u2020 Buc., 1919. febr. 11.: ortodox lelk\u00e9sz, tan\u00e1r, publicista. \u2013 Elemi iskol\u00e1it sz\u00fcl\u0151faluj\u00e1ban , R\u00e9genben, Beszterc\u00e9n, a k\u00fcz\u00e9piskol\u00e1t Bal\u00e1zsfalv\u00e1n v\u00e9gezte (1870), azut\u00e1n a szebeni ortodox papneveld\u00e9be iratkozott be (1870\u2013), majd Lipcs\u00e9ben teol\u00f3gi\u00e1t \u00e9s filoz\u00f3fi\u00e1t tanult \u00e9s doktor\u00e1lt (1874\u2013). Visszat\u00e9rve Szebenbe (1877\u2013) szemin\u00e1riumi fel\u00fcgyel\u0151nek nevezt\u00e9k ki (1878), majd v\u00e9gleges tan\u00e1r a papneveld\u00e9ben [&hellip;]<\/p>\n","protected":false},"featured_media":0,"comment_status":"open","ping_status":"closed","template":"","meta":[],"product_brand":[],"product_cat":[137],"product_tag":[],"class_list":{"0":"post-18614","1":"product","2":"type-product","3":"status-publish","5":"product_cat-maros-megyei-eletrajzi-lexikon","7":"first","8":"instock","9":"shipping-taxable","10":"product-type-simple"},"_links":{"self":[{"href":"https:\/\/uj.adatbank.ro\/lexikon\/wp-json\/wp\/v2\/product\/18614","targetHints":{"allow":["GET"]}}],"collection":[{"href":"https:\/\/uj.adatbank.ro\/lexikon\/wp-json\/wp\/v2\/product"}],"about":[{"href":"https:\/\/uj.adatbank.ro\/lexikon\/wp-json\/wp\/v2\/types\/product"}],"replies":[{"embeddable":true,"href":"https:\/\/uj.adatbank.ro\/lexikon\/wp-json\/wp\/v2\/comments?post=18614"}],"wp:attachment":[{"href":"https:\/\/uj.adatbank.ro\/lexikon\/wp-json\/wp\/v2\/media?parent=18614"}],"wp:term":[{"taxonomy":"product_brand","embeddable":true,"href":"https:\/\/uj.adatbank.ro\/lexikon\/wp-json\/wp\/v2\/product_brand?post=18614"},{"taxonomy":"product_cat","embeddable":true,"href":"https:\/\/uj.adatbank.ro\/lexikon\/wp-json\/wp\/v2\/product_cat?post=18614"},{"taxonomy":"product_tag","embeddable":true,"href":"https:\/\/uj.adatbank.ro\/lexikon\/wp-json\/wp\/v2\/product_tag?post=18614"}],"curies":[{"name":"wp","href":"https:\/\/api.w.org\/{rel}","templated":true}]}}