{"id":18616,"date":"2025-07-16T10:58:59","date_gmt":"2025-07-16T08:58:59","guid":{"rendered":"https:\/\/uj.adatbank.ro\/lexikon\/termek\/popescu-tivadar-teodor\/"},"modified":"2025-07-16T10:58:59","modified_gmt":"2025-07-16T08:58:59","slug":"popescu-tivadar-teodor","status":"publish","type":"product","link":"https:\/\/uj.adatbank.ro\/lexikon\/termek\/popescu-tivadar-teodor\/","title":{"rendered":"POPESCU Tivadar, Teodor"},"content":{"rendered":"<p>Marosliget, 1881. j\u00fan. 16., \u2020\u00a0Kv., 1926. febr. 14: jog\u00e1sz. \u2013 Mv.-en tanult a Ref. Koll.-ban, jogot Kv.-on a FJTE-en (1901\u201306), jogi doktor\u00e1tus szerzett (1906. m\u00e1j. 26.). \u00dcgyv\u00e9di irod\u00e1t nyitott Sz\u00e1szr\u00e9genben \u00e9s egy ideig Farag\u00f3n. ASTRA tag, a Mure\u015fiana Hitelint\u00e9zet ellen\u0151rz\u0151 bizotts\u00e1g\u00e1nak, a fogarasi Furnica Takar\u00e9kp\u00e9nzt\u00e1r vezet\u0151tan\u00e1cs\u00e1nak tagja. Vil\u00e1gi k\u00fcld\u00f6tte a fogarasi f\u0151esperesi szin\u00f3dusnak (1903\u201305). A Fogaras vm.-i Rom\u00e1n Klub tagja (1913). A r\u00e9geni \u00e9s gernyeszegi v\u00e1laszt\u00f3ker\u00fcletben nagygy\u0171l\u00e9seket szervezett az \u00e1ltal\u00e1nos v\u00e1lasztoj\u00f3g kiterjeszt\u00e9se \u00fcgy\u00e9ben, a korm\u00e1ny tan\u00fcgyi reformtervezete ellen. R\u00e9szt vett a gyulafeh\u00e9rv\u00e1ri nemzetgy\u0171l\u00e9sen (1918. dec. 1.). Tagja a megyei fegyelmi bizotts\u00e1gnak valamint a k\u00f6zigazgat\u00e1si bizotts\u00e1gnak. B\u00edr\u00f3 a kv.-i t\u00f6rv\u00e9nysz\u00e9ken, majd \u00fcgyv\u00e9d, jogtan\u00e1csosa az ortodox egyh\u00e1zmegyei tan\u00e1csnak, a Vatra Hitelint\u00e9zet \u00e9s Takar\u00e9kp\u00e9nzt\u00e1r fel\u00fcgyel\u0151bizotts\u00e1gi tagja.- <strong>F. m.:<\/strong> Doi datornici (s.l, s.a.).<br \/><strong>Irod.:<\/strong> Sigmirean; Todea 2013<\/br><\/p>\n","protected":false},"excerpt":{"rendered":"<p>Marosliget, 1881. j\u00fan. 16., \u2020\u00a0Kv., 1926. febr. 14: jog\u00e1sz. \u2013 Mv.-en tanult a Ref. Koll.-ban, jogot Kv.-on a FJTE-en (1901\u201306), jogi doktor\u00e1tus szerzett (1906. m\u00e1j. 26.). \u00dcgyv\u00e9di irod\u00e1t nyitott Sz\u00e1szr\u00e9genben \u00e9s egy ideig Farag\u00f3n. ASTRA tag, a Mure\u015fiana Hitelint\u00e9zet ellen\u0151rz\u0151 bizotts\u00e1g\u00e1nak, a fogarasi Furnica Takar\u00e9kp\u00e9nzt\u00e1r vezet\u0151tan\u00e1cs\u00e1nak tagja. Vil\u00e1gi k\u00fcld\u00f6tte a fogarasi f\u0151esperesi szin\u00f3dusnak (1903\u201305). A [&hellip;]<\/p>\n","protected":false},"featured_media":0,"comment_status":"open","ping_status":"closed","template":"","meta":[],"product_brand":[],"product_cat":[137],"product_tag":[],"class_list":{"0":"post-18616","1":"product","2":"type-product","3":"status-publish","5":"product_cat-maros-megyei-eletrajzi-lexikon","7":"first","8":"instock","9":"shipping-taxable","10":"product-type-simple"},"_links":{"self":[{"href":"https:\/\/uj.adatbank.ro\/lexikon\/wp-json\/wp\/v2\/product\/18616","targetHints":{"allow":["GET"]}}],"collection":[{"href":"https:\/\/uj.adatbank.ro\/lexikon\/wp-json\/wp\/v2\/product"}],"about":[{"href":"https:\/\/uj.adatbank.ro\/lexikon\/wp-json\/wp\/v2\/types\/product"}],"replies":[{"embeddable":true,"href":"https:\/\/uj.adatbank.ro\/lexikon\/wp-json\/wp\/v2\/comments?post=18616"}],"wp:attachment":[{"href":"https:\/\/uj.adatbank.ro\/lexikon\/wp-json\/wp\/v2\/media?parent=18616"}],"wp:term":[{"taxonomy":"product_brand","embeddable":true,"href":"https:\/\/uj.adatbank.ro\/lexikon\/wp-json\/wp\/v2\/product_brand?post=18616"},{"taxonomy":"product_cat","embeddable":true,"href":"https:\/\/uj.adatbank.ro\/lexikon\/wp-json\/wp\/v2\/product_cat?post=18616"},{"taxonomy":"product_tag","embeddable":true,"href":"https:\/\/uj.adatbank.ro\/lexikon\/wp-json\/wp\/v2\/product_tag?post=18616"}],"curies":[{"name":"wp","href":"https:\/\/api.w.org\/{rel}","templated":true}]}}

<p>Marosliget, 1881. jún. 16., † Kv., 1926. febr. 14: jogász. – Mv.-en tanult a Ref. Koll.-ban, jogot Kv.-on a FJTE-en (1901–06), jogi doktorátus szerzett (1906. máj. 26.). Ügyvédi irodát nyitott Szászrégenben és egy ideig Faragón. ASTRA tag, a Mureşiana Hitelintézet ellenőrző bizottságának, a fogarasi Furnica Takarékpénztár vezetőtanácsának tagja. Világi küldötte a fogarasi főesperesi szinódusnak (1903–05). A Fogaras vm.-i Román Klub tagja (1913). A régeni és gernyeszegi választókerületben nagygyűléseket szervezett az általános választojóg kiterjesztése ügyében, a kormány tanügyi reformtervezete ellen. Részt vett a gyulafehérvári nemzetgyűlésen (1918. dec. 1.). Tagja a megyei fegyelmi bizottságnak valamint a közigazgatási bizottságnak. Bíró a kv.-i törvényszéken, majd ügyvéd, jogtanácsosa az ortodox egyházmegyei tanácsnak, a Vatra Hitelintézet és Takarékpénztár felügyelőbizottsági tagja.- <strong>F. m.:</strong> Doi datornici (s.l, s.a.).<br /><strong>Irod.:</strong> Sigmirean; Todea 2013</br></p>

<p>Marosliget, 1881. jún. 16., † Kv., 1926. febr. 14: jogász. – Mv.-en tanult a Ref. Koll.-ban, jogot Kv.-on a FJTE-en (1901–06), jogi doktorátus szerzett (1906. máj. 26.). Ügyvédi irodát nyitott Szászrégenben és egy ideig Faragón. ASTRA tag, a Mureşiana Hitelintézet ellenőrző bizottságának, a fogarasi Furnica Takarékpénztár vezetőtanácsának tagja. Világi küldötte a fogarasi főesperesi szinódusnak (1903–05). A [&hellip;]</p>
