{"id":18630,"date":"2025-07-16T10:59:30","date_gmt":"2025-07-16T08:59:30","guid":{"rendered":"https:\/\/uj.adatbank.ro\/lexikon\/termek\/popovici-ioan-pop-ioan\/"},"modified":"2025-07-16T10:59:30","modified_gmt":"2025-07-16T08:59:30","slug":"popovici-ioan-pop-ioan","status":"publish","type":"product","link":"https:\/\/uj.adatbank.ro\/lexikon\/termek\/popovici-ioan-pop-ioan\/","title":{"rendered":"POPOVICI, Ioan, Pop Ioan"},"content":{"rendered":"<p>1814., \u2020 Marosliget, 1854. nov. 10.: g. kat. pap. \u2013 Marosligetben szolg\u00e1lt (1840\u201354). A forradalom ut\u00e1n csal\u00e1dnev\u00e9t csak Pop-nak haszn\u00e1lta (1848\u2013). <br \/><strong>Irod.:<\/strong> Dobozi<\/br><\/p>\n","protected":false},"excerpt":{"rendered":"<p>1814., \u2020 Marosliget, 1854. nov. 10.: g. kat. pap. \u2013 Marosligetben szolg\u00e1lt (1840\u201354). A forradalom ut\u00e1n csal\u00e1dnev\u00e9t csak Pop-nak haszn\u00e1lta (1848\u2013). Irod.: Dobozi<\/p>\n","protected":false},"featured_media":0,"comment_status":"open","ping_status":"closed","template":"","meta":[],"product_brand":[],"product_cat":[137],"product_tag":[],"class_list":{"0":"post-18630","1":"product","2":"type-product","3":"status-publish","5":"product_cat-maros-megyei-eletrajzi-lexikon","7":"first","8":"instock","9":"shipping-taxable","10":"product-type-simple"},"_links":{"self":[{"href":"https:\/\/uj.adatbank.ro\/lexikon\/wp-json\/wp\/v2\/product\/18630","targetHints":{"allow":["GET"]}}],"collection":[{"href":"https:\/\/uj.adatbank.ro\/lexikon\/wp-json\/wp\/v2\/product"}],"about":[{"href":"https:\/\/uj.adatbank.ro\/lexikon\/wp-json\/wp\/v2\/types\/product"}],"replies":[{"embeddable":true,"href":"https:\/\/uj.adatbank.ro\/lexikon\/wp-json\/wp\/v2\/comments?post=18630"}],"wp:attachment":[{"href":"https:\/\/uj.adatbank.ro\/lexikon\/wp-json\/wp\/v2\/media?parent=18630"}],"wp:term":[{"taxonomy":"product_brand","embeddable":true,"href":"https:\/\/uj.adatbank.ro\/lexikon\/wp-json\/wp\/v2\/product_brand?post=18630"},{"taxonomy":"product_cat","embeddable":true,"href":"https:\/\/uj.adatbank.ro\/lexikon\/wp-json\/wp\/v2\/product_cat?post=18630"},{"taxonomy":"product_tag","embeddable":true,"href":"https:\/\/uj.adatbank.ro\/lexikon\/wp-json\/wp\/v2\/product_tag?post=18630"}],"curies":[{"name":"wp","href":"https:\/\/api.w.org\/{rel}","templated":true}]}}