{"id":18640,"date":"2025-07-16T10:59:51","date_gmt":"2025-07-16T08:59:51","guid":{"rendered":"https:\/\/uj.adatbank.ro\/lexikon\/termek\/popovici-toader-zugrav\/"},"modified":"2025-07-16T10:59:51","modified_gmt":"2025-07-16T08:59:51","slug":"popovici-toader-zugrav","status":"publish","type":"product","link":"https:\/\/uj.adatbank.ro\/lexikon\/termek\/popovici-toader-zugrav\/","title":{"rendered":"POPOVICI, Toader, Zugrav"},"content":{"rendered":"<p>? \u2020\u00a0?: templomfest\u0151, ikonfest\u0151. \u2013 Fo\u015fani- i ikonfest\u0151. A mez\u0151banyicai fest\u0151iskol\u00e1ban, f\u0151leg az Erd\u00e9lyi Mez\u0151s\u00e9gen \u00e9s R\u00e9gen vid\u00e9k\u00e9n dolgozott (a 18. sz utols\u00f3 k\u00e9t \u00e9vtized\u00e9ben). Sok templom bels\u0151 fest\u00e9s\u00e9t v\u00e9gezte el, megeml\u00edt\u0151k: a sz\u00e1szr\u00e9geni fatemplom ikonjai (1748\u20131760), a Laposnyai (val\u00f3sz\u00edn\u0171leg 1779\u201380), amely jelenleg t\u00f6rt\u00e9nelmi eml\u00e9km\u0171nek van nyilv\u00e1n\u00edtva; a b\u00e1nffytanyai Szt. Arkangyal fatemplom ikonjai \u00e9s ajt\u00f3i (1781), a teke\u00fajfalvi (1781); Nagyszederjesi (18.sz. v\u00e9ge, 19.sz. eleje); a sz\u00e1lteleki fatemplom ikonjai (1787), a fels\u0151oroszi (1793\u201397), az als\u00f3oroszi (1796), maross\u00e1rpataki fatemplom Sz\u0171z-M\u00e1ria tisztelet\u00e9re festett ajt\u00f3it \u00e9s ikonjai (1799), a laposnyai Szt. Mikl\u00f3s fatemplom falain l\u00e9v\u0151 ikonok, a nagyszederjesi Szt. Mikl\u00f3s fatemplomo, az als\u00f3oroszi Szt. Arkangyal fatemplom ikonja (1808) \u00e9s a fels\u0151oroszi Szt. H\u00e1roms\u00e1g fatemplom ikonjai , a kisszederjesi Szt. Mih\u00e1ly arkangyal falaira festett ikonok (1802\u201315), a mez\u0151majosi fatemplom falfestm\u00e9nyeib\u0151l is ma m\u00e9g tal\u00e1lhat\u00f3k r\u00e9szletek, amelyeket felethet\u0151en \u0151 festett. Kiemelked\u0151ek az als\u00f3oroszi k\u00e9t Deisis (1795, a m\u00e1sodik 1808) \u00e9s a mez\u0151harasztosi al\u00e1\u00edrt \u00e9s d\u00e1tumozott: A szentl\u00e9lek al\u00e1sz\u00e1ll\u00e1sa; Eluesa Sz\u0171zanya; Mih\u00e1ly arkangyal (1783) c. munk\u00e1i <br \/><strong>Irod.:<\/strong> Dumitrescu, Raluca Marilea: Pictura bisericu\u0163ei de lemn de la Reghin (Vatra veche, nr. 9., 2009); Man; Regh. cult. 9.; Reghin, Protopopiat; Todea 2013<\/br><\/p>\n","protected":false},"excerpt":{"rendered":"<p>? \u2020\u00a0?: templomfest\u0151, ikonfest\u0151. \u2013 Fo\u015fani- i ikonfest\u0151. A mez\u0151banyicai fest\u0151iskol\u00e1ban, f\u0151leg az Erd\u00e9lyi Mez\u0151s\u00e9gen \u00e9s R\u00e9gen vid\u00e9k\u00e9n dolgozott (a 18. sz utols\u00f3 k\u00e9t \u00e9vtized\u00e9ben). Sok templom bels\u0151 fest\u00e9s\u00e9t v\u00e9gezte el, megeml\u00edt\u0151k: a sz\u00e1szr\u00e9geni fatemplom ikonjai (1748\u20131760), a Laposnyai (val\u00f3sz\u00edn\u0171leg 1779\u201380), amely jelenleg t\u00f6rt\u00e9nelmi eml\u00e9km\u0171nek van nyilv\u00e1n\u00edtva; a b\u00e1nffytanyai Szt. Arkangyal fatemplom ikonjai \u00e9s ajt\u00f3i [&hellip;]<\/p>\n","protected":false},"featured_media":0,"comment_status":"open","ping_status":"closed","template":"","meta":[],"product_brand":[],"product_cat":[137],"product_tag":[],"class_list":{"0":"post-18640","1":"product","2":"type-product","3":"status-publish","5":"product_cat-maros-megyei-eletrajzi-lexikon","7":"first","8":"instock","9":"shipping-taxable","10":"product-type-simple"},"_links":{"self":[{"href":"https:\/\/uj.adatbank.ro\/lexikon\/wp-json\/wp\/v2\/product\/18640","targetHints":{"allow":["GET"]}}],"collection":[{"href":"https:\/\/uj.adatbank.ro\/lexikon\/wp-json\/wp\/v2\/product"}],"about":[{"href":"https:\/\/uj.adatbank.ro\/lexikon\/wp-json\/wp\/v2\/types\/product"}],"replies":[{"embeddable":true,"href":"https:\/\/uj.adatbank.ro\/lexikon\/wp-json\/wp\/v2\/comments?post=18640"}],"wp:attachment":[{"href":"https:\/\/uj.adatbank.ro\/lexikon\/wp-json\/wp\/v2\/media?parent=18640"}],"wp:term":[{"taxonomy":"product_brand","embeddable":true,"href":"https:\/\/uj.adatbank.ro\/lexikon\/wp-json\/wp\/v2\/product_brand?post=18640"},{"taxonomy":"product_cat","embeddable":true,"href":"https:\/\/uj.adatbank.ro\/lexikon\/wp-json\/wp\/v2\/product_cat?post=18640"},{"taxonomy":"product_tag","embeddable":true,"href":"https:\/\/uj.adatbank.ro\/lexikon\/wp-json\/wp\/v2\/product_tag?post=18640"}],"curies":[{"name":"wp","href":"https:\/\/api.w.org\/{rel}","templated":true}]}}