{"id":1865,"date":"2025-06-28T11:55:45","date_gmt":"2025-06-28T09:55:45","guid":{"rendered":"https:\/\/uj.adatbank.ro\/lexikon\/termek\/bakcsi-jozsef-albisi-bakcsy-jozsef\/"},"modified":"2025-06-28T11:55:45","modified_gmt":"2025-06-28T09:55:45","slug":"bakcsi-jozsef-albisi-bakcsy-jozsef","status":"publish","type":"product","link":"https:\/\/uj.adatbank.ro\/lexikon\/termek\/bakcsi-jozsef-albisi-bakcsy-jozsef\/","title":{"rendered":"BAKCSI J\u00f3zsef, albisi, Bakcsy J\u00f3zsef"},"content":{"rendered":"<p>1828.?, \u2020 Mv., 1872. m\u00e1rc. 8.: jog\u00e1sz, honv\u00e9d \u0151rnagy. \u2013 Mv.-en kir. t\u00f6rv\u00e9nysz\u00e9ki b\u00edr\u00f3, tan\u00e1csos a kir. t\u00e1bl-n\u00e1l. A mv.-i honv\u00e9degylet bizotts\u00e1got hozott l\u00e9tre Bem szobor fel\u00e1ll\u00edt\u00e1sa c\u00e9lj\u00e1b\u00f3l (1868. szept. 20.), eln\u00f6k Szab\u00f3 J\u00e1nos honv\u00e9d \u0151rnagy, jegyz\u0151je B. J. <br \/><strong>Irod.:<\/strong> Gy\u00e1szjelent\u0151; P\u00e1lmay J\u00f3zsef; Szentgy\u00f6rgyi<\/br><\/p>\n","protected":false},"excerpt":{"rendered":"<p>1828.?, \u2020 Mv., 1872. m\u00e1rc. 8.: jog\u00e1sz, honv\u00e9d \u0151rnagy. \u2013 Mv.-en kir. t\u00f6rv\u00e9nysz\u00e9ki b\u00edr\u00f3, tan\u00e1csos a kir. t\u00e1bl-n\u00e1l. A mv.-i honv\u00e9degylet bizotts\u00e1got hozott l\u00e9tre Bem szobor fel\u00e1ll\u00edt\u00e1sa c\u00e9lj\u00e1b\u00f3l (1868. szept. 20.), eln\u00f6k Szab\u00f3 J\u00e1nos honv\u00e9d \u0151rnagy, jegyz\u0151je B. J. Irod.: Gy\u00e1szjelent\u0151; P\u00e1lmay J\u00f3zsef; Szentgy\u00f6rgyi<\/p>\n","protected":false},"featured_media":0,"comment_status":"open","ping_status":"closed","template":"","meta":[],"product_brand":[],"product_cat":[137],"product_tag":[],"class_list":{"0":"post-1865","1":"product","2":"type-product","3":"status-publish","5":"product_cat-maros-megyei-eletrajzi-lexikon","7":"first","8":"instock","9":"shipping-taxable","10":"product-type-simple"},"_links":{"self":[{"href":"https:\/\/uj.adatbank.ro\/lexikon\/wp-json\/wp\/v2\/product\/1865","targetHints":{"allow":["GET"]}}],"collection":[{"href":"https:\/\/uj.adatbank.ro\/lexikon\/wp-json\/wp\/v2\/product"}],"about":[{"href":"https:\/\/uj.adatbank.ro\/lexikon\/wp-json\/wp\/v2\/types\/product"}],"replies":[{"embeddable":true,"href":"https:\/\/uj.adatbank.ro\/lexikon\/wp-json\/wp\/v2\/comments?post=1865"}],"wp:attachment":[{"href":"https:\/\/uj.adatbank.ro\/lexikon\/wp-json\/wp\/v2\/media?parent=1865"}],"wp:term":[{"taxonomy":"product_brand","embeddable":true,"href":"https:\/\/uj.adatbank.ro\/lexikon\/wp-json\/wp\/v2\/product_brand?post=1865"},{"taxonomy":"product_cat","embeddable":true,"href":"https:\/\/uj.adatbank.ro\/lexikon\/wp-json\/wp\/v2\/product_cat?post=1865"},{"taxonomy":"product_tag","embeddable":true,"href":"https:\/\/uj.adatbank.ro\/lexikon\/wp-json\/wp\/v2\/product_tag?post=1865"}],"curies":[{"name":"wp","href":"https:\/\/api.w.org\/{rel}","templated":true}]}}