{"id":18661,"date":"2025-07-16T11:00:43","date_gmt":"2025-07-16T09:00:43","guid":{"rendered":"https:\/\/uj.adatbank.ro\/lexikon\/termek\/popp-gyorgy\/"},"modified":"2025-07-16T11:00:43","modified_gmt":"2025-07-16T09:00:43","slug":"popp-gyorgy","status":"publish","type":"product","link":"https:\/\/uj.adatbank.ro\/lexikon\/termek\/popp-gyorgy\/","title":{"rendered":"POPP Gy\u00f6rgy"},"content":{"rendered":"<p>Vajdakuta, 1842. febr. 12., \u2020\u00a0?\u00a0: p\u00e9nz\u00fcgyigazgat\u00f3, kir. tan\u00e1csos. \u2013 A gimn\u00e1ziumot Mv., Medgyesen, Nagyszebenben \u00e9s Bal\u00e1zsfalv\u00e1n, a jogot Nagyszebenben v\u00e9gezte, ahol gyakornok lett (1867) a p\u00e9nz\u00fcgyigazgat\u00f3s\u00e1gn\u00e1l; Kv-ra helyezt\u00e9k \u00e1t (1863) hol fogalmaz\u00f3, titk\u00e1r \u00e9s az illet\u00e9k meg\u00e1llap\u00edt\u00e1s\u00e1nak f\u0151n\u00f6ke lett Gyulafeh\u00e9rv\u00e1rt; p\u00e9nz\u00fcgyigazgat\u00f3 Nagyenyeden (1889); \u00e1thelyezt\u00e9k Nyiregyh\u00e1z\u00e1ra (1894); kir. tan\u00e1csos lett (1897). \u00cdrt az \u00c1llami Tisztvisel\u0151k Lapj\u00e1ba. \u2013 <strong>F. m.:<\/strong> Indreptar practic \u00een toate afacerile financiare&#8230; 1878. (Gyakorlati \u00fatmutat\u00e1s az \u00f6sszes p\u00e9nz\u00fcgyi k\u00e9rd\u00e9sekben.); Az illet\u00e9k-egyen\u00e9rt\u00e9k (equivalens-ad\u00f3) \u00fatmutat\u00f3ja. (Gyulafeh\u00e9rv\u00e1r, 1881). (Ugyanez rom\u00e1nul is.); A k\u00f6zs\u00e9gi illet\u00e9kkezel\u00e9s gyakorlati \u00fatmutat\u00f3ja az 1881. \u00e9vi t\u00f6rv\u00e9nyek \u00e9s szab\u00e1lyrendeletek alapj\u00e1n \u00f6ssze\u00e1ll\u00edtva \u00e9s gyakorlati p\u00e9ld\u00e1kkal ell\u00e1tva k\u00f6zs\u00e9gi el\u0151lj\u00e1r\u00f3k, k\u00f6rjegyz\u0151k, v\u00e1rosi tan\u00e1csosok \u00e9s mag\u00e1nfelek sz\u00e1m\u00e1ra. (Gyulafeh\u00e9rv\u00e1r, 1882); B\u00e9lyeg- \u00e9s illet\u00e9kek, valamint a k\u00f6zs\u00e9gi illet\u00e9kkezel\u00e9s \u00fatmutat\u00f3ja. K\u00e9zik\u00f6nyv a jelenleg \u00e9rv\u00e9nyben lev\u0151 t\u00f6rv\u00e9nyek \u00e9s szab\u00e1lyok alapj\u00e1n \u00f6ssze\u00e1ll\u00edtva \u00e9s gyakorlati p\u00e9ld\u00e1kkal \u00e9s ir\u00e1lymint\u00e1kkal ell\u00e1tva. (Gyulafeh\u00e9rv\u00e1r, 1883, 1899); B\u00e9lyeg- \u00e9s illet\u00e9ki szab\u00e1lyok kivonatos gy\u0171jtem\u00e9nye f\u0151tekintettel azoknak mik\u00e9nti csoportos\u00edt\u00e1s\u00e1ra. (Gyulafeh\u00e9rv\u00e1r, \u00e9v n.); Az egyenes ad\u00f3k ismertet\u00e9se \u00e9s a k\u00f6zs\u00e9gi ad\u00f3kezel\u00e9s k\u00e9zik\u00f6nyve. (Nyiregyh\u00e1za, 1895). <br \/><strong>Irod.:<\/strong> Szinnyei< Todea\u2013F\u00fcl\u00f6p\u2013Avram<\/br><\/p>\n","protected":false},"excerpt":{"rendered":"<p>Vajdakuta, 1842. febr. 12., \u2020\u00a0?\u00a0: p\u00e9nz\u00fcgyigazgat\u00f3, kir. tan\u00e1csos. \u2013 A gimn\u00e1ziumot Mv., Medgyesen, Nagyszebenben \u00e9s Bal\u00e1zsfalv\u00e1n, a jogot Nagyszebenben v\u00e9gezte, ahol gyakornok lett (1867) a p\u00e9nz\u00fcgyigazgat\u00f3s\u00e1gn\u00e1l; Kv-ra helyezt\u00e9k \u00e1t (1863) hol fogalmaz\u00f3, titk\u00e1r \u00e9s az illet\u00e9k meg\u00e1llap\u00edt\u00e1s\u00e1nak f\u0151n\u00f6ke lett Gyulafeh\u00e9rv\u00e1rt; p\u00e9nz\u00fcgyigazgat\u00f3 Nagyenyeden (1889); \u00e1thelyezt\u00e9k Nyiregyh\u00e1z\u00e1ra (1894); kir. tan\u00e1csos lett (1897). \u00cdrt az \u00c1llami Tisztvisel\u0151k Lapj\u00e1ba. [&hellip;]<\/p>\n","protected":false},"featured_media":0,"comment_status":"open","ping_status":"closed","template":"","meta":[],"product_brand":[],"product_cat":[137],"product_tag":[],"class_list":{"0":"post-18661","1":"product","2":"type-product","3":"status-publish","5":"product_cat-maros-megyei-eletrajzi-lexikon","7":"first","8":"instock","9":"shipping-taxable","10":"product-type-simple"},"_links":{"self":[{"href":"https:\/\/uj.adatbank.ro\/lexikon\/wp-json\/wp\/v2\/product\/18661","targetHints":{"allow":["GET"]}}],"collection":[{"href":"https:\/\/uj.adatbank.ro\/lexikon\/wp-json\/wp\/v2\/product"}],"about":[{"href":"https:\/\/uj.adatbank.ro\/lexikon\/wp-json\/wp\/v2\/types\/product"}],"replies":[{"embeddable":true,"href":"https:\/\/uj.adatbank.ro\/lexikon\/wp-json\/wp\/v2\/comments?post=18661"}],"wp:attachment":[{"href":"https:\/\/uj.adatbank.ro\/lexikon\/wp-json\/wp\/v2\/media?parent=18661"}],"wp:term":[{"taxonomy":"product_brand","embeddable":true,"href":"https:\/\/uj.adatbank.ro\/lexikon\/wp-json\/wp\/v2\/product_brand?post=18661"},{"taxonomy":"product_cat","embeddable":true,"href":"https:\/\/uj.adatbank.ro\/lexikon\/wp-json\/wp\/v2\/product_cat?post=18661"},{"taxonomy":"product_tag","embeddable":true,"href":"https:\/\/uj.adatbank.ro\/lexikon\/wp-json\/wp\/v2\/product_tag?post=18661"}],"curies":[{"name":"wp","href":"https:\/\/api.w.org\/{rel}","templated":true}]}}